{"id":466,"date":"2024-11-20T20:22:08","date_gmt":"2024-11-20T19:22:08","guid":{"rendered":"https:\/\/blogg.folkuniversitetet.nu\/zhaoya\/?page_id=466"},"modified":"2024-11-20T20:22:08","modified_gmt":"2024-11-20T19:22:08","slug":"ht2024_a1del1_20241118","status":"publish","type":"page","link":"https:\/\/blogg.folkuniversitetet.nu\/zhaoya\/ht2024_a1del1_20241118\/","title":{"rendered":"HT2024_A1Del1_20241118"},"content":{"rendered":"<p>Vi b\u00f6rjade idag med att review ord vi har l\u00e4rt oss fr\u00e5n de tidigare lektionerna <a href=\"http:\/\/blogg.folkuniversitetet.nu\/zhaoya\/files\/2024\/11\/word-list.pdf\">word list<\/a>.<\/p>\n<p>Sedan skapade vi gushi (story, ber\u00e4ttelser) av dessa ord.<\/p>\n<p>Gushi (story) leixing (genre): xiju (komedi), kongbu (skr\u00e4ck), xiangxiang (fantasi), ertong (barn), zizhuan (biografi), langman (romance).<\/p>\n<p>Sedan l\u00e4ste vi unit 0.3 (sidor 11-12) och gjorde \u00f6vers\u00e4ttning av den.<\/p>\n","protected":false},"excerpt":{"rendered":"<p>Vi b\u00f6rjade idag med att review ord vi har l\u00e4rt oss fr\u00e5n de tidigare lektionerna word list. Sedan skapade vi gushi (story, ber\u00e4ttelser) av dessa ord. Gushi (story) leixing (genre): xiju (komedi), kongbu (skr\u00e4ck), xiangxiang (fantasi), ertong (barn), zizhuan (biografi), langman (romance). Sedan l\u00e4ste vi unit 0.3 (sidor 11-12) och gjorde \u00f6vers\u00e4ttning av den.<\/p>\n","protected":false},"author":922,"featured_media":0,"parent":0,"menu_order":0,"comment_status":"closed","ping_status":"closed","template":"","meta":{"footnotes":""},"class_list":["post-466","page","type-page","status-publish","hentry","post-preview"],"_links":{"self":[{"href":"https:\/\/blogg.folkuniversitetet.nu\/zhaoya\/wp-json\/wp\/v2\/pages\/466","targetHints":{"allow":["GET"]}}],"collection":[{"href":"https:\/\/blogg.folkuniversitetet.nu\/zhaoya\/wp-json\/wp\/v2\/pages"}],"about":[{"href":"https:\/\/blogg.folkuniversitetet.nu\/zhaoya\/wp-json\/wp\/v2\/types\/page"}],"author":[{"embeddable":true,"href":"https:\/\/blogg.folkuniversitetet.nu\/zhaoya\/wp-json\/wp\/v2\/users\/922"}],"replies":[{"embeddable":true,"href":"https:\/\/blogg.folkuniversitetet.nu\/zhaoya\/wp-json\/wp\/v2\/comments?post=466"}],"version-history":[{"count":1,"href":"https:\/\/blogg.folkuniversitetet.nu\/zhaoya\/wp-json\/wp\/v2\/pages\/466\/revisions"}],"predecessor-version":[{"id":469,"href":"https:\/\/blogg.folkuniversitetet.nu\/zhaoya\/wp-json\/wp\/v2\/pages\/466\/revisions\/469"}],"wp:attachment":[{"href":"https:\/\/blogg.folkuniversitetet.nu\/zhaoya\/wp-json\/wp\/v2\/media?parent=466"}],"curies":[{"name":"wp","href":"https:\/\/api.w.org\/{rel}","templated":true}]}}