{"id":318,"date":"2024-10-30T20:48:20","date_gmt":"2024-10-30T19:48:20","guid":{"rendered":"https:\/\/blogg.folkuniversitetet.nu\/zhaoya\/?page_id=318"},"modified":"2024-11-10T14:47:55","modified_gmt":"2024-11-10T13:47:55","slug":"ht_a1del3_20241030","status":"publish","type":"page","link":"https:\/\/blogg.folkuniversitetet.nu\/zhaoya\/ht_a1del3_20241030\/","title":{"rendered":"HT2024_A1Del3_20241030"},"content":{"rendered":"<p>Vi b\u00f6rjade idag med en \u00f6vning av antonym <a href=\"http:\/\/blogg.folkuniversitetet.nu\/zhaoya\/files\/2024\/10\/\u53cd\u4e49\u8bcd-fanyi-ci.pdf\">\u53cd\u4e49\u8bcd fanyi ci<\/a><\/p>\n<p>Sedan kollade vi l\u00e4xor, \u00f6vning 2 p\u00e5 sidan 79. Facet:<\/p>\n<ol>\n<li>\u00a0\u8bf7\u95ee\uff0c\u8fd9\u662f\u8c01\u7684\u4e66\uff1f<\/li>\n<li>\u8fd9\u5927\u6982\u662f\u8001\u5e08\u7684\u8bcd\u5178\u3002<\/li>\n<li>\u8fd9\u672c\u8bcd\u5178\u975e\u5e38\u6709\u7528\u3002<\/li>\n<li>\u6211\u80fd\u4e0d\u80fd\u7528\u4e00\u4e0b\u4f60\u7684\u7b14\uff1f<\/li>\n<\/ol>\n<p>Sedan gick vi igenom language points p\u00e5 sidan 83 och 84. Facet till review exercise p\u00e5 sidan 84.<\/p>\n<ol>\n<li>C 2. B 3. C 4. B 5.A 6.A<\/li>\n<\/ol>\n<p>Zuoye \u00e4r mitt-term utv\u00e4rdering, p\u00e5 hanyu, g\u00e4rna hanzi! \ud83d\ude42 <a href=\"http:\/\/blogg.folkuniversitetet.nu\/zhaoya\/files\/2024\/10\/Mittutvardering-fyra-fragor.pdf\">Mittutv\u00e4rdering fyra fr\u00e5gor<\/a> <a href=\"http:\/\/blogg.folkuniversitetet.nu\/zhaoya\/files\/2024\/10\/Mittutvardering-fyra-fragor-1.pdf\">Mittutv\u00e4rdering fyra fr\u00e5gor<\/a><\/p>\n<p>&nbsp;<\/p>\n","protected":false},"excerpt":{"rendered":"<p>Vi b\u00f6rjade idag med en \u00f6vning av antonym \u53cd\u4e49\u8bcd fanyi ci Sedan kollade vi l\u00e4xor, \u00f6vning 2 p\u00e5 sidan 79. Facet: \u00a0\u8bf7\u95ee\uff0c\u8fd9\u662f\u8c01\u7684\u4e66\uff1f \u8fd9\u5927\u6982\u662f\u8001\u5e08\u7684\u8bcd\u5178\u3002 \u8fd9\u672c\u8bcd\u5178\u975e\u5e38\u6709\u7528\u3002 \u6211\u80fd\u4e0d\u80fd\u7528\u4e00\u4e0b\u4f60\u7684\u7b14\uff1f Sedan gick vi igenom language points p\u00e5 sidan 83 och 84. Facet till review exercise p\u00e5 sidan 84. C 2. B 3. C 4. B 5.A 6.A Zuoye \u00e4r mitt-term [&hellip;]<\/p>\n","protected":false},"author":922,"featured_media":0,"parent":0,"menu_order":0,"comment_status":"closed","ping_status":"closed","template":"","meta":{"footnotes":""},"class_list":["post-318","page","type-page","status-publish","hentry","post-preview"],"_links":{"self":[{"href":"https:\/\/blogg.folkuniversitetet.nu\/zhaoya\/wp-json\/wp\/v2\/pages\/318","targetHints":{"allow":["GET"]}}],"collection":[{"href":"https:\/\/blogg.folkuniversitetet.nu\/zhaoya\/wp-json\/wp\/v2\/pages"}],"about":[{"href":"https:\/\/blogg.folkuniversitetet.nu\/zhaoya\/wp-json\/wp\/v2\/types\/page"}],"author":[{"embeddable":true,"href":"https:\/\/blogg.folkuniversitetet.nu\/zhaoya\/wp-json\/wp\/v2\/users\/922"}],"replies":[{"embeddable":true,"href":"https:\/\/blogg.folkuniversitetet.nu\/zhaoya\/wp-json\/wp\/v2\/comments?post=318"}],"version-history":[{"count":2,"href":"https:\/\/blogg.folkuniversitetet.nu\/zhaoya\/wp-json\/wp\/v2\/pages\/318\/revisions"}],"predecessor-version":[{"id":431,"href":"https:\/\/blogg.folkuniversitetet.nu\/zhaoya\/wp-json\/wp\/v2\/pages\/318\/revisions\/431"}],"wp:attachment":[{"href":"https:\/\/blogg.folkuniversitetet.nu\/zhaoya\/wp-json\/wp\/v2\/media?parent=318"}],"curies":[{"name":"wp","href":"https:\/\/api.w.org\/{rel}","templated":true}]}}