{"id":262,"date":"2024-09-25T19:06:11","date_gmt":"2024-09-25T18:06:11","guid":{"rendered":"https:\/\/blogg.folkuniversitetet.nu\/zhaoya\/?page_id=262"},"modified":"2024-11-10T14:52:53","modified_gmt":"2024-11-10T13:52:53","slug":"ht_a1del3_20240925","status":"publish","type":"page","link":"https:\/\/blogg.folkuniversitetet.nu\/zhaoya\/ht_a1del3_20240925\/","title":{"rendered":"HT2024_A1Del3_20240925"},"content":{"rendered":"<p>Vi l\u00e4ste igen texten p\u00e5 sidan 77 (l\u00e4robok).<\/p>\n<p>Vi gjorde sedan \u00f6vningarna 2 och 3 p\u00e5 sidan 74. Facet:<\/p>\n<p>2<\/p>\n<p>1) \u6211\u77e5\u9053\u4ed6\u5bb6\u5728\u9f99\u5c71\u3002<\/p>\n<p>2) \u90a3\u4e2a\u5730\u65b9\u6bd4\u8f83\u5c0f\u3002<\/p>\n<p>3) \u6211\u60f3\u53bb\u4e2d\u56fd\u73a9\u513f\u3002<\/p>\n<p>4) \u8fd9\u4e2a\u540d\u5b57\u771f\u6709\u610f\u601d\u3002<\/p>\n<p>5) \u8bf7\u7ed9\u6211\u4e00\u5f20\u82f1\u6587\u7684\u4e2d\u56fd\u5730\u56fe\u3002<\/p>\n<p>3<\/p>\n<p>1\uff09\u4f60\u60f3\u53bb\u4e2d\u56fd\u5e72\u4ec0\u4e48\uff1f<\/p>\n<p>2\uff09\u6211\u53ef\u4ee5\u770b\u4e00\u4e0b\u5417\uff1f<\/p>\n<p>3\uff09\u8bf7\u8ba9\u6211\u60f3\u4e00\u4e0b\u3002<\/p>\n<p>4\uff09\u6211\u6709\u4e24\u5f20\u4e2d\u56fd\u5730\u56fe\uff0c\u4e00\u5f20\u662f\u82f1\u6587\u7684\uff0c\u4e00\u5f20\u662f\u4e2d\u6587\u7684\u3002<\/p>\n<p>Zuoye (\u4f5c\u4e1a)\uff1adagens\u6c49\u5b57<\/p>\n","protected":false},"excerpt":{"rendered":"<p>Vi l\u00e4ste igen texten p\u00e5 sidan 77 (l\u00e4robok). Vi gjorde sedan \u00f6vningarna 2 och 3 p\u00e5 sidan 74. Facet: 2 1) \u6211\u77e5\u9053\u4ed6\u5bb6\u5728\u9f99\u5c71\u3002 2) \u90a3\u4e2a\u5730\u65b9\u6bd4\u8f83\u5c0f\u3002 3) \u6211\u60f3\u53bb\u4e2d\u56fd\u73a9\u513f\u3002 4) \u8fd9\u4e2a\u540d\u5b57\u771f\u6709\u610f\u601d\u3002 5) \u8bf7\u7ed9\u6211\u4e00\u5f20\u82f1\u6587\u7684\u4e2d\u56fd\u5730\u56fe\u3002 3 1\uff09\u4f60\u60f3\u53bb\u4e2d\u56fd\u5e72\u4ec0\u4e48\uff1f 2\uff09\u6211\u53ef\u4ee5\u770b\u4e00\u4e0b\u5417\uff1f 3\uff09\u8bf7\u8ba9\u6211\u60f3\u4e00\u4e0b\u3002 4\uff09\u6211\u6709\u4e24\u5f20\u4e2d\u56fd\u5730\u56fe\uff0c\u4e00\u5f20\u662f\u82f1\u6587\u7684\uff0c\u4e00\u5f20\u662f\u4e2d\u6587\u7684\u3002 Zuoye (\u4f5c\u4e1a)\uff1adagens\u6c49\u5b57<\/p>\n","protected":false},"author":922,"featured_media":0,"parent":0,"menu_order":0,"comment_status":"closed","ping_status":"closed","template":"","meta":{"footnotes":""},"class_list":["post-262","page","type-page","status-publish","hentry","post-preview"],"_links":{"self":[{"href":"https:\/\/blogg.folkuniversitetet.nu\/zhaoya\/wp-json\/wp\/v2\/pages\/262","targetHints":{"allow":["GET"]}}],"collection":[{"href":"https:\/\/blogg.folkuniversitetet.nu\/zhaoya\/wp-json\/wp\/v2\/pages"}],"about":[{"href":"https:\/\/blogg.folkuniversitetet.nu\/zhaoya\/wp-json\/wp\/v2\/types\/page"}],"author":[{"embeddable":true,"href":"https:\/\/blogg.folkuniversitetet.nu\/zhaoya\/wp-json\/wp\/v2\/users\/922"}],"replies":[{"embeddable":true,"href":"https:\/\/blogg.folkuniversitetet.nu\/zhaoya\/wp-json\/wp\/v2\/comments?post=262"}],"version-history":[{"count":3,"href":"https:\/\/blogg.folkuniversitetet.nu\/zhaoya\/wp-json\/wp\/v2\/pages\/262\/revisions"}],"predecessor-version":[{"id":452,"href":"https:\/\/blogg.folkuniversitetet.nu\/zhaoya\/wp-json\/wp\/v2\/pages\/262\/revisions\/452"}],"wp:attachment":[{"href":"https:\/\/blogg.folkuniversitetet.nu\/zhaoya\/wp-json\/wp\/v2\/media?parent=262"}],"curies":[{"name":"wp","href":"https:\/\/api.w.org\/{rel}","templated":true}]}}