{"id":254,"date":"2024-09-19T19:29:30","date_gmt":"2024-09-19T18:29:30","guid":{"rendered":"https:\/\/blogg.folkuniversitetet.nu\/zhaoya\/?page_id=254"},"modified":"2024-11-10T14:53:59","modified_gmt":"2024-11-10T13:53:59","slug":"ht2024_a2_20240919","status":"publish","type":"page","link":"https:\/\/blogg.folkuniversitetet.nu\/zhaoya\/ht2024_a2_20240919\/","title":{"rendered":"HT2024_A1Del2_20240919"},"content":{"rendered":"<p>Vi b\u00f6rjade idag med en quiz om v\u00e5ra sommar. Fr\u00e5gor d\u00e4r:<\/p>\n<p>\u2014 \u8fd9\u4e2azhege\u590f\u5929xiatian\u4f60\u53bbqu\u4e86le\u54eanar\uff1f<\/p>\n<p>\u2014 \u8fd9\u4e2azhege\u590f\u5929xiatian\u4f60\u505azuo\u4e86le\u4ec0\u4e48\uff1f<\/p>\n<p>\u2014 \u8fd9\u4e2azhege\u590f\u5929xiatian\u4f60\u6700zui\u597d\u7684(zuihao de, b\u00e4st)\u56de\u5fc6huiyi(minne)\u662f\u4ec0\u4e48\uff1f<\/p>\n<p>&nbsp;<\/p>\n<p>Sedan \u00f6vade vi p\u00e5 ordet &#8221;zui&#8221; (mest)<\/p>\n<p>zui hao (b\u00e4st), zui da (st\u00f6rst), zui gao (l\u00e4ngsta), zui xihuan de (favorit)<\/p>\n<p>&#8212; \u4f60\u6700\u559c\u6b22\u7684zui xihuan de\u5403\u7684chide\u662f\u4ec0\u4e48\uff1f(vad \u00e4r din favorit mat)<\/p>\n<p>\u2014 \u6211\u6700\u559c\u6b22\u7684zui xihuan de\u5403\u7684chide\u662f\u997a\u5b50jiaozi\u3002(min favorit mat \u00e4r dumplings)<\/p>\n<p>&nbsp;<\/p>\n<p>Sedan gjorde vi en \u6c49\u5b57 \u00f6vning<a href=\"http:\/\/blogg.folkuniversitetet.nu\/zhaoya\/files\/2024\/09\/\u4f5c\u4e1a20240919-1.pdf\">\u4f5c\u4e1a20240919<\/a> \u3002 <strong>Zuoye (heml\u00e4xa)<\/strong> \u00e4r att s\u00e4tta Pinyin p\u00e5 Hanzi och g\u00f6ra meningar (skriva g\u00e4rna med hanzi, inte pinyin) med dessa hanzi.<\/p>\n<p>H\u00e4r \u00e4r facet<a href=\"http:\/\/blogg.folkuniversitetet.nu\/zhaoya\/files\/2024\/09\/\u4f5c\u4e1aFacet20240919-1.pdf\">\u4f5c\u4e1aFacet20240919<\/a><\/p>\n","protected":false},"excerpt":{"rendered":"<p>Vi b\u00f6rjade idag med en quiz om v\u00e5ra sommar. Fr\u00e5gor d\u00e4r: \u2014 \u8fd9\u4e2azhege\u590f\u5929xiatian\u4f60\u53bbqu\u4e86le\u54eanar\uff1f \u2014 \u8fd9\u4e2azhege\u590f\u5929xiatian\u4f60\u505azuo\u4e86le\u4ec0\u4e48\uff1f \u2014 \u8fd9\u4e2azhege\u590f\u5929xiatian\u4f60\u6700zui\u597d\u7684(zuihao de, b\u00e4st)\u56de\u5fc6huiyi(minne)\u662f\u4ec0\u4e48\uff1f &nbsp; Sedan \u00f6vade vi p\u00e5 ordet &#8221;zui&#8221; (mest) zui hao (b\u00e4st), zui da (st\u00f6rst), zui gao (l\u00e4ngsta), zui xihuan de (favorit) &#8212; \u4f60\u6700\u559c\u6b22\u7684zui xihuan de\u5403\u7684chide\u662f\u4ec0\u4e48\uff1f(vad \u00e4r din favorit mat) \u2014 \u6211\u6700\u559c\u6b22\u7684zui xihuan de\u5403\u7684chide\u662f\u997a\u5b50jiaozi\u3002(min favorit mat \u00e4r [&hellip;]<\/p>\n","protected":false},"author":922,"featured_media":0,"parent":0,"menu_order":0,"comment_status":"closed","ping_status":"closed","template":"","meta":{"footnotes":""},"class_list":["post-254","page","type-page","status-publish","hentry","post-preview"],"_links":{"self":[{"href":"https:\/\/blogg.folkuniversitetet.nu\/zhaoya\/wp-json\/wp\/v2\/pages\/254","targetHints":{"allow":["GET"]}}],"collection":[{"href":"https:\/\/blogg.folkuniversitetet.nu\/zhaoya\/wp-json\/wp\/v2\/pages"}],"about":[{"href":"https:\/\/blogg.folkuniversitetet.nu\/zhaoya\/wp-json\/wp\/v2\/types\/page"}],"author":[{"embeddable":true,"href":"https:\/\/blogg.folkuniversitetet.nu\/zhaoya\/wp-json\/wp\/v2\/users\/922"}],"replies":[{"embeddable":true,"href":"https:\/\/blogg.folkuniversitetet.nu\/zhaoya\/wp-json\/wp\/v2\/comments?post=254"}],"version-history":[{"count":2,"href":"https:\/\/blogg.folkuniversitetet.nu\/zhaoya\/wp-json\/wp\/v2\/pages\/254\/revisions"}],"predecessor-version":[{"id":453,"href":"https:\/\/blogg.folkuniversitetet.nu\/zhaoya\/wp-json\/wp\/v2\/pages\/254\/revisions\/453"}],"wp:attachment":[{"href":"https:\/\/blogg.folkuniversitetet.nu\/zhaoya\/wp-json\/wp\/v2\/media?parent=254"}],"curies":[{"name":"wp","href":"https:\/\/api.w.org\/{rel}","templated":true}]}}