{"id":217,"date":"2024-06-05T20:20:34","date_gmt":"2024-06-05T19:20:34","guid":{"rendered":"https:\/\/blogg.folkuniversitetet.nu\/zhaoya\/?page_id=217"},"modified":"2024-11-10T14:49:42","modified_gmt":"2024-11-10T13:49:42","slug":"a1del2_20240605","status":"publish","type":"page","link":"https:\/\/blogg.folkuniversitetet.nu\/zhaoya\/a1del2_20240605\/","title":{"rendered":"VT2024_A1Del2_20240605"},"content":{"rendered":"<p>Vi b\u00f6rjade idag med att kolla \u6c49\u5b57-l\u00e4xorna.<\/p>\n<p>Sedan gjorde vi \u00f6vning 2 och 3 p\u00e5 sidan 60.<\/p>\n<p>Sedan kollade vi orden f\u00f6r att beskriva familjemedlem, p\u00e5 sidan 71. <span class=\"HwtZe\" lang=\"sv\"><span class=\"jCAhz JxVs2d ChMk0b\"><span class=\"ryNqvb\">Vi anv\u00e4nde dessa ord och skrev om v\u00e5ra familjer.\u00a0<\/span><\/span><\/span><\/p>\n<p>Vi gjorde \u00e4ven \u00f6vning 2 p\u00e5 sidan 45, i \u00f6vningsboken.<\/p>\n<p><span class=\"jCAhz JxVs2d ChMk0b\"><span class=\"ryNqvb\">N\u00e4sta g\u00e5ng \u00e4r v\u00e5r sista lektion i den h\u00e4r kursen.<\/span><\/span> <span class=\"jCAhz JxVs2d ChMk0b\"><span class=\"ryNqvb\">Var och en av oss kommer att ta med en sak relaterad till Kina och presentera den f\u00f6r gruppen, p\u00e5 \u6c49\u8bed.<\/span><\/span><\/p>\n<div class=\"lRu31\" dir=\"ltr\">\n<div class=\"OvtS8d\"><\/div>\n<div id=\"ow3364\"><\/div>\n<\/div>\n<div class=\"UdTY9 WdefRb\" aria-hidden=\"true\" data-location=\"2\"><\/div>\n","protected":false},"excerpt":{"rendered":"<p>Vi b\u00f6rjade idag med att kolla \u6c49\u5b57-l\u00e4xorna. Sedan gjorde vi \u00f6vning 2 och 3 p\u00e5 sidan 60. Sedan kollade vi orden f\u00f6r att beskriva familjemedlem, p\u00e5 sidan 71. Vi anv\u00e4nde dessa ord och skrev om v\u00e5ra familjer.\u00a0 Vi gjorde \u00e4ven \u00f6vning 2 p\u00e5 sidan 45, i \u00f6vningsboken. N\u00e4sta g\u00e5ng \u00e4r v\u00e5r sista lektion i den [&hellip;]<\/p>\n","protected":false},"author":922,"featured_media":0,"parent":0,"menu_order":0,"comment_status":"closed","ping_status":"closed","template":"","meta":{"footnotes":""},"class_list":["post-217","page","type-page","status-publish","hentry","post-preview"],"_links":{"self":[{"href":"https:\/\/blogg.folkuniversitetet.nu\/zhaoya\/wp-json\/wp\/v2\/pages\/217","targetHints":{"allow":["GET"]}}],"collection":[{"href":"https:\/\/blogg.folkuniversitetet.nu\/zhaoya\/wp-json\/wp\/v2\/pages"}],"about":[{"href":"https:\/\/blogg.folkuniversitetet.nu\/zhaoya\/wp-json\/wp\/v2\/types\/page"}],"author":[{"embeddable":true,"href":"https:\/\/blogg.folkuniversitetet.nu\/zhaoya\/wp-json\/wp\/v2\/users\/922"}],"replies":[{"embeddable":true,"href":"https:\/\/blogg.folkuniversitetet.nu\/zhaoya\/wp-json\/wp\/v2\/comments?post=217"}],"version-history":[{"count":2,"href":"https:\/\/blogg.folkuniversitetet.nu\/zhaoya\/wp-json\/wp\/v2\/pages\/217\/revisions"}],"predecessor-version":[{"id":438,"href":"https:\/\/blogg.folkuniversitetet.nu\/zhaoya\/wp-json\/wp\/v2\/pages\/217\/revisions\/438"}],"wp:attachment":[{"href":"https:\/\/blogg.folkuniversitetet.nu\/zhaoya\/wp-json\/wp\/v2\/media?parent=217"}],"curies":[{"name":"wp","href":"https:\/\/api.w.org\/{rel}","templated":true}]}}