{"id":165,"date":"2024-04-17T20:29:41","date_gmt":"2024-04-17T19:29:41","guid":{"rendered":"https:\/\/blogg.folkuniversitetet.nu\/zhaoya\/?page_id=165"},"modified":"2024-11-10T14:48:21","modified_gmt":"2024-11-10T13:48:21","slug":"a1del2_20240417","status":"publish","type":"page","link":"https:\/\/blogg.folkuniversitetet.nu\/zhaoya\/a1del2_20240417\/","title":{"rendered":"VT2024_A1Del2_20240417"},"content":{"rendered":"<p>Vi b\u00f6rjade idag med ett spel med yrkesordf\u00f6rr\u00e5d.<\/p>\n<p>Ny fras: \u5c0f\u65f6\u5019xiao shihou\uff0c\u4f60\u60f3\u5f53\u4ec0\u4e48 ni xiang dang shenme\uff1f\uff08N\u00e4r du var barn, vad ville du bli?\uff09<\/p>\n<p>&#8212;\u5c0f\u65f6\u5019xiao shihou\uff0c\u6211\u60f3\u5f53\u8759\u8760\u4fa0wo xiang dang bianfu xia (batman)\uff0c\u5b87\u822a\u5458yuhangyuan(astronaut)\uff0c\u738b\u5983wangfei\uff08drottning)\uff0c\u79d1\u5b66\u5bb6kexuejia (scientist)\uff0c\u62a4\u58ebhushi (Sjuksk\u00f6terska\uff09\uff0c\u8001\u5e08\uff0c\u548c\u5fc3\u7406\u533b\u751fxinliyisheng \uff08psychologist\uff09\u3002<\/p>\n<p>Sedan l\u00e4ste vi texten p\u00e5 sidan 51 (l\u00e4robok) och gjorde \u00f6vning 2 p\u00e5 sidan 40 (\u00f6vningsbok).<\/p>\n<p>Dagens hanzi och zuoye: <a href=\"http:\/\/blogg.folkuniversitetet.nu\/zhaoya\/files\/2024\/04\/\u6c49\u5b5720240417.pdf\">\u6c49\u5b5720240417<\/a><\/p>\n<p>Sedan arbetade vi med flera imperativfraser: <a href=\"http:\/\/blogg.folkuniversitetet.nu\/zhaoya\/files\/2024\/04\/Imperative-phraser.pdf\">Imperative phraser<\/a><\/p>\n","protected":false},"excerpt":{"rendered":"<p>Vi b\u00f6rjade idag med ett spel med yrkesordf\u00f6rr\u00e5d. Ny fras: \u5c0f\u65f6\u5019xiao shihou\uff0c\u4f60\u60f3\u5f53\u4ec0\u4e48 ni xiang dang shenme\uff1f\uff08N\u00e4r du var barn, vad ville du bli?\uff09 &#8212;\u5c0f\u65f6\u5019xiao shihou\uff0c\u6211\u60f3\u5f53\u8759\u8760\u4fa0wo xiang dang bianfu xia (batman)\uff0c\u5b87\u822a\u5458yuhangyuan(astronaut)\uff0c\u738b\u5983wangfei\uff08drottning)\uff0c\u79d1\u5b66\u5bb6kexuejia (scientist)\uff0c\u62a4\u58ebhushi (Sjuksk\u00f6terska\uff09\uff0c\u8001\u5e08\uff0c\u548c\u5fc3\u7406\u533b\u751fxinliyisheng \uff08psychologist\uff09\u3002 Sedan l\u00e4ste vi texten p\u00e5 sidan 51 (l\u00e4robok) och gjorde \u00f6vning 2 p\u00e5 sidan 40 (\u00f6vningsbok). Dagens hanzi och zuoye: \u6c49\u5b5720240417 Sedan [&hellip;]<\/p>\n","protected":false},"author":922,"featured_media":0,"parent":0,"menu_order":0,"comment_status":"closed","ping_status":"closed","template":"","meta":{"footnotes":""},"class_list":["post-165","page","type-page","status-publish","hentry","post-preview"],"_links":{"self":[{"href":"https:\/\/blogg.folkuniversitetet.nu\/zhaoya\/wp-json\/wp\/v2\/pages\/165","targetHints":{"allow":["GET"]}}],"collection":[{"href":"https:\/\/blogg.folkuniversitetet.nu\/zhaoya\/wp-json\/wp\/v2\/pages"}],"about":[{"href":"https:\/\/blogg.folkuniversitetet.nu\/zhaoya\/wp-json\/wp\/v2\/types\/page"}],"author":[{"embeddable":true,"href":"https:\/\/blogg.folkuniversitetet.nu\/zhaoya\/wp-json\/wp\/v2\/users\/922"}],"replies":[{"embeddable":true,"href":"https:\/\/blogg.folkuniversitetet.nu\/zhaoya\/wp-json\/wp\/v2\/comments?post=165"}],"version-history":[{"count":3,"href":"https:\/\/blogg.folkuniversitetet.nu\/zhaoya\/wp-json\/wp\/v2\/pages\/165\/revisions"}],"predecessor-version":[{"id":433,"href":"https:\/\/blogg.folkuniversitetet.nu\/zhaoya\/wp-json\/wp\/v2\/pages\/165\/revisions\/433"}],"wp:attachment":[{"href":"https:\/\/blogg.folkuniversitetet.nu\/zhaoya\/wp-json\/wp\/v2\/media?parent=165"}],"curies":[{"name":"wp","href":"https:\/\/api.w.org\/{rel}","templated":true}]}}