{"id":160,"date":"2024-04-10T20:35:26","date_gmt":"2024-04-10T19:35:26","guid":{"rendered":"https:\/\/blogg.folkuniversitetet.nu\/zhaoya\/?page_id=160"},"modified":"2024-11-10T14:47:43","modified_gmt":"2024-11-10T13:47:43","slug":"a1del2_20240327","status":"publish","type":"page","link":"https:\/\/blogg.folkuniversitetet.nu\/zhaoya\/a1del2_20240327\/","title":{"rendered":"VT2024_A1Del2_20240327"},"content":{"rendered":"<p>Detta \u00e4r den sista lektionen f\u00f6r den f\u00f6rsta delen av denna kurs s\u00e5 vi kollade zuoye och spelade spel.<\/p>\n<p>Zuoye var \u00f6vningsbok sidan 35-36.<\/p>\n<p>&nbsp;<\/p>\n<p><span class=\"jCAhz ChMk0b\"><span class=\"ryNqvb\">Ett av spelen vi gjorde idag var att g\u00f6ra ber\u00e4ttelser &#8221;den perfekta dagen&#8221; tillsammans.<\/span><\/span> <span class=\"jCAhz ChMk0b\"><span class=\"ryNqvb\">Nedan \u00e4r ber\u00e4ttelserna vi gjorde, tv\u00e5 perfekta dagar:<\/span><\/span><\/p>\n<ol>\n<li>Zaoshang, wo qu zixingche qu shangban. Ranhou wo changyi shou zhongwen ge. Ranhou wo qu dianyingyuan. Ranhou wo kandianshi. Ranhou wo tingyinyue.<\/li>\n<li>Zaoshang, wo chi zaofan. Ranhou wo he le kafei. Wo ranhou chi Beijing kaoya. Ranhou wo qu chongqing lvyou. Ranhou wo ting mao jiao.<\/li>\n<\/ol>\n<p>&nbsp;<\/p>\n","protected":false},"excerpt":{"rendered":"<p>Detta \u00e4r den sista lektionen f\u00f6r den f\u00f6rsta delen av denna kurs s\u00e5 vi kollade zuoye och spelade spel. Zuoye var \u00f6vningsbok sidan 35-36. &nbsp; Ett av spelen vi gjorde idag var att g\u00f6ra ber\u00e4ttelser &#8221;den perfekta dagen&#8221; tillsammans. Nedan \u00e4r ber\u00e4ttelserna vi gjorde, tv\u00e5 perfekta dagar: Zaoshang, wo qu zixingche qu shangban. Ranhou wo [&hellip;]<\/p>\n","protected":false},"author":922,"featured_media":0,"parent":0,"menu_order":0,"comment_status":"closed","ping_status":"closed","template":"","meta":{"footnotes":""},"class_list":["post-160","page","type-page","status-publish","hentry","post-preview"],"_links":{"self":[{"href":"https:\/\/blogg.folkuniversitetet.nu\/zhaoya\/wp-json\/wp\/v2\/pages\/160","targetHints":{"allow":["GET"]}}],"collection":[{"href":"https:\/\/blogg.folkuniversitetet.nu\/zhaoya\/wp-json\/wp\/v2\/pages"}],"about":[{"href":"https:\/\/blogg.folkuniversitetet.nu\/zhaoya\/wp-json\/wp\/v2\/types\/page"}],"author":[{"embeddable":true,"href":"https:\/\/blogg.folkuniversitetet.nu\/zhaoya\/wp-json\/wp\/v2\/users\/922"}],"replies":[{"embeddable":true,"href":"https:\/\/blogg.folkuniversitetet.nu\/zhaoya\/wp-json\/wp\/v2\/comments?post=160"}],"version-history":[{"count":2,"href":"https:\/\/blogg.folkuniversitetet.nu\/zhaoya\/wp-json\/wp\/v2\/pages\/160\/revisions"}],"predecessor-version":[{"id":430,"href":"https:\/\/blogg.folkuniversitetet.nu\/zhaoya\/wp-json\/wp\/v2\/pages\/160\/revisions\/430"}],"wp:attachment":[{"href":"https:\/\/blogg.folkuniversitetet.nu\/zhaoya\/wp-json\/wp\/v2\/media?parent=160"}],"curies":[{"name":"wp","href":"https:\/\/api.w.org\/{rel}","templated":true}]}}