{"id":147,"date":"2024-04-04T20:19:26","date_gmt":"2024-04-04T19:19:26","guid":{"rendered":"https:\/\/blogg.folkuniversitetet.nu\/zhaoya\/?page_id=147"},"modified":"2024-11-10T14:43:32","modified_gmt":"2024-11-10T13:43:32","slug":"2024-04-04","status":"publish","type":"page","link":"https:\/\/blogg.folkuniversitetet.nu\/zhaoya\/2024-04-04\/","title":{"rendered":"VT2024_A1Del1_20240404"},"content":{"rendered":"<p>Vi b\u00f6rjade dagen med ett pinyinspel och fick ordet &#8221;huofujie&#8221; (p\u00e5sk).<\/p>\n<p>&nbsp;<\/p>\n<p>Sedan arbetade vi p\u00e5 en lista med ordf\u00f6rr\u00e5d. <a href=\"http:\/\/blogg.folkuniversitetet.nu\/zhaoya\/files\/2024\/04\/Vocab_20240404.pdf\">Vocab_20240404<\/a><\/p>\n<p><span class=\"jCAhz ChMk0b\"><span class=\"ryNqvb\">Vi gjorde ocks\u00e5 en utmaning med l\u00e5nga meningar med max. ord fr\u00e5n listan.<\/span><\/span> <span class=\"jCAhz ChMk0b\"><span class=\"ryNqvb\">Nedan \u00e4r v\u00e5ra meningar:<\/span><\/span><\/p>\n<ol>\n<li>\u6211\u548c\u6211\u7684\u54e5\u54e5\u548c\u59b9\u59b9\u4f4f\u5728\u51b7\u7684\u745e\u5178\u3002\u6211\u7684\u5de5\u4f5c\u662f\u6f14\u5458\uff0c\u6211\u5b66\u4e60\u6c49\u8bed\u3002\u6211\u4eec\u5199\u6c49\u5b57\uff0c\u770b\u62fc\u97f3\uff0c\u548c\u8bf4\u6c49\u8bed\uff0c\u5f88\u6709\u610f\u601d\uff01wo he wode gege he meimei zhuzai lengde ruidian. wode gongzuo shi yanyuan, wo xuexi hanyu. women xie hanzi, kan pinyin, he shuo hanyu, hen youyisi!<\/li>\n<li>\u6211\u6709\u4e00\u4e2a\u4f4f\u5728\u745e\u5178\u7684\uff0c\u8bf4\u6c49\u8bed\u7684\u54e5\u54e5\uff0c\u4ed6\u7684\u5de5\u4f5c\u662f\u8001\u5e08\u3002\u4ed6\u7684\u59b9\u59b9\u5728\u4e2d\u56fd\u5b66\u4e60\u5efa\u7b51\u3002wo you yige zhuzai ruidian de, shuo hanyu de gege, tade gongzuo shi laoshi. Tade meimei zai zhongguo xuexi jianzhu.<\/li>\n<li>\u6211\u548c\u6211\u7684\u9ad8\u5174\u7684\u54e5\u54e5\u5728\u745e\u5178\u5b66\u4e60\u6c49\u8bed\uff0c\u4e3a\u4e86\u548c\u6709\u610f\u601d\u7684\uff0c\u4f4f\u5728\u4e2d\u56fd\u7684\u59b9\u59b9\u8bf4\u6c49\u8bed\u3002Wo he wode gaoxingde gege zai ruidian xuexi hanyu, weile he youyiside, zhu zai zhongguo de meimei shuo hanyu.<\/li>\n<li>\u5bf9\u4e0d\u8d77\uff0c\u5982\u679c\u6211\u8bf4\u7684\u4e0d\u5bf9\u3002\u6211\u4eec\u4f4f\u5728\u745e\u5178\uff0c\u6211\u4eec\u6709\u5728\u65af\u5fb7\u54e5\u5c14\u6469\u7684\u5de5\u4f5c\uff0c\u6211\u4eec\u4e5f\u5b66\u4e60\u6c49\u8bed\uff0c\u6211\u4eec\u61c2\u4e00\u70b9\u6c49\u8bed\u8bcd\u6c47\u3002\u7ea6\u963f\u5e0c\u59c6\u662f\u533b\u751f\uff0c\u4ed6\u6709\u59b9\u59b9\u3002\u4ed6\u7684\u59b9\u59b9\u5f88\u9ad8\u5174\uff0c\u5979\u662f\u8001\u5e08\u3002Duibuqi, ruguo wo shuo de bu dui. Women zhuzai ruidian, women you zai sidegeermode gongzuo, women ye xuexi hanyu, women dong yidian hanyu cihui. Joakim shi yisheng, ta you meimei. Tade meimei hen gaoxing, ta shi laoshi.<\/li>\n<\/ol>\n<p>&nbsp;<\/p>\n<p>Sedan <span class=\"jCAhz ChMk0b\"><span class=\"ryNqvb\">l\u00e4ste vi ett exempel p\u00e5 sj\u00e4lvintroduktion.<\/span><\/span> <a href=\"http:\/\/blogg.folkuniversitetet.nu\/zhaoya\/files\/2024\/04\/\u81ea\u6211\u4ecb\u7ecdself-intro_20240404.pdf\">\u81ea\u6211\u4ecb\u7ecdself-intro_20240404<\/a> <span class=\"jCAhz ChMk0b\"><span class=\"ryNqvb\">Nya ord d\u00e4r: ting (lyssna), yinyue (musik), dianying (film).\u00a0<\/span><\/span><\/p>\n","protected":false},"excerpt":{"rendered":"<p>Vi b\u00f6rjade dagen med ett pinyinspel och fick ordet &#8221;huofujie&#8221; (p\u00e5sk). &nbsp; Sedan arbetade vi p\u00e5 en lista med ordf\u00f6rr\u00e5d. Vocab_20240404 Vi gjorde ocks\u00e5 en utmaning med l\u00e5nga meningar med max. ord fr\u00e5n listan. Nedan \u00e4r v\u00e5ra meningar: \u6211\u548c\u6211\u7684\u54e5\u54e5\u548c\u59b9\u59b9\u4f4f\u5728\u51b7\u7684\u745e\u5178\u3002\u6211\u7684\u5de5\u4f5c\u662f\u6f14\u5458\uff0c\u6211\u5b66\u4e60\u6c49\u8bed\u3002\u6211\u4eec\u5199\u6c49\u5b57\uff0c\u770b\u62fc\u97f3\uff0c\u548c\u8bf4\u6c49\u8bed\uff0c\u5f88\u6709\u610f\u601d\uff01wo he wode gege he meimei zhuzai lengde ruidian. wode gongzuo shi yanyuan, wo xuexi hanyu. women [&hellip;]<\/p>\n","protected":false},"author":922,"featured_media":0,"parent":0,"menu_order":0,"comment_status":"closed","ping_status":"closed","template":"","meta":{"footnotes":""},"class_list":["post-147","page","type-page","status-publish","hentry","post-preview"],"_links":{"self":[{"href":"https:\/\/blogg.folkuniversitetet.nu\/zhaoya\/wp-json\/wp\/v2\/pages\/147","targetHints":{"allow":["GET"]}}],"collection":[{"href":"https:\/\/blogg.folkuniversitetet.nu\/zhaoya\/wp-json\/wp\/v2\/pages"}],"about":[{"href":"https:\/\/blogg.folkuniversitetet.nu\/zhaoya\/wp-json\/wp\/v2\/types\/page"}],"author":[{"embeddable":true,"href":"https:\/\/blogg.folkuniversitetet.nu\/zhaoya\/wp-json\/wp\/v2\/users\/922"}],"replies":[{"embeddable":true,"href":"https:\/\/blogg.folkuniversitetet.nu\/zhaoya\/wp-json\/wp\/v2\/comments?post=147"}],"version-history":[{"count":3,"href":"https:\/\/blogg.folkuniversitetet.nu\/zhaoya\/wp-json\/wp\/v2\/pages\/147\/revisions"}],"predecessor-version":[{"id":414,"href":"https:\/\/blogg.folkuniversitetet.nu\/zhaoya\/wp-json\/wp\/v2\/pages\/147\/revisions\/414"}],"wp:attachment":[{"href":"https:\/\/blogg.folkuniversitetet.nu\/zhaoya\/wp-json\/wp\/v2\/media?parent=147"}],"curies":[{"name":"wp","href":"https:\/\/api.w.org\/{rel}","templated":true}]}}