{"id":137,"date":"2024-03-20T21:16:30","date_gmt":"2024-03-20T20:16:30","guid":{"rendered":"https:\/\/blogg.folkuniversitetet.nu\/zhaoya\/?page_id=137"},"modified":"2024-11-10T14:43:09","modified_gmt":"2024-11-10T13:43:09","slug":"a1-del2_20240320","status":"publish","type":"page","link":"https:\/\/blogg.folkuniversitetet.nu\/zhaoya\/a1-del2_20240320\/","title":{"rendered":"VT2024_A1Del2_20240320"},"content":{"rendered":"<p><span class=\"jCAhz ChMk0b\"><span class=\"ryNqvb\">Nya ord fr\u00e5n lektionens inledande chatt: wei shen me?<\/span><\/span> <span class=\"jCAhz ChMk0b\"><span class=\"ryNqvb\">(varf\u00f6r) \u4e3a\u4ec0\u4e48<\/span><\/span><\/p>\n<p>A: Ni weishenme xuexi hanyu? (Varf\u00f6r l\u00e4ser du kinesiska) \u4f60\u4e3a\u4ec0\u4e48\u5b66\u4e60\u6c49\u8bed\uff1f<\/p>\n<p>B: Yinwei wo xihuan zhongguo, suoyi wo xuexi hanyu. \uff08Eftersom jag gillar Kina\uff0c(d\u00e4rf\u00f6r) l\u00e4r jag mig kinesiska) \u56e0\u4e3a\u6211\u559c\u6b22\u4e2d\u56fd\uff0c\u6240\u4ee5\u6211\u5b66\u4e60\u6c49\u8bed\u3002<\/p>\n<p>&nbsp;<\/p>\n<p><span class=\"jCAhz ChMk0b\"><span class=\"ryNqvb\">Sedan upprepade vi ord f\u00f6r f\u00e4rger.<\/span><\/span> <span class=\"jCAhz ChMk0b\"><span class=\"ryNqvb\">nya ord tillagda: chengse (orange) och fense (rosa).\u00a0<\/span><\/span><\/p>\n<p>&nbsp;<\/p>\n<p>Sedan gjorde vi \u00f6vning 2 och 3 p\u00e5 kursboken sidan 38.<\/p>\n<p>&nbsp;<\/p>\n<p>Sedan tr\u00e4nade vi p\u00e5 att konstruera fr\u00e5gor med orden &#8221;haishi&#8221; \u8fd8\u662f och &#8221;XXX bu\u4e0d XXX&#8221;.<\/p>\n<p>ni shi ruidian ren haishi yingguo ren \u4f60\u662f\u745e\u5178\u4eba\u8fd8\u662f\u82f1\u56fd\u4eba\uff1f<\/p>\n<p>ni shi bu shi ruidian ren \u4f60\u662f\u4e0d\u662f\u745e\u5178\u4eba\uff1f<\/p>\n<p>Nya ord fr\u00e5n \u00f6vningarna: haizi (barn)\u5b69\u5b50\uff0chenduo (m\u00e5nga\/mycket) \u5f88\u591a\uff0ctongshi (kollega)\u540c\u4e8b\uff0crenshi (k\u00e4nna) \u8ba4\u8bc6\uff0c<\/p>\n<p>&nbsp;<\/p>\n<p>Heml\u00e4xor:<\/p>\n<p>L\u00e4sa sidor 44 och 45 p\u00e5 kursbok.<\/p>\n<p>G\u00f6ra \u00f6vning 2 p\u00e5 sid. 35 i exercise book. <a href=\"http:\/\/blogg.folkuniversitetet.nu\/zhaoya\/files\/2024\/03\/Exercise-Book-sid.-35.pdf\">Exercise Book sid. 35<\/a><\/p>\n<p>&nbsp;<\/p>\n<p>&nbsp;<\/p>\n","protected":false},"excerpt":{"rendered":"<p>Nya ord fr\u00e5n lektionens inledande chatt: wei shen me? (varf\u00f6r) \u4e3a\u4ec0\u4e48 A: Ni weishenme xuexi hanyu? (Varf\u00f6r l\u00e4ser du kinesiska) \u4f60\u4e3a\u4ec0\u4e48\u5b66\u4e60\u6c49\u8bed\uff1f B: Yinwei wo xihuan zhongguo, suoyi wo xuexi hanyu. \uff08Eftersom jag gillar Kina\uff0c(d\u00e4rf\u00f6r) l\u00e4r jag mig kinesiska) \u56e0\u4e3a\u6211\u559c\u6b22\u4e2d\u56fd\uff0c\u6240\u4ee5\u6211\u5b66\u4e60\u6c49\u8bed\u3002 &nbsp; Sedan upprepade vi ord f\u00f6r f\u00e4rger. nya ord tillagda: chengse (orange) och fense (rosa).\u00a0 &nbsp; [&hellip;]<\/p>\n","protected":false},"author":922,"featured_media":0,"parent":0,"menu_order":0,"comment_status":"closed","ping_status":"closed","template":"","meta":{"footnotes":""},"class_list":["post-137","page","type-page","status-publish","hentry","post-preview"],"_links":{"self":[{"href":"https:\/\/blogg.folkuniversitetet.nu\/zhaoya\/wp-json\/wp\/v2\/pages\/137","targetHints":{"allow":["GET"]}}],"collection":[{"href":"https:\/\/blogg.folkuniversitetet.nu\/zhaoya\/wp-json\/wp\/v2\/pages"}],"about":[{"href":"https:\/\/blogg.folkuniversitetet.nu\/zhaoya\/wp-json\/wp\/v2\/types\/page"}],"author":[{"embeddable":true,"href":"https:\/\/blogg.folkuniversitetet.nu\/zhaoya\/wp-json\/wp\/v2\/users\/922"}],"replies":[{"embeddable":true,"href":"https:\/\/blogg.folkuniversitetet.nu\/zhaoya\/wp-json\/wp\/v2\/comments?post=137"}],"version-history":[{"count":2,"href":"https:\/\/blogg.folkuniversitetet.nu\/zhaoya\/wp-json\/wp\/v2\/pages\/137\/revisions"}],"predecessor-version":[{"id":413,"href":"https:\/\/blogg.folkuniversitetet.nu\/zhaoya\/wp-json\/wp\/v2\/pages\/137\/revisions\/413"}],"wp:attachment":[{"href":"https:\/\/blogg.folkuniversitetet.nu\/zhaoya\/wp-json\/wp\/v2\/media?parent=137"}],"curies":[{"name":"wp","href":"https:\/\/api.w.org\/{rel}","templated":true}]}}