{"id":43,"date":"2025-10-21T14:40:56","date_gmt":"2025-10-21T13:40:56","guid":{"rendered":"https:\/\/blogg.folkuniversitetet.nu\/vonoan\/?page_id=43"},"modified":"2026-02-10T15:08:59","modified_gmt":"2026-02-10T14:08:59","slug":"lankar","status":"publish","type":"page","link":"https:\/\/blogg.folkuniversitetet.nu\/vonoan\/lankar\/","title":{"rendered":"L\u00e4nkar"},"content":{"rendered":"<blockquote>\n<ul>\n<li><a href=\"https:\/\/sfiportalen.se\/samtalskort\/index.html\">Samtalskort 1<\/a><\/li>\n<li><a href=\"https:\/\/www.scribd.com\/document\/632663955\/Beratta-om-Samtalskort\">Samtalskort 2<\/a><\/li>\n<li><a href=\"https:\/\/enellerett.se\">Ett eller en?<\/a><\/li>\n<li><a href=\"https:\/\/www.youtube.com\/watch?v=6-3JqomdzAg\">Siffror p\u00e5 svenska<\/a><\/li>\n<li><a href=\"https:\/\/www.youtube.com\/watch?v=yS5n3d056yY&amp;list=PLWGxl1Nz1ShnybDFC3M8hBDkt4U0DD-s2&amp;index=2\" target=\"_blank\" rel=\"noopener\">Hur mycket \u00e4r klockan?<\/a><\/li>\n<li><a href=\"https:\/\/www.youtube.com\/watch?v=x3bRL1yrYcw\" target=\"_blank\" rel=\"noopener\">Hur uttalar man bokst\u00e4verna i alfabetet p\u00e5 svenska<\/a><\/li>\n<li><a href=\"https:\/\/folkets-lexikon.csc.kth.se\/folkets\/\" target=\"_blank\" rel=\"noopener\">Folketslexikon<\/a><\/li>\n<li><a href=\"https:\/\/www.sverigesradio.se\/radioswedenpalattsvenska\" target=\"_blank\" rel=\"noopener\">Radio Sweden p\u00e5 l\u00e4tt svenska<\/a><\/li>\n<li><a href=\"http:\/\/blogg.folkuniversitetet.nu\/vonoan\/files\/2026\/02\/svenska_verb_lista.pdf\">svenska_verb_lista<\/a><\/li>\n<li><a href=\"http:\/\/blogg.folkuniversitetet.nu\/vonoan\/files\/2026\/02\/Svenska_verb_presens_preteritum_perfekt.pdf\">Svenska_verb_presens_preteritum_perfekt<\/a><\/li>\n<\/ul>\n<\/blockquote>\n","protected":false},"excerpt":{"rendered":"<p>Samtalskort 1 Samtalskort 2 Ett eller en? Siffror p\u00e5 svenska Hur mycket \u00e4r klockan? Hur uttalar man bokst\u00e4verna i alfabetet p\u00e5 svenska Folketslexikon Radio Sweden p\u00e5 l\u00e4tt svenska svenska_verb_lista Svenska_verb_presens_preteritum_perfekt<\/p>\n","protected":false},"author":981,"featured_media":0,"parent":0,"menu_order":0,"comment_status":"closed","ping_status":"closed","template":"","meta":{"footnotes":""},"class_list":["post-43","page","type-page","status-publish","hentry","post-preview"],"_links":{"self":[{"href":"https:\/\/blogg.folkuniversitetet.nu\/vonoan\/wp-json\/wp\/v2\/pages\/43","targetHints":{"allow":["GET"]}}],"collection":[{"href":"https:\/\/blogg.folkuniversitetet.nu\/vonoan\/wp-json\/wp\/v2\/pages"}],"about":[{"href":"https:\/\/blogg.folkuniversitetet.nu\/vonoan\/wp-json\/wp\/v2\/types\/page"}],"author":[{"embeddable":true,"href":"https:\/\/blogg.folkuniversitetet.nu\/vonoan\/wp-json\/wp\/v2\/users\/981"}],"replies":[{"embeddable":true,"href":"https:\/\/blogg.folkuniversitetet.nu\/vonoan\/wp-json\/wp\/v2\/comments?post=43"}],"version-history":[{"count":20,"href":"https:\/\/blogg.folkuniversitetet.nu\/vonoan\/wp-json\/wp\/v2\/pages\/43\/revisions"}],"predecessor-version":[{"id":180,"href":"https:\/\/blogg.folkuniversitetet.nu\/vonoan\/wp-json\/wp\/v2\/pages\/43\/revisions\/180"}],"wp:attachment":[{"href":"https:\/\/blogg.folkuniversitetet.nu\/vonoan\/wp-json\/wp\/v2\/media?parent=43"}],"curies":[{"name":"wp","href":"https:\/\/api.w.org\/{rel}","templated":true}]}}