{"id":845,"date":"2016-02-15T09:26:57","date_gmt":"2016-02-15T07:26:57","guid":{"rendered":"http:\/\/blogg.folkuniversitetet.nu\/vivejo\/?page_id=845"},"modified":"2026-03-19T21:18:28","modified_gmt":"2026-03-19T19:18:28","slug":"a1-del-1-distans-januari-2026","status":"publish","type":"page","link":"https:\/\/blogg.folkuniversitetet.nu\/vivejo\/a1-del-1-distans-januari-2026\/","title":{"rendered":"A1 del 1 distans, januari, 2026"},"content":{"rendered":"<p><a href=\"http:\/\/blogg.folkuniversitetet.nu\/vivejo\/files\/2026\/03\/Kvallslektion-den-19-mars-2026.pdf\">Kv\u00e4llslektion den 19 mars, 2026<\/a><\/p>\n<p><a href=\"http:\/\/blogg.folkuniversitetet.nu\/vivejo\/files\/2026\/03\/Kvallslektion-den-12-mars-2026.pdf\">Kv\u00e4llslektion den 12 mars, 2026<\/a><\/p>\n<p><a href=\"http:\/\/blogg.folkuniversitetet.nu\/vivejo\/files\/2026\/03\/Kvallslektion-den-5-mars-2026.pdf\">Kv\u00e4llslektion den 5 mars, 2026<\/a><\/p>\n<p><a href=\"http:\/\/blogg.folkuniversitetet.nu\/vivejo\/files\/2026\/02\/Kvallslektion-den-26-februari-2026.pdf\">Kv\u00e4llslektion den 26 februari, 2026<\/a><\/p>\n<p><a href=\"http:\/\/blogg.folkuniversitetet.nu\/vivejo\/files\/2026\/02\/Kvallslektion-den-19-februari-2026.pdf\">Kv\u00e4llslektion den 19 februari, 2026<\/a><\/p>\n<p><a href=\"http:\/\/blogg.folkuniversitetet.nu\/vivejo\/files\/2026\/02\/Kvallslektion-den-12-februari-2026.pdf\">Kv\u00e4llslektion den 12 februari, 2026<\/a><\/p>\n<p><a href=\"http:\/\/blogg.folkuniversitetet.nu\/vivejo\/files\/2026\/02\/Kvallslektion-den-5-februari-2026.pdf\">Kv\u00e4llslektion den 5 februari, 2026<\/a><\/p>\n<p><a href=\"http:\/\/blogg.folkuniversitetet.nu\/vivejo\/files\/2026\/01\/Kvallslektion-den-29-januari-2026.pdf\">Kv\u00e4llslektion den 29 januari, 2026<\/a><\/p>\n<p><a href=\"http:\/\/blogg.folkuniversitetet.nu\/vivejo\/files\/2026\/01\/Kvallslektion-den-22-januari-2026.pdf\">Kv\u00e4llslektion den 22 januari, 2026<\/a><\/p>\n<p><a href=\"http:\/\/blogg.folkuniversitetet.nu\/vivejo\/files\/2026\/01\/Kvallslektion-den-15-januari-2026.pdf\">Kv\u00e4llslektion den 15 januari, 2026<\/a><\/p>\n","protected":false},"excerpt":{"rendered":"<p>Kv\u00e4llslektion den 19 mars, 2026 Kv\u00e4llslektion den 12 mars, 2026 Kv\u00e4llslektion den 5 mars, 2026 Kv\u00e4llslektion den 26 februari, 2026 Kv\u00e4llslektion den 19 februari, 2026 Kv\u00e4llslektion den 12 februari, 2026 Kv\u00e4llslektion den 5 februari, 2026 Kv\u00e4llslektion den 29 januari, 2026 Kv\u00e4llslektion den 22 januari, 2026 Kv\u00e4llslektion den 15 januari, 2026<\/p>\n","protected":false},"author":192,"featured_media":0,"parent":0,"menu_order":0,"comment_status":"closed","ping_status":"closed","template":"","meta":{"footnotes":""},"class_list":["post-845","page","type-page","status-publish","hentry"],"_links":{"self":[{"href":"https:\/\/blogg.folkuniversitetet.nu\/vivejo\/wp-json\/wp\/v2\/pages\/845","targetHints":{"allow":["GET"]}}],"collection":[{"href":"https:\/\/blogg.folkuniversitetet.nu\/vivejo\/wp-json\/wp\/v2\/pages"}],"about":[{"href":"https:\/\/blogg.folkuniversitetet.nu\/vivejo\/wp-json\/wp\/v2\/types\/page"}],"author":[{"embeddable":true,"href":"https:\/\/blogg.folkuniversitetet.nu\/vivejo\/wp-json\/wp\/v2\/users\/192"}],"replies":[{"embeddable":true,"href":"https:\/\/blogg.folkuniversitetet.nu\/vivejo\/wp-json\/wp\/v2\/comments?post=845"}],"version-history":[{"count":578,"href":"https:\/\/blogg.folkuniversitetet.nu\/vivejo\/wp-json\/wp\/v2\/pages\/845\/revisions"}],"predecessor-version":[{"id":5155,"href":"https:\/\/blogg.folkuniversitetet.nu\/vivejo\/wp-json\/wp\/v2\/pages\/845\/revisions\/5155"}],"wp:attachment":[{"href":"https:\/\/blogg.folkuniversitetet.nu\/vivejo\/wp-json\/wp\/v2\/media?parent=845"}],"curies":[{"name":"wp","href":"https:\/\/api.w.org\/{rel}","templated":true}]}}