{"id":34,"date":"2020-09-11T11:06:21","date_gmt":"2020-09-11T09:06:21","guid":{"rendered":"http:\/\/blogg.folkuniversitetet.nu\/velesa\/?page_id=34"},"modified":"2020-10-26T15:00:22","modified_gmt":"2020-10-26T14:00:22","slug":"quien-es-sarahi","status":"publish","type":"page","link":"https:\/\/blogg.folkuniversitetet.nu\/velesa\/quien-es-sarahi\/","title":{"rendered":"\u00bfQui\u00e9n es Sarah\u00ed?"},"content":{"rendered":"<h2><span style=\"color: #0000ff\">Hola!<\/span><\/h2>\n<p>Me llamo<span style=\"color: #800080\"><strong> Sarah\u00ed V\u00e9lez Zanatta,<\/strong><\/span>\u00a0 nac\u00ed en la ciudad de C\u00f3rdoba, Veracruz y soy Mexicana.<\/p>\n<p>Mi familia vive en M\u00e9xico, mis padres se llaman Alfonso y Eva y mis hermanos Eva e Iv\u00e1n.<\/p>\n<p>He vivido en diferentes pa\u00edses de Europa como Francia, Suecia y Espa\u00f1a!<\/p>\n<p>En mi ratos libres como pasatiempo me gusta mucho hacer deporte, ir a la playa, leer, encontrar amigos, ver tele y viajar.<\/p>\n<p>Me encantan los animales,\u00a0 tengo 2 perritas de raza shnauzzer que son mis como mis bebes\u00a0 pero por el momento no est\u00e1n viviendo conmigo, viven con mi madre en M\u00e9xico.<\/p>\n<p>&nbsp;<\/p>\n<p><img loading=\"lazy\" decoding=\"async\" class=\"\" src=\"https:\/\/cdn.pixabay.com\/photo\/2019\/07\/29\/14\/29\/dog-4370694_960_720.jpg\" alt=\"Perro, Cachorro, Shih Poo, Animales J\u00f3venes, Lindo\" width=\"532\" height=\"355\" \/><\/p>\n","protected":false},"excerpt":{"rendered":"<p>Hola! Me llamo Sarah\u00ed V\u00e9lez Zanatta,\u00a0 nac\u00ed en la ciudad de C\u00f3rdoba, Veracruz y soy Mexicana. Mi familia vive en M\u00e9xico, mis padres se llaman Alfonso y Eva y mis hermanos Eva e Iv\u00e1n. He vivido en diferentes pa\u00edses de Europa como Francia, Suecia y Espa\u00f1a! En mi ratos libres como pasatiempo me gusta mucho &hellip; <a href=\"https:\/\/blogg.folkuniversitetet.nu\/velesa\/quien-es-sarahi\/\" class=\"more-link\">Forts\u00e4tt l\u00e4sa <span class=\"screen-reader-text\">\u00bfQui\u00e9n es Sarah\u00ed?<\/span> <span class=\"meta-nav\">&rarr;<\/span><\/a><\/p>\n","protected":false},"author":825,"featured_media":0,"parent":0,"menu_order":0,"comment_status":"closed","ping_status":"closed","template":"","meta":{"footnotes":""},"class_list":["post-34","page","type-page","status-publish","hentry"],"_links":{"self":[{"href":"https:\/\/blogg.folkuniversitetet.nu\/velesa\/wp-json\/wp\/v2\/pages\/34","targetHints":{"allow":["GET"]}}],"collection":[{"href":"https:\/\/blogg.folkuniversitetet.nu\/velesa\/wp-json\/wp\/v2\/pages"}],"about":[{"href":"https:\/\/blogg.folkuniversitetet.nu\/velesa\/wp-json\/wp\/v2\/types\/page"}],"author":[{"embeddable":true,"href":"https:\/\/blogg.folkuniversitetet.nu\/velesa\/wp-json\/wp\/v2\/users\/825"}],"replies":[{"embeddable":true,"href":"https:\/\/blogg.folkuniversitetet.nu\/velesa\/wp-json\/wp\/v2\/comments?post=34"}],"version-history":[{"count":8,"href":"https:\/\/blogg.folkuniversitetet.nu\/velesa\/wp-json\/wp\/v2\/pages\/34\/revisions"}],"predecessor-version":[{"id":182,"href":"https:\/\/blogg.folkuniversitetet.nu\/velesa\/wp-json\/wp\/v2\/pages\/34\/revisions\/182"}],"wp:attachment":[{"href":"https:\/\/blogg.folkuniversitetet.nu\/velesa\/wp-json\/wp\/v2\/media?parent=34"}],"curies":[{"name":"wp","href":"https:\/\/api.w.org\/{rel}","templated":true}]}}