{"id":136,"date":"2020-10-14T21:24:26","date_gmt":"2020-10-14T19:24:26","guid":{"rendered":"http:\/\/blogg.folkuniversitetet.nu\/velesa\/?page_id=136"},"modified":"2022-03-29T10:25:55","modified_gmt":"2022-03-29T08:25:55","slug":"vecka-5-2","status":"publish","type":"page","link":"https:\/\/blogg.folkuniversitetet.nu\/velesa\/vecka-5-2\/","title":{"rendered":"SEM 5"},"content":{"rendered":"<h2><span style=\"color: #0000ff\">Hola Chicos<\/span><\/h2>\n<p>Clase 5<\/p>\n<p>Vi arbetade med sidor 19: \u00f6vning 6 y 7<\/p>\n<p>om ni vill ni kan \u00f6va lite HEMMA\u00a0 och g\u00f6ra sina egna dialoger som \u00f6vning 6\u00a0 (detta \u00e4r inte l\u00e4xa de som vill kan g\u00f6ra och jag kan korrigera dem.<\/p>\n<h4><span style=\"color: #800080\">Tarea:<\/span><\/h4>\n<p>\u00f6vning 8 sida 19. F\u00f6rs\u00f6ka g\u00f6ra en text lite langt, den\u00a0 ska ni ge till mig i slutet av lektionen.<\/p>\n<h3><span style=\"color: #ff6600\"><strong>1B Boken<\/strong><\/span><\/h3>\n<p>UNA ENTREVISTA CON TARIK\u00a0 och vi gick genom sidor 20, 21, 22, 23, 24.<\/p>\n<h4><strong><span style=\"color: #008000\">Artiklar<\/span><\/strong><\/h4>\n<p><strong><span style=\"color: #008000\">OBEST\u00c4M<\/span><\/strong>\u00a0 \u00a0 \u00a0 \u00a0 \u00a0 \u00a0 \u00a0 \u00a0 \u00a0 \u00a0 \u00a0 \u00a0 \u00a0 \u00a0 \u00a0 \u00a0 \u00a0 \u00a0 \u00a0 \u00a0 \u00a0 \u00a0 \u00a0 \u00a0 \u00a0 \u00a0 \u00a0 \u00a0 \u00a0 \u00a0 \u00a0 \u00a0 \u00a0 \u00a0 <strong><span style=\"color: #008000\">\u00a0 BEST\u00c4M<\/span><\/strong><\/p>\n<p><strong><span style=\"color: #808000\">Singular\u00a0 \u00a0 \u00a0 \u00a0 \u00a0 \u00a0Plural\u00a0 \u00a0 \u00a0 \u00a0 \u00a0 \u00a0 \u00a0 \u00a0 \u00a0 \u00a0 \u00a0 \u00a0 \u00a0 \u00a0 \u00a0 \u00a0 \u00a0 \u00a0 \u00a0 \u00a0 \u00a0 \u00a0 \u00a0 \u00a0 \u00a0Singular\u00a0 \u00a0 \u00a0 \u00a0 \u00a0\/\u00a0 \u00a0 \u00a0 \u00a0 \u00a0 Plural\u00a0<\/span><\/strong><\/p>\n<p>Un\u00a0 \u00a0 \u00a0 \u00a0 \u00a0 \/\u00a0 \u00a0 \u00a0 \u00a0 \u00a0 \u00a0Unos\u00a0 \u00a0 \u00a0 \u00a0 \u00a0 \u00a0 \u00a0 \u00a0 \u00a0 \u00a0 \u00a0 \u00a0 \u00a0 \u00a0 \u00a0 \u00a0 \u00a0 \u00a0 \u00a0 \u00a0 \u00a0 \u00a0 \u00a0 \u00a0 \u00a0 \u00a0 \u00a0 El\u00a0 \u00a0 \u00a0 \u00a0 \u00a0 \u00a0 \u00a0 \u00a0 \u00a0 \u00a0 \/\u00a0 \u00a0 \u00a0 \u00a0 \u00a0 \u00a0 \u00a0 Los<\/p>\n<p>Una\u00a0 \u00a0 \u00a0 \u00a0\/\u00a0 \u00a0 \u00a0 \u00a0 \u00a0 \u00a0 Unas\u00a0 \u00a0 \u00a0 \u00a0 \u00a0 \u00a0 \u00a0 \u00a0 \u00a0 \u00a0 \u00a0 \u00a0 \u00a0 \u00a0 \u00a0 \u00a0 \u00a0 \u00a0 \u00a0 \u00a0 \u00a0 \u00a0 \u00a0 \u00a0 \u00a0 \u00a0 \u00a0 La\u00a0 \u00a0 \u00a0 \u00a0 \u00a0 \u00a0 \u00a0 \u00a0 \u00a0\/\u00a0 \u00a0 \u00a0 \u00a0 \u00a0 \u00a0 \u00a0 \u00a0 Las<\/p>\n<p>N\u00e4r ett ord slutar A det \u00e4r femininum:\u00a0 una ni\u00f1a\u00a0 \/ la ni\u00f1a<\/p>\n<p>N\u00e4r ett ord slutar O det \u00e4r Maskulinum:\u00a0 El ni\u00f1o\u00a0 \u00a0\/ Los ni\u00f1os<\/p>\n<h5><em>N\u00e4r det slutar med Konsonant som SE\u00d1O<span style=\"color: #ff0000\">R<\/span> , och ni vill g\u00f6ra dem plural maste ni placeras en <span style=\"color: #ff0000\">ES\u00a0 \u00a0<\/span>\u00a0 \u00a0 \u00a0 \u00a0 \u00a0 \u00a0<\/em><\/h5>\n<h5><em> Ejemplo: Los se\u00f1or<span style=\"color: #ff0000\">es\u00a0<\/span><\/em><\/h5>\n<h4><\/h4>\n<h4><\/h4>\n<h4><span style=\"color: #993366\">Tarea:<\/span><\/h4>\n<p>Ni fick en Kopia i lektionen:\u00a0 ARTIKLARNA \u00f6vning 6 b ska ni g\u00f6ras.<\/p>\n<h4><span style=\"color: #993366\">Tarea:<\/span><\/h4>\n<hr \/>\n<h5><a href=\"http:\/\/blogg.folkuniversitetet.nu\/velesa\/files\/2020\/10\/blogg-nyborjare-Artiklar.pdf\">blogg nyb\u00f6rjare Artiklar<\/a><\/h5>\n<p>&nbsp;<\/p>\n","protected":false},"excerpt":{"rendered":"<p>Hola Chicos Clase 5 Vi arbetade med sidor 19: \u00f6vning 6 y 7 om ni vill ni kan \u00f6va lite HEMMA\u00a0 och g\u00f6ra sina egna dialoger som \u00f6vning 6\u00a0 (detta \u00e4r inte l\u00e4xa de som vill kan g\u00f6ra och jag kan korrigera dem. Tarea: \u00f6vning 8 sida 19. F\u00f6rs\u00f6ka g\u00f6ra en text lite langt, den\u00a0 &hellip; <a href=\"https:\/\/blogg.folkuniversitetet.nu\/velesa\/vecka-5-2\/\" class=\"more-link\">Forts\u00e4tt l\u00e4sa <span class=\"screen-reader-text\">SEM 5<\/span> <span class=\"meta-nav\">&rarr;<\/span><\/a><\/p>\n","protected":false},"author":825,"featured_media":0,"parent":0,"menu_order":0,"comment_status":"closed","ping_status":"closed","template":"","meta":{"footnotes":""},"class_list":["post-136","page","type-page","status-publish","hentry"],"_links":{"self":[{"href":"https:\/\/blogg.folkuniversitetet.nu\/velesa\/wp-json\/wp\/v2\/pages\/136","targetHints":{"allow":["GET"]}}],"collection":[{"href":"https:\/\/blogg.folkuniversitetet.nu\/velesa\/wp-json\/wp\/v2\/pages"}],"about":[{"href":"https:\/\/blogg.folkuniversitetet.nu\/velesa\/wp-json\/wp\/v2\/types\/page"}],"author":[{"embeddable":true,"href":"https:\/\/blogg.folkuniversitetet.nu\/velesa\/wp-json\/wp\/v2\/users\/825"}],"replies":[{"embeddable":true,"href":"https:\/\/blogg.folkuniversitetet.nu\/velesa\/wp-json\/wp\/v2\/comments?post=136"}],"version-history":[{"count":5,"href":"https:\/\/blogg.folkuniversitetet.nu\/velesa\/wp-json\/wp\/v2\/pages\/136\/revisions"}],"predecessor-version":[{"id":778,"href":"https:\/\/blogg.folkuniversitetet.nu\/velesa\/wp-json\/wp\/v2\/pages\/136\/revisions\/778"}],"wp:attachment":[{"href":"https:\/\/blogg.folkuniversitetet.nu\/velesa\/wp-json\/wp\/v2\/media?parent=136"}],"curies":[{"name":"wp","href":"https:\/\/api.w.org\/{rel}","templated":true}]}}