{"id":8403,"date":"2024-02-12T15:16:54","date_gmt":"2024-02-12T15:16:54","guid":{"rendered":"https:\/\/blogg.folkuniversitetet.nu\/tornst\/?page_id=8403"},"modified":"2025-11-26T15:07:18","modified_gmt":"2025-11-26T15:07:18","slug":"en-presentation-2","status":"publish","type":"page","link":"https:\/\/blogg.folkuniversitetet.nu\/tornst\/en-presentation-2\/","title":{"rendered":"En presentation"},"content":{"rendered":"<p>Hej!<br \/>\nJag heter Stina och jobbar som l\u00e4rare i svenska p\u00e5 Folkuniversitetet. Jag har jobbat h\u00e4r i femton \u00e5r. \u00a0Jag \u00e4r utbildad gymnasiel\u00e4rare i svenska som andraspr\u00e5k och spanska. \u00a0Jag bor i R\u00e5gsved med mina tv\u00e5 barn. Jag har tv\u00e5 d\u00f6ttrar som \u00e4r \u00a0sjutton och arton \u00e5r gamla. Jag \u00e4r 52 \u00e5r. Tiden g\u00e5r s\u00e5 snabbt!<\/p>\n<p>Jag talar svenska, engelska, spanska , lite finska och lite italienska. Jag studerar finska och italienska p\u00e5 fritiden. N\u00e4r jag \u00e4r ledig tr\u00e4ffar jag v\u00e4nner, dansar, g\u00e5r p\u00e5 gympa eller l\u00e4ser b\u00f6cker. Jag gillar att g\u00e5 p\u00e5 bio och se filmer men jag hinner tyv\u00e4rr inte g\u00f6ra det s\u00e5 ofta. En av mina favoritfilmer \u00e4r den finska filmen Mannen utan minne. Fargo \u00e4r en annan favoritfilm. Jag gillar att resa ocks\u00e5. Jag dr\u00f6mmer om att \u00a0\u00e5ka och h\u00e4lsa p\u00e5 min syster som bor i Barcelona.<\/p>\n","protected":false},"excerpt":{"rendered":"<p>Hej! Jag heter Stina och jobbar som l\u00e4rare i svenska p\u00e5 Folkuniversitetet. Jag har jobbat h\u00e4r i femton \u00e5r. \u00a0Jag \u00e4r utbildad gymnasiel\u00e4rare i svenska som andraspr\u00e5k och spanska. \u00a0Jag bor i R\u00e5gsved med mina tv\u00e5 barn. Jag har tv\u00e5 d\u00f6ttrar som \u00e4r \u00a0sjutton och arton \u00e5r gamla. Jag \u00e4r 52 \u00e5r. Tiden g\u00e5r s\u00e5 [&hellip;]<\/p>\n","protected":false},"author":116,"featured_media":0,"parent":0,"menu_order":0,"comment_status":"closed","ping_status":"closed","template":"","meta":{"footnotes":""},"class_list":["post-8403","page","type-page","status-publish","hentry","post-preview"],"_links":{"self":[{"href":"https:\/\/blogg.folkuniversitetet.nu\/tornst\/wp-json\/wp\/v2\/pages\/8403","targetHints":{"allow":["GET"]}}],"collection":[{"href":"https:\/\/blogg.folkuniversitetet.nu\/tornst\/wp-json\/wp\/v2\/pages"}],"about":[{"href":"https:\/\/blogg.folkuniversitetet.nu\/tornst\/wp-json\/wp\/v2\/types\/page"}],"author":[{"embeddable":true,"href":"https:\/\/blogg.folkuniversitetet.nu\/tornst\/wp-json\/wp\/v2\/users\/116"}],"replies":[{"embeddable":true,"href":"https:\/\/blogg.folkuniversitetet.nu\/tornst\/wp-json\/wp\/v2\/comments?post=8403"}],"version-history":[{"count":9,"href":"https:\/\/blogg.folkuniversitetet.nu\/tornst\/wp-json\/wp\/v2\/pages\/8403\/revisions"}],"predecessor-version":[{"id":10304,"href":"https:\/\/blogg.folkuniversitetet.nu\/tornst\/wp-json\/wp\/v2\/pages\/8403\/revisions\/10304"}],"wp:attachment":[{"href":"https:\/\/blogg.folkuniversitetet.nu\/tornst\/wp-json\/wp\/v2\/media?parent=8403"}],"curies":[{"name":"wp","href":"https:\/\/api.w.org\/{rel}","templated":true}]}}