{"id":563,"date":"2014-09-29T11:07:22","date_gmt":"2014-09-29T10:07:22","guid":{"rendered":"http:\/\/blogg.folkuniversitetet.nu\/sugisu3\/?page_id=563"},"modified":"2014-09-30T10:09:28","modified_gmt":"2014-09-30T09:09:28","slug":"onedrive-alternativ-till-g-drive","status":"publish","type":"page","link":"https:\/\/blogg.folkuniversitetet.nu\/sugisu3\/onedrive-alternativ-till-g-drive\/","title":{"rendered":"OneDrive- alternativ till G-Drive?"},"content":{"rendered":"<p>Du som har Hotmail\/Outlook-OneDrive kan delar precis som p\u00e5\u00a0G-Drive.<\/p>\n<p><iframe loading=\"lazy\" title=\"How to Use OneDrive to Edit and Share Files\" width=\"500\" height=\"281\" src=\"https:\/\/www.youtube.com\/embed\/fjV73_rzKPY?feature=oembed\" frameborder=\"0\" allow=\"accelerometer; autoplay; clipboard-write; encrypted-media; gyroscope; picture-in-picture; web-share\" referrerpolicy=\"strict-origin-when-cross-origin\" allowfullscreen><\/iframe><\/p>\n<p>&nbsp;<\/p>\n<h3><span style=\"color: #0000ff\"><strong>OneDrive<\/strong><\/span>\u00a0p\u00e5 <span style=\"color: #0000ff\"><span style=\"color: #000000\">FUs\u00a0<\/span><strong>Office365<\/strong><\/span><\/h3>\n<p>L\u00e4rare som har FU-mejladress har tillg\u00e5ng till <strong>OneDrive<\/strong>.<\/p>\n<p><a href=\"http:\/\/blogg.folkuniversitetet.nu\/sugisu3\/files\/2014\/03\/obs.gif\"><img loading=\"lazy\" decoding=\"async\" class=\"alignleft size-full wp-image-162\" src=\"http:\/\/blogg.folkuniversitetet.nu\/sugisu3\/files\/2014\/03\/obs.gif\" alt=\"obs\" width=\"28\" height=\"11\" \/><\/a>\u00a0Du kan dela filer precis som p\u00e5 G-Drive <span style=\"color: #ff0000\">om elevers ocks\u00e5 har Outlook\/Hotmail<\/span>.<\/p>\n<p>F\u00f6r mer information, v.g.bes\u00f6k FUs Supportportalen.<\/p>\n<p>&nbsp;<\/p>\n<p>Det finns <span style=\"text-decoration: underline\">appar samt mjukvaror f\u00f6r att installera p\u00e5 din dator<\/span>.<\/p>\n<p><a href=\"http:\/\/blogg.folkuniversitetet.nu\/sugisu3\/files\/2014\/03\/obs.gif\"><img loading=\"lazy\" decoding=\"async\" class=\"alignleft size-full wp-image-162\" src=\"http:\/\/blogg.folkuniversitetet.nu\/sugisu3\/files\/2014\/03\/obs.gif\" alt=\"obs\" width=\"28\" height=\"11\" \/><\/a><\/p>\n<p>V\u00e4lj <strong><span style=\"color: #0000ff\">OneDrive f\u00f6r Business<\/span><\/strong>!<\/p>\n<p><a href=\"https:\/\/onedrive.live.com\/about\/en-us\/download\/\">https:\/\/onedrive.live.com\/about\/en-us\/download\/<\/a><\/p>\n<p><a href=\"http:\/\/blogg.folkuniversitetet.nu\/sugisu3\/files\/2014\/09\/onedrive.jpg\"><img loading=\"lazy\" decoding=\"async\" class=\"alignleft wp-image-571 \" src=\"http:\/\/blogg.folkuniversitetet.nu\/sugisu3\/files\/2014\/09\/onedrive.jpg\" alt=\"onedrive\" width=\"665\" height=\"420\" srcset=\"https:\/\/blogg.folkuniversitetet.nu\/sugisu3\/files\/2014\/09\/onedrive.jpg 1019w, https:\/\/blogg.folkuniversitetet.nu\/sugisu3\/files\/2014\/09\/onedrive-300x189.jpg 300w\" sizes=\"auto, (max-width: 665px) 100vw, 665px\" \/><\/a><\/p>\n","protected":false},"excerpt":{"rendered":"<p>Du som har Hotmail\/Outlook-OneDrive kan delar precis som p\u00e5\u00a0G-Drive. &nbsp; OneDrive\u00a0p\u00e5 FUs\u00a0Office365 L\u00e4rare som har FU-mejladress har tillg\u00e5ng till OneDrive. <a href=\"http:\/\/blogg.folkuniversitetet.nu\/sugisu3\/files\/2014\/03\/obs.gif\"><\/a>\u00a0Du kan dela filer precis som p\u00e5 G-Drive om elevers ocks\u00e5 har Outlook\/Hotmail. F\u00f6r mer information, v.g.bes\u00f6k FUs Supportportalen. &nbsp; Det finns appar samt mjukvaror f\u00f6r att installera p\u00e5 din dator. <a href=\"http:\/\/blogg.folkuniversitetet.nu\/sugisu3\/files\/2014\/03\/obs.gif\"><\/a> V\u00e4lj [&#8230;]<\/p>\n","protected":false},"author":4,"featured_media":0,"parent":0,"menu_order":0,"comment_status":"open","ping_status":"open","template":"","meta":{"footnotes":""},"class_list":["post-563","page","type-page","status-publish","hentry"],"_links":{"self":[{"href":"https:\/\/blogg.folkuniversitetet.nu\/sugisu3\/wp-json\/wp\/v2\/pages\/563","targetHints":{"allow":["GET"]}}],"collection":[{"href":"https:\/\/blogg.folkuniversitetet.nu\/sugisu3\/wp-json\/wp\/v2\/pages"}],"about":[{"href":"https:\/\/blogg.folkuniversitetet.nu\/sugisu3\/wp-json\/wp\/v2\/types\/page"}],"author":[{"embeddable":true,"href":"https:\/\/blogg.folkuniversitetet.nu\/sugisu3\/wp-json\/wp\/v2\/users\/4"}],"replies":[{"embeddable":true,"href":"https:\/\/blogg.folkuniversitetet.nu\/sugisu3\/wp-json\/wp\/v2\/comments?post=563"}],"version-history":[{"count":9,"href":"https:\/\/blogg.folkuniversitetet.nu\/sugisu3\/wp-json\/wp\/v2\/pages\/563\/revisions"}],"predecessor-version":[{"id":578,"href":"https:\/\/blogg.folkuniversitetet.nu\/sugisu3\/wp-json\/wp\/v2\/pages\/563\/revisions\/578"}],"wp:attachment":[{"href":"https:\/\/blogg.folkuniversitetet.nu\/sugisu3\/wp-json\/wp\/v2\/media?parent=563"}],"curies":[{"name":"wp","href":"https:\/\/api.w.org\/{rel}","templated":true}]}}