{"id":388,"date":"2014-05-12T12:49:49","date_gmt":"2014-05-12T11:49:49","guid":{"rendered":"http:\/\/blogg.folkuniversitetet.nu\/sugisu\/?page_id=388"},"modified":"2014-05-23T08:22:29","modified_gmt":"2014-05-23T07:22:29","slug":"obs-nar-du-anvandar-digitala-verktyg","status":"publish","type":"page","link":"https:\/\/blogg.folkuniversitetet.nu\/sugisu3\/obs-nar-du-anvandar-digitala-verktyg\/","title":{"rendered":"OBS! n\u00e4r du anv\u00e4ndar digitala verktyg!"},"content":{"rendered":"<h4><span style=\"font-size: 1em;line-height: 1.5em\">1. Fundera noggrann om du inte anv\u00e4nder f\u00f6r mycket tid f\u00f6r tekniska delen.<\/span><\/h4>\n<p>Om kursdeltagare tillbringar mer tid med tekniska delen \u00e4n syften av klassrumsaktiviteten, d\u00e5 \u00e4r det inte bra. Jag var med en konferens f\u00f6rra veckan. En f\u00f6rel\u00e4sare presenterade en presentation av en elev. Det var mycket &#8220;flash&#8221; med animation och foto, men vad var syften? Att ber\u00e4tta om sin familj. Om denna elev tillbringade mer tid \u00e4n inneh\u00e5llet sj\u00e4lv, d\u00e5 undrar jag om det inte \u00e4r bra s\u00e4tt att blanda in teknik. Kom ih\u00e5g att utbildning vanligtvis \u00e4r gratis i Sverige, men varje minut kostar pengar hos oss! Kursdeltagare kan vara bra konsument som har bra koll p\u00e5 detta!<\/p>\n<h4>2. Planera noggrann du inte anv\u00e4nder f\u00f6r mycket tid.<\/h4>\n<p>Min policy \u00e4r max. 10 min. varje material. N\u00e4r det inte fanns mobil verktyg, tenderade man vara kr\u00e4sen om kvalitet, t.ex. ljud eller video. Men p\u00e5 mobil verktyg kan man inte g\u00f6ra lika mycket som dator f\u00f6r att sk\u00e4rpa upp material, vilket \u00e4r bra f\u00f6r l\u00e4rare som alltid har tidsbrist, tycker jag!<\/p>\n<h4>3. V\u00e4lj copyright free bild!<\/h4>\n<p>Man kan l\u00e4tt hitta copyright free bilder p\u00e5 olika platser:<\/p>\n<p><strong><span style=\"color: #008000\">1) Google Images<\/span><\/strong><\/p>\n<p>Search tools &gt; More tools &gt; ditt val<\/p>\n<p><a href=\"http:\/\/blogg.folkuniversitetet.nu\/sugisu3\/files\/2014\/05\/11.jpg\"><img loading=\"lazy\" decoding=\"async\" class=\"aligncenter size-full wp-image-395\" alt=\"1\" src=\"http:\/\/blogg.folkuniversitetet.nu\/sugisu3\/files\/2014\/05\/11.jpg\" width=\"1000\" height=\"490\" srcset=\"https:\/\/blogg.folkuniversitetet.nu\/sugisu3\/files\/2014\/05\/11.jpg 1000w, https:\/\/blogg.folkuniversitetet.nu\/sugisu3\/files\/2014\/05\/11-300x147.jpg 300w\" sizes=\"auto, (max-width: 1000px) 100vw, 1000px\" \/><\/a><\/p>\n<p>2) <strong><span style=\"color: #008000\">Microsoft images<\/span><\/strong><\/p>\n<p><a href=\"http:\/\/office.microsoft.com\/en-us\/images\/business-CM079001906.aspx\">http:\/\/office.microsoft.com\/en-us\/images\/business-CM079001906.aspx<\/a><\/p>\n<p>3) <strong><span style=\"color: #008000\">GettyImages<\/span><\/strong><\/p>\n<p><a href=\"http:\/\/www.gettyimages.se\/creativeimages\/royaltyfree\">http:\/\/www.gettyimages.se\/creativeimages\/royaltyfree<\/a><\/p>\n<p>4) <strong><span style=\"color: #008000\">Wikimedia Commons<\/span><\/strong><\/p>\n<p><a href=\"http:\/\/commons.wikimedia.org\/wiki\/Main_Page\">http:\/\/commons.wikimedia.org\/wiki\/Main_Page<\/a><\/p>\n<p>5)\u00a0<span style=\"color: #008000\"><strong>Flickr<\/strong><\/span><\/p>\n<p><a href=\"https:\/\/www.flickr.com\/\">https:\/\/www.flickr.com\/<\/a><\/p>\n<p><a href=\"http:\/\/blogg.folkuniversitetet.nu\/sugisu3\/files\/2014\/05\/12.jpg\"><img loading=\"lazy\" decoding=\"async\" class=\"wp-image-461 aligncenter\" alt=\"1\" src=\"http:\/\/blogg.folkuniversitetet.nu\/sugisu3\/files\/2014\/05\/12.jpg\" width=\"448\" height=\"222\" srcset=\"https:\/\/blogg.folkuniversitetet.nu\/sugisu3\/files\/2014\/05\/12.jpg 700w, https:\/\/blogg.folkuniversitetet.nu\/sugisu3\/files\/2014\/05\/12-300x148.jpg 300w\" sizes=\"auto, (max-width: 448px) 100vw, 448px\" \/><\/a><\/p>\n<p><a href=\"http:\/\/blogg.folkuniversitetet.nu\/sugisu3\/files\/2014\/05\/3.jpg\"><img loading=\"lazy\" decoding=\"async\" class=\"wp-image-462 aligncenter\" alt=\"3\" src=\"http:\/\/blogg.folkuniversitetet.nu\/sugisu3\/files\/2014\/05\/3.jpg\" width=\"443\" height=\"219\" srcset=\"https:\/\/blogg.folkuniversitetet.nu\/sugisu3\/files\/2014\/05\/3.jpg 700w, https:\/\/blogg.folkuniversitetet.nu\/sugisu3\/files\/2014\/05\/3-300x148.jpg 300w\" sizes=\"auto, (max-width: 443px) 100vw, 443px\" \/><\/a><\/p>\n<p><strong><span style=\"color: #ff0000\">FK:<\/span><\/strong> Creative Commons<\/p>\n<p><a href=\"http:\/\/blogg.folkuniversitetet.nu\/sugisu3\/modul-6-natpedagogik\/\">http:\/\/blogg.folkuniversitetet.nu\/sugisu3\/modul-6-natpedagogik\/<\/a><\/p>\n<p>&nbsp;<\/p>\n<h4>4. YouTube Copyright School<\/h4>\n<p><a href=\"https:\/\/www.youtube.com\/copyright_school\">https:\/\/www.youtube.com\/copyright_school<\/a><\/p>\n","protected":false},"excerpt":{"rendered":"<p>1. Fundera noggrann om du inte anv\u00e4nder f\u00f6r mycket tid f\u00f6r tekniska delen. Om kursdeltagare tillbringar mer tid med tekniska delen \u00e4n syften av klassrumsaktiviteten, d\u00e5 \u00e4r det inte bra. Jag var med en konferens f\u00f6rra veckan. En f\u00f6rel\u00e4sare presenterade en presentation av en elev. Det var mycket &#8220;flash&#8221; med animation och foto, men vad [&#8230;]<\/p>\n","protected":false},"author":4,"featured_media":0,"parent":0,"menu_order":0,"comment_status":"open","ping_status":"open","template":"","meta":{"footnotes":""},"class_list":["post-388","page","type-page","status-publish","hentry"],"_links":{"self":[{"href":"https:\/\/blogg.folkuniversitetet.nu\/sugisu3\/wp-json\/wp\/v2\/pages\/388","targetHints":{"allow":["GET"]}}],"collection":[{"href":"https:\/\/blogg.folkuniversitetet.nu\/sugisu3\/wp-json\/wp\/v2\/pages"}],"about":[{"href":"https:\/\/blogg.folkuniversitetet.nu\/sugisu3\/wp-json\/wp\/v2\/types\/page"}],"author":[{"embeddable":true,"href":"https:\/\/blogg.folkuniversitetet.nu\/sugisu3\/wp-json\/wp\/v2\/users\/4"}],"replies":[{"embeddable":true,"href":"https:\/\/blogg.folkuniversitetet.nu\/sugisu3\/wp-json\/wp\/v2\/comments?post=388"}],"version-history":[{"count":9,"href":"https:\/\/blogg.folkuniversitetet.nu\/sugisu3\/wp-json\/wp\/v2\/pages\/388\/revisions"}],"predecessor-version":[{"id":467,"href":"https:\/\/blogg.folkuniversitetet.nu\/sugisu3\/wp-json\/wp\/v2\/pages\/388\/revisions\/467"}],"wp:attachment":[{"href":"https:\/\/blogg.folkuniversitetet.nu\/sugisu3\/wp-json\/wp\/v2\/media?parent=388"}],"curies":[{"name":"wp","href":"https:\/\/api.w.org\/{rel}","templated":true}]}}