{"id":51,"date":"2014-11-25T20:35:05","date_gmt":"2014-11-25T20:35:05","guid":{"rendered":"http:\/\/blogg.folkuniversitetet.nu\/spanska\/?page_id=51"},"modified":"2014-12-13T13:21:53","modified_gmt":"2014-12-13T13:21:53","slug":"verbos-presente","status":"publish","type":"page","link":"https:\/\/blogg.folkuniversitetet.nu\/spanska\/a1\/a1-ejercicios\/videos\/verbos-presente\/","title":{"rendered":"Verbos. Presente"},"content":{"rendered":"<p><a href=\"https:\/\/www.youtube.com\/watch?v=fTQFhTg2dZ0&amp;index=20&amp;list=PL29747CBC28F65045\" target=\"_blank\">En el presente<\/a><\/p>\n<p>Un video para practicar diferentes formas del presente en espa\u00f1ol.<\/p>\n<p><em>En video f\u00f6r att \u00f6va olika former av presens p\u00e5 spanska.<\/em><\/p>\n","protected":false},"excerpt":{"rendered":"<p>En el presente Un video para practicar diferentes formas del presente en espa\u00f1ol. En video f\u00f6r att \u00f6va olika former av presens p\u00e5 spanska.<\/p>\n","protected":false},"author":254,"featured_media":0,"parent":43,"menu_order":0,"comment_status":"open","ping_status":"open","template":"","meta":{"footnotes":""},"class_list":["post-51","page","type-page","status-publish","hentry"],"_links":{"self":[{"href":"https:\/\/blogg.folkuniversitetet.nu\/spanska\/wp-json\/wp\/v2\/pages\/51","targetHints":{"allow":["GET"]}}],"collection":[{"href":"https:\/\/blogg.folkuniversitetet.nu\/spanska\/wp-json\/wp\/v2\/pages"}],"about":[{"href":"https:\/\/blogg.folkuniversitetet.nu\/spanska\/wp-json\/wp\/v2\/types\/page"}],"author":[{"embeddable":true,"href":"https:\/\/blogg.folkuniversitetet.nu\/spanska\/wp-json\/wp\/v2\/users\/254"}],"replies":[{"embeddable":true,"href":"https:\/\/blogg.folkuniversitetet.nu\/spanska\/wp-json\/wp\/v2\/comments?post=51"}],"version-history":[{"count":2,"href":"https:\/\/blogg.folkuniversitetet.nu\/spanska\/wp-json\/wp\/v2\/pages\/51\/revisions"}],"predecessor-version":[{"id":142,"href":"https:\/\/blogg.folkuniversitetet.nu\/spanska\/wp-json\/wp\/v2\/pages\/51\/revisions\/142"}],"up":[{"embeddable":true,"href":"https:\/\/blogg.folkuniversitetet.nu\/spanska\/wp-json\/wp\/v2\/pages\/43"}],"wp:attachment":[{"href":"https:\/\/blogg.folkuniversitetet.nu\/spanska\/wp-json\/wp\/v2\/media?parent=51"}],"curies":[{"name":"wp","href":"https:\/\/api.w.org\/{rel}","templated":true}]}}