{"id":49,"date":"2014-11-25T20:32:19","date_gmt":"2014-11-25T20:32:19","guid":{"rendered":"http:\/\/blogg.folkuniversitetet.nu\/spanska\/?page_id=49"},"modified":"2014-12-13T13:16:15","modified_gmt":"2014-12-13T13:16:15","slug":"en-un-restaurante","status":"publish","type":"page","link":"https:\/\/blogg.folkuniversitetet.nu\/spanska\/a1\/a1-ejercicios\/videos\/en-un-restaurante\/","title":{"rendered":"En un restaurante"},"content":{"rendered":"<p>Aqu\u00ed puedes ver un video en el que cuatro personas hablan de lo que van a pedir en diferentes restaurantes.<\/p>\n<p><em>H\u00e4r kan du se en video d\u00e4r fyra personer pratar om det som de kommer att best\u00e4lla p\u00e5 olika restauranger.<\/em><\/p>\n<p><a href=\"http:\/\/www.youtube.com\/watch?v=XYbbOu7lFC4\" target=\"_blank\">Hablemos de comida<\/a><\/p>\n","protected":false},"excerpt":{"rendered":"<p>Aqu\u00ed puedes ver un video en el que cuatro personas hablan de lo que van a pedir en diferentes restaurantes. H\u00e4r kan du se en video d\u00e4r fyra personer pratar om det som de kommer att best\u00e4lla p\u00e5 olika restauranger. &hellip; <a href=\"https:\/\/blogg.folkuniversitetet.nu\/spanska\/a1\/a1-ejercicios\/videos\/en-un-restaurante\/\">Forts\u00e4tt l\u00e4sa <span class=\"meta-nav\">&rarr;<\/span><\/a><\/p>\n","protected":false},"author":254,"featured_media":0,"parent":43,"menu_order":0,"comment_status":"open","ping_status":"open","template":"","meta":{"footnotes":""},"class_list":["post-49","page","type-page","status-publish","hentry"],"_links":{"self":[{"href":"https:\/\/blogg.folkuniversitetet.nu\/spanska\/wp-json\/wp\/v2\/pages\/49","targetHints":{"allow":["GET"]}}],"collection":[{"href":"https:\/\/blogg.folkuniversitetet.nu\/spanska\/wp-json\/wp\/v2\/pages"}],"about":[{"href":"https:\/\/blogg.folkuniversitetet.nu\/spanska\/wp-json\/wp\/v2\/types\/page"}],"author":[{"embeddable":true,"href":"https:\/\/blogg.folkuniversitetet.nu\/spanska\/wp-json\/wp\/v2\/users\/254"}],"replies":[{"embeddable":true,"href":"https:\/\/blogg.folkuniversitetet.nu\/spanska\/wp-json\/wp\/v2\/comments?post=49"}],"version-history":[{"count":3,"href":"https:\/\/blogg.folkuniversitetet.nu\/spanska\/wp-json\/wp\/v2\/pages\/49\/revisions"}],"predecessor-version":[{"id":141,"href":"https:\/\/blogg.folkuniversitetet.nu\/spanska\/wp-json\/wp\/v2\/pages\/49\/revisions\/141"}],"up":[{"embeddable":true,"href":"https:\/\/blogg.folkuniversitetet.nu\/spanska\/wp-json\/wp\/v2\/pages\/43"}],"wp:attachment":[{"href":"https:\/\/blogg.folkuniversitetet.nu\/spanska\/wp-json\/wp\/v2\/media?parent=49"}],"curies":[{"name":"wp","href":"https:\/\/api.w.org\/{rel}","templated":true}]}}