{"id":47,"date":"2014-11-25T20:27:51","date_gmt":"2014-11-25T20:27:51","guid":{"rendered":"http:\/\/blogg.folkuniversitetet.nu\/spanska\/?page_id=47"},"modified":"2014-12-13T13:40:15","modified_gmt":"2014-12-13T13:40:15","slug":"cortometraje-ana-y-manuel","status":"publish","type":"page","link":"https:\/\/blogg.folkuniversitetet.nu\/spanska\/otros\/cine\/cortometraje-ana-y-manuel\/","title":{"rendered":"Cortometraje: Ana y Manuel"},"content":{"rendered":"<p>Un cortometraje con subt\u00edtulos en espa\u00f1ol con una de las actrices espa\u00f1olas m\u00e1s conocidas del momento. \u00bfSabes qui\u00e9n es?<\/p>\n<p><em>En spansk kortfilm med spansk undertext med en av de mest k\u00e4nda spanska sk\u00e5despelarna just nu. K\u00e4nner du till henne?<\/em><\/p>\n<p><a href=\"https:\/\/www.youtube.com\/watch?v=JAQIJLv7stc\" target=\"_blank\">Ana y Manuel<\/a><\/p>\n","protected":false},"excerpt":{"rendered":"<p>Un cortometraje con subt\u00edtulos en espa\u00f1ol con una de las actrices espa\u00f1olas m\u00e1s conocidas del momento. \u00bfSabes qui\u00e9n es? En spansk kortfilm med spansk undertext med en av de mest k\u00e4nda spanska sk\u00e5despelarna just nu. K\u00e4nner du till henne? Ana &hellip; <a href=\"https:\/\/blogg.folkuniversitetet.nu\/spanska\/otros\/cine\/cortometraje-ana-y-manuel\/\">Forts\u00e4tt l\u00e4sa <span class=\"meta-nav\">&rarr;<\/span><\/a><\/p>\n","protected":false},"author":254,"featured_media":0,"parent":70,"menu_order":0,"comment_status":"open","ping_status":"open","template":"","meta":{"footnotes":""},"class_list":["post-47","page","type-page","status-publish","hentry"],"_links":{"self":[{"href":"https:\/\/blogg.folkuniversitetet.nu\/spanska\/wp-json\/wp\/v2\/pages\/47","targetHints":{"allow":["GET"]}}],"collection":[{"href":"https:\/\/blogg.folkuniversitetet.nu\/spanska\/wp-json\/wp\/v2\/pages"}],"about":[{"href":"https:\/\/blogg.folkuniversitetet.nu\/spanska\/wp-json\/wp\/v2\/types\/page"}],"author":[{"embeddable":true,"href":"https:\/\/blogg.folkuniversitetet.nu\/spanska\/wp-json\/wp\/v2\/users\/254"}],"replies":[{"embeddable":true,"href":"https:\/\/blogg.folkuniversitetet.nu\/spanska\/wp-json\/wp\/v2\/comments?post=47"}],"version-history":[{"count":4,"href":"https:\/\/blogg.folkuniversitetet.nu\/spanska\/wp-json\/wp\/v2\/pages\/47\/revisions"}],"predecessor-version":[{"id":154,"href":"https:\/\/blogg.folkuniversitetet.nu\/spanska\/wp-json\/wp\/v2\/pages\/47\/revisions\/154"}],"up":[{"embeddable":true,"href":"https:\/\/blogg.folkuniversitetet.nu\/spanska\/wp-json\/wp\/v2\/pages\/70"}],"wp:attachment":[{"href":"https:\/\/blogg.folkuniversitetet.nu\/spanska\/wp-json\/wp\/v2\/media?parent=47"}],"curies":[{"name":"wp","href":"https:\/\/api.w.org\/{rel}","templated":true}]}}