{"id":180,"date":"2014-12-14T11:01:01","date_gmt":"2014-12-14T11:01:01","guid":{"rendered":"http:\/\/blogg.folkuniversitetet.nu\/spanska\/?page_id=180"},"modified":"2014-12-14T19:34:09","modified_gmt":"2014-12-14T19:34:09","slug":"esta-manana-preterito-perfecto","status":"publish","type":"page","link":"https:\/\/blogg.folkuniversitetet.nu\/spanska\/a2\/a2-ejercicios\/ejercicios-audio\/esta-manana-preterito-perfecto\/","title":{"rendered":"Este fin de semana&#8230; (pret\u00e9rito perfecto)"},"content":{"rendered":"<p>Escucha el texto y f\u00edjate en c\u00f3mo se utiliza el Pret\u00e9rito Perfecto. Puedes leer el texto mientras lo escuchas, despu\u00e9s grabalo t\u00fa para pr\u00e1cticar. \u00a1Env\u00edalo a tu profesor o d\u00e9jalo en los comentarios de esta p\u00e1gina del blog!<\/p>\n<p><em>Lyssna p\u00e5 texten och var uppm\u00e4rksam p\u00e5 hur de anv\u00e4nder Pret\u00e9rito Perfecto (Perfekt). Du kan l\u00e4sa texten medan du lyssnar, sen kan du spela in dig sj\u00e4lv f\u00f6r att \u00f6va. Skicka din inspelning till din l\u00e4rare eller l\u00e4mna den i kommentarsf\u00e4ltet!<\/em><\/p>\n<p><strong>Texto:\u00a0<\/strong>\u00a0 <a href=\"http:\/\/vocaroo.com\/i\/s0bvhcWU3vzr\" target=\"_blank\">http:\/\/vocaroo.com\/i\/s0bvhcWU3vzr<strong><br \/>\n<\/strong><\/a><\/p>\n<p>Este fin de semana he ido a Barcelona. All\u00ed he visitado a mi amiga Marta, Marta vive en un piso muy bonito cerca de las Ramblas. Marta y yo hemos hecho muchas cosas, hemos visitado la Sagrada Familia, hemos paseado por la playa de la Barceloneta y hemos comido unas tapas muy buenas. Tambi\u00e9n hemos salido a tomar una copa y hemos cenado en un restaurante en Plaza Catalunya. \u00a1Me le he pasado muy bien en Barcelona este fin de semana!<\/p>\n<p>&nbsp;<\/p>\n<p>Para grabar tu ejercicio pincha <a href=\"http:\/\/vocaroo.com\/\" target=\"_blank\">aqu\u00ed<\/a>. \/ F\u00f6r att spela in din \u00f6vning tryck<a href=\"http:\/\/vocaroo.com\/\" target=\"_blank\"> h\u00e4r<\/a>.<\/p>\n<p>&nbsp;<\/p>\n","protected":false},"excerpt":{"rendered":"<p>Escucha el texto y f\u00edjate en c\u00f3mo se utiliza el Pret\u00e9rito Perfecto. Puedes leer el texto mientras lo escuchas, despu\u00e9s grabalo t\u00fa para pr\u00e1cticar. \u00a1Env\u00edalo a tu profesor o d\u00e9jalo en los comentarios de esta p\u00e1gina del blog! Lyssna p\u00e5 &hellip; <a href=\"https:\/\/blogg.folkuniversitetet.nu\/spanska\/a2\/a2-ejercicios\/ejercicios-audio\/esta-manana-preterito-perfecto\/\">Forts\u00e4tt l\u00e4sa <span class=\"meta-nav\">&rarr;<\/span><\/a><\/p>\n","protected":false},"author":254,"featured_media":0,"parent":178,"menu_order":1,"comment_status":"open","ping_status":"open","template":"","meta":{"footnotes":""},"class_list":["post-180","page","type-page","status-publish","hentry"],"_links":{"self":[{"href":"https:\/\/blogg.folkuniversitetet.nu\/spanska\/wp-json\/wp\/v2\/pages\/180","targetHints":{"allow":["GET"]}}],"collection":[{"href":"https:\/\/blogg.folkuniversitetet.nu\/spanska\/wp-json\/wp\/v2\/pages"}],"about":[{"href":"https:\/\/blogg.folkuniversitetet.nu\/spanska\/wp-json\/wp\/v2\/types\/page"}],"author":[{"embeddable":true,"href":"https:\/\/blogg.folkuniversitetet.nu\/spanska\/wp-json\/wp\/v2\/users\/254"}],"replies":[{"embeddable":true,"href":"https:\/\/blogg.folkuniversitetet.nu\/spanska\/wp-json\/wp\/v2\/comments?post=180"}],"version-history":[{"count":5,"href":"https:\/\/blogg.folkuniversitetet.nu\/spanska\/wp-json\/wp\/v2\/pages\/180\/revisions"}],"predecessor-version":[{"id":223,"href":"https:\/\/blogg.folkuniversitetet.nu\/spanska\/wp-json\/wp\/v2\/pages\/180\/revisions\/223"}],"up":[{"embeddable":true,"href":"https:\/\/blogg.folkuniversitetet.nu\/spanska\/wp-json\/wp\/v2\/pages\/178"}],"wp:attachment":[{"href":"https:\/\/blogg.folkuniversitetet.nu\/spanska\/wp-json\/wp\/v2\/media?parent=180"}],"curies":[{"name":"wp","href":"https:\/\/api.w.org\/{rel}","templated":true}]}}