{"id":113,"date":"2014-12-13T09:40:38","date_gmt":"2014-12-13T09:40:38","guid":{"rendered":"http:\/\/blogg.folkuniversitetet.nu\/spanska\/?page_id=113"},"modified":"2014-12-13T13:41:42","modified_gmt":"2014-12-13T13:41:42","slug":"recetas","status":"publish","type":"page","link":"https:\/\/blogg.folkuniversitetet.nu\/spanska\/otros\/gastronomia\/recetas\/","title":{"rendered":"Recetas"},"content":{"rendered":"<p>Aqu\u00ed encuentras recetas t\u00edpicas de Espa\u00f1a en sueco. <em>H\u00e4r hittar du spanska recept p\u00e5 svenska.<\/em><\/p>\n<p><a href=\"http:\/\/www.mytaste.se\/s\/spansk-mat.html\" target=\"_blank\">Recept p\u00e5 svenska<\/a><\/p>\n<p>&nbsp;<\/p>\n<p>Aqu\u00ed encuentras recetas t\u00edpicas de Espa\u00f1a en espa\u00f1ol (para pr\u00e1cticar tu vocabulario de comidas).<em> H\u00e4r hittar du spanska recept p\u00e5 spanska (f\u00f6r att \u00f6va ditt mat-ordf\u00f6rr\u00e5d).<\/em><\/p>\n<p><a href=\"http:\/\/www.acocinar.com\/\" target=\"_blank\">Recetas en espa\u00f1ol<\/a><\/p>\n","protected":false},"excerpt":{"rendered":"<p>Aqu\u00ed encuentras recetas t\u00edpicas de Espa\u00f1a en sueco. H\u00e4r hittar du spanska recept p\u00e5 svenska. Recept p\u00e5 svenska &nbsp; Aqu\u00ed encuentras recetas t\u00edpicas de Espa\u00f1a en espa\u00f1ol (para pr\u00e1cticar tu vocabulario de comidas). H\u00e4r hittar du spanska recept p\u00e5 spanska &hellip; <a href=\"https:\/\/blogg.folkuniversitetet.nu\/spanska\/otros\/gastronomia\/recetas\/\">Forts\u00e4tt l\u00e4sa <span class=\"meta-nav\">&rarr;<\/span><\/a><\/p>\n","protected":false},"author":254,"featured_media":0,"parent":72,"menu_order":0,"comment_status":"open","ping_status":"open","template":"","meta":{"footnotes":""},"class_list":["post-113","page","type-page","status-publish","hentry"],"_links":{"self":[{"href":"https:\/\/blogg.folkuniversitetet.nu\/spanska\/wp-json\/wp\/v2\/pages\/113","targetHints":{"allow":["GET"]}}],"collection":[{"href":"https:\/\/blogg.folkuniversitetet.nu\/spanska\/wp-json\/wp\/v2\/pages"}],"about":[{"href":"https:\/\/blogg.folkuniversitetet.nu\/spanska\/wp-json\/wp\/v2\/types\/page"}],"author":[{"embeddable":true,"href":"https:\/\/blogg.folkuniversitetet.nu\/spanska\/wp-json\/wp\/v2\/users\/254"}],"replies":[{"embeddable":true,"href":"https:\/\/blogg.folkuniversitetet.nu\/spanska\/wp-json\/wp\/v2\/comments?post=113"}],"version-history":[{"count":2,"href":"https:\/\/blogg.folkuniversitetet.nu\/spanska\/wp-json\/wp\/v2\/pages\/113\/revisions"}],"predecessor-version":[{"id":155,"href":"https:\/\/blogg.folkuniversitetet.nu\/spanska\/wp-json\/wp\/v2\/pages\/113\/revisions\/155"}],"up":[{"embeddable":true,"href":"https:\/\/blogg.folkuniversitetet.nu\/spanska\/wp-json\/wp\/v2\/pages\/72"}],"wp:attachment":[{"href":"https:\/\/blogg.folkuniversitetet.nu\/spanska\/wp-json\/wp\/v2\/media?parent=113"}],"curies":[{"name":"wp","href":"https:\/\/api.w.org\/{rel}","templated":true}]}}