{"id":111,"date":"2014-12-13T09:11:33","date_gmt":"2014-12-13T09:11:33","guid":{"rendered":"http:\/\/blogg.folkuniversitetet.nu\/spanska\/?page_id=111"},"modified":"2014-12-13T13:00:27","modified_gmt":"2014-12-13T13:00:27","slug":"nivelesnivaer","status":"publish","type":"page","link":"https:\/\/blogg.folkuniversitetet.nu\/spanska\/informacion-general\/nivelesnivaer\/","title":{"rendered":"Niveles\/Niv\u00e5er"},"content":{"rendered":"<p><strong>A1<\/strong><\/p>\n<p>En el nivel A1 aprendes la base de la lengua espa\u00f1ola. Apredemos a hablar en presente y pr\u00e1cticamos los verbos regulares e irregulares. Aprendemos vocabulario b\u00e1sico de la vida diaria (la familia, restaurantes, tiendas, aficiones, etc). Al terminar este nivel puedes hablar de ti, leer y escribir frases simples y mantener conversaciones sencillas. Este nivel suele dividirse en tres semestres (A1 del 1, A1 del 2. A1 del 3).<\/p>\n<p>Si quieres m\u00e1s informaci\u00f3n sobre el nivel A1 puede leer los planes de trabajo de cada parte tambi\u00e9n en este blog.<\/p>\n<p><em>P\u00e5 niv\u00e5 A1 l\u00e4r du dig grunderna i det spanska spr\u00e5ket. Vi l\u00e4r oss prata i presens och vi \u00f6var p\u00e5 regelbunda och oregelbunda verb. Vi l\u00e4r oss grundl\u00e4ggande ordf\u00f6rr\u00e5d om vardagsliv (familjen, restauranger, aff\u00e4rer, intressen, osv.). N\u00e4r du avslutar denna niv\u00e5en\u00a0 kan du prata lite om dig, l\u00e4sa och skriva enklare meningar och f\u00f6ra enklare konversationer. Denna niv\u00e5 brukar delas in i tre terminer (A1 del 1, A1 del 2, A1 del 3).<\/em><\/p>\n<p><em>\u00a0Om du vill ha mer information om A1 niv\u00e5 kan du l\u00e4sa arbetsplanerna f\u00f6r varje del h\u00e4r i bloggen.<\/em><\/p>\n<p>&nbsp;<\/p>\n<p><strong>A2<\/strong><\/p>\n<p>En el nivel A2 repasamos lo estudiado en el nivel A1 y apredemos a hablar en pasado, y continuamos aprendiendo vocabulario de la vida diaria (vacaciones, la infancia, noticias, etc). Al terminar este nivel puedes escribir y leer textos simples y mantener conversaciones m\u00e1s avanzadas. Este nivel suele dividirse en tres semestres (A2 del 1, A2 del 2, A2 del 3).<\/p>\n<p>Si quieres m\u00e1s informaci\u00f3n sobre el nivel A2 puede leer los planes de trabajo de cada parte tambi\u00e9n en este blog.<\/p>\n<p><em>P\u00e5 niv\u00e5 A2 repetera vi den som vi l\u00e4ste p\u00e5 A1 niv\u00e5 och vi l\u00e4r oss prata i d\u00e5tid, vi forts\u00e4tter ocks\u00e5 med att l\u00e4ra oss vardagslivets ordf\u00f6rr\u00e5d (semestern, barndom, nyheter, osv.). N\u00e4r du avslutar denna niv\u00e5en kan du l\u00e4sa och skriva enklare texter och f\u00f6ra lite mer avancerade konversationer. Denna niv\u00e5en brukar delas in i tre terminer (A2 del 1, A2 del 2, A2 del 3).<\/em><\/p>\n<p><em>\u00a0Om du vill ha mer information om A2 niv\u00e5 kan du l\u00e4sa arbetsplanerna f\u00f6r varje del h\u00e4r i bloggen.<\/em><\/p>\n","protected":false},"excerpt":{"rendered":"<p>A1 En el nivel A1 aprendes la base de la lengua espa\u00f1ola. Apredemos a hablar en presente y pr\u00e1cticamos los verbos regulares e irregulares. Aprendemos vocabulario b\u00e1sico de la vida diaria (la familia, restaurantes, tiendas, aficiones, etc). Al terminar este &hellip; <a href=\"https:\/\/blogg.folkuniversitetet.nu\/spanska\/informacion-general\/nivelesnivaer\/\">Forts\u00e4tt l\u00e4sa <span class=\"meta-nav\">&rarr;<\/span><\/a><\/p>\n","protected":false},"author":254,"featured_media":0,"parent":66,"menu_order":2,"comment_status":"open","ping_status":"open","template":"","meta":{"footnotes":""},"class_list":["post-111","page","type-page","status-publish","hentry"],"_links":{"self":[{"href":"https:\/\/blogg.folkuniversitetet.nu\/spanska\/wp-json\/wp\/v2\/pages\/111","targetHints":{"allow":["GET"]}}],"collection":[{"href":"https:\/\/blogg.folkuniversitetet.nu\/spanska\/wp-json\/wp\/v2\/pages"}],"about":[{"href":"https:\/\/blogg.folkuniversitetet.nu\/spanska\/wp-json\/wp\/v2\/types\/page"}],"author":[{"embeddable":true,"href":"https:\/\/blogg.folkuniversitetet.nu\/spanska\/wp-json\/wp\/v2\/users\/254"}],"replies":[{"embeddable":true,"href":"https:\/\/blogg.folkuniversitetet.nu\/spanska\/wp-json\/wp\/v2\/comments?post=111"}],"version-history":[{"count":4,"href":"https:\/\/blogg.folkuniversitetet.nu\/spanska\/wp-json\/wp\/v2\/pages\/111\/revisions"}],"predecessor-version":[{"id":135,"href":"https:\/\/blogg.folkuniversitetet.nu\/spanska\/wp-json\/wp\/v2\/pages\/111\/revisions\/135"}],"up":[{"embeddable":true,"href":"https:\/\/blogg.folkuniversitetet.nu\/spanska\/wp-json\/wp\/v2\/pages\/66"}],"wp:attachment":[{"href":"https:\/\/blogg.folkuniversitetet.nu\/spanska\/wp-json\/wp\/v2\/media?parent=111"}],"curies":[{"name":"wp","href":"https:\/\/api.w.org\/{rel}","templated":true}]}}