{"id":8995,"date":"2026-04-18T12:19:27","date_gmt":"2026-04-18T12:19:27","guid":{"rendered":"https:\/\/blogg.folkuniversitetet.nu\/rogbev\/?page_id=8995"},"modified":"2026-05-12T11:14:06","modified_gmt":"2026-05-12T11:14:06","slug":"a2-intensivkurs","status":"publish","type":"page","link":"https:\/\/blogg.folkuniversitetet.nu\/rogbev\/a2-intensivkurs\/","title":{"rendered":"A2 intensivkurs"},"content":{"rendered":"<h1><strong>\u00a0 \u00a0 \u00a0 \u00a0 \u00a0 \u00a0 \u00a0 \u00a0 \u00a0 \u00a0 \u00a0 \u00a0 \u00a0 \u00a0 \u00a0<span style=\"color: #ff0000\"> \u00a0 \u00a0 \u00a0 \u00a0 V\u00c4LKOMMEN\u00a0<\/span><\/strong><\/h1>\n<p><strong>Klassrum\u00a0 \u00a0 \u00a0 537<\/strong><\/p>\n<p><strong>Kursbok \u00a0<\/strong>\u00a0 \u00a0 \u00a0<strong>Rivstart\u00a0 A1 A2\u00a0\u00a0<\/strong>Textbok och \u00d6vningsbok\u00a0 \u00a0 \u00a0Vi g\u00f6r kapitel 11-17 (18) p\u00e5 kursen<\/p>\n<p><strong>Kontakt<\/strong>\u00a0 \u00a0 \u00a0 \u00a0 eva.rogby@folkuniversitetet.se<\/p>\n<p class=\"x_xxxxxxxxxxxmsonormal\"><b>\u00a0 \u00a0 \u00a0 \u00a0 \u00a0 \u00a0 \u00a0 \u00a0 \u00a0 \u00a0 \u00a0 \u00a0 \u00a0 \u00a0 \u00a0 \u00a0WIFI<\/b><\/p>\n<p class=\"x_xxxxxxxxxxxmsonormal\"><strong>Namn\u00a0<\/strong>\u00a0 \u00a0 \u00a0 \u00a0 \u00a0Fuguest<\/p>\n<p class=\"x_xxxxxxxxxxxmsonormal\"><strong>L\u00f6senord\u00a0<\/strong>\u00a0Folkuniversitetet-P<\/p>\n<p>\u00a0 \u00a0 \u00a0 \u00a0 \u00a0 \u00a0 \u00a0 \u00a0 \u00a0 \u00a0 \u00a0 \u00a0 \u00a0 \u00a0 \u00a0 \u00a0 \u00a0 \u00a0 \u00a0 \u00a0 \u00a0 \u00a0 \u00a0 \u00a0 \u00a0 \u00a0 \u00a0 \u00a0 \u00a0 \u00a0 \u00a0 \u00a0 \u00a0\u00a0<strong>\u00a0 \u00a0 \u00a0 \u00a0 OBSERVERA!<\/strong><\/p>\n<p><strong>\u00a0 \u00a0 \u00a0 \u00a0 \u00a0 \u00a0 \u00a0 \u00a0 \u00a0 \u00a0 \u00a0 \u00a0 \u00a0 \u00a0 \u00a0 \u00a0 \u00a0 \u00a0 \u00a0 \u00a0 \u00a0 \u00a0 <span style=\"color: #ff0000\">\u00a0 Vi har INTE lektion 1, 14 och 15 maj<\/span><\/strong><\/p>\n<p><span style=\"color: #333399\"><strong>L\u00e4xa till onsdag 13 maj\u00a0 \u00a0\u00a0<\/strong><\/span><\/p>\n<p><strong>\u00d6B<\/strong> Kapitel 16 sidan 206<\/p>\n<p><strong>TB<\/strong>\u00a0 Kapitel 16\u00a0 sidan 197\u00a0 <span style=\"color: #ff6600\"><strong><em>Framtiden\u00a0<\/em><\/strong><span style=\"color: #000000\">Lyssna, l\u00e4s och \u00f6vers\u00e4tt nya ord!\u00a0\u00a0<\/span><\/span><\/p>\n<p>&nbsp;<\/p>\n<p><span style=\"color: #333399\"><strong>L\u00e4xa till tisdag 12 maj\u00a0 \u00a0\u00a0<\/strong><\/span><\/p>\n<p><strong>\u00d6B<\/strong> Kapitel 16 sidan 202 <span style=\"color: #666699\"><strong>Relativa bisatser med satsadverbial<\/strong><\/span><\/p>\n<p><strong>TB<\/strong>\u00a0 Kapitel 16\u00a0 sidan 192 och 193<span style=\"color: #ff6600\"><strong><em> Olika v\u00e4gar till jobb\u00a0<\/em> <\/strong><\/span>\u00a0Lyssna, l\u00e4s och \u00f6vers\u00e4tt nya ord!\u00a0 \u00a0Efter det forts\u00e4tter ni till sidan 194 och g\u00f6r uppgift <strong>D. <\/strong>L\u00e4s fr\u00e5gorna, t\u00e4nk tillbaka i tiden och skriv korta svar.<\/p>\n<p>Den sista fr\u00e5gan <span style=\"color: #993300\"><em><strong>Vad gjorde du efter skolan?<\/strong>\u00a0 \u00a0<\/em><\/span>betyder efter gymnasiet<\/p>\n<p>&nbsp;<\/p>\n<p><span style=\"color: #333399\"><strong>L\u00e4xa till m\u00e5ndag 11 maj\u00a0 \u00a0<\/strong><\/span><\/p>\n<p><strong>\u00d6B<\/strong> Kapitel 15 sidan 194\u00a0 <span style=\"color: #ff0000\"><strong>TEST p\u00e5 verb p\u00e5 m\u00e5ndag!\u00a0 \u00a0<\/strong><span style=\"color: #000000\">och efter det sidan 195-196 A+B+C. Repetition av vokabul\u00e4r.\u00a0<\/span><\/span><\/p>\n<p><strong>TB<\/strong> Kapitel 16\u00a0 G\u00f6r f\u00f6rst \u00f6vning <strong>H<\/strong> p\u00e5 sidan 189. Det \u00e4r en j\u00e4ttebra f\u00f6rberedelse f\u00f6r texten ni ska l\u00e4sa. Kombinera ord med f\u00f6rklaring.\u00a0 Sedan l\u00e4ser ni texten<span style=\"color: #ff6600\"><strong><em> Det svenska utbildningssystemet<\/em><\/strong><\/span> p\u00e5 sidan 190 och 191.<\/p>\n<p>Det \u00e4r en text med mycket fakta och information. L\u00e4s den <span style=\"color: #333399\"><strong><em>&#8217;holistiskt&#8217;<\/em><\/strong><\/span>, fokusera p\u00e5 viktig information och skippa detaljer! Anv\u00e4nd ordlistan n\u00e4r ni l\u00e4ser!<\/p>\n<p><span style=\"color: #cc99ff\"><strong>SKRIV<\/strong> <\/span>en text(mellan 100 och 150 ord) med rubriken\u00a0 \u00a0<span style=\"color: #cc99ff\"><strong><em>Mina tankar om Sverige och svenskarna.\u00a0 \u00a0<\/em> <\/strong><span style=\"color: #000000\">( fr\u00e5n diskussionen i klassrummet). Ni kan mejla mig texten eller ge den till mig p\u00e5 m\u00e5ndag)<\/span><\/span><\/p>\n<h1><span style=\"color: #99cc00\"><strong>\u00a0 \u00a0 \u00a0 \u00a0 \u00a0 \u00a0 \u00a0 \u00a0 \u00a0 \u00a0 \u00a0 \u00a0 \u00a0 \u00a0 \u00a0 \u00a0 \u00a0 \u00a0 \u00a0 \u00a0 \u00a0 \u00a0 \u00a0 \u00a0 \u00a0 \u00a0TREVLIG HELG<\/strong><\/span><\/h1>\n<p>&nbsp;<\/p>\n<p><span style=\"color: #333399\"><strong>L\u00e4xa till fredag 8maj\u00a0 \u00a0<\/strong><\/span><\/p>\n<p><strong>\u00d6B<\/strong> Kapitel 15 sidan 186+187\u00a0 och efter det sidan 193 <strong>Prepositioner<\/strong>.<\/p>\n<p><span style=\"color: #000080\"><strong>Skriv n\u00e5gra reflektioner och \u00e5sikter;<\/strong><\/span>\u00a0 Vad tycker <strong>DU<\/strong> om Sverige och svenskarna? H\u00e5ller du med n\u00e5gon av de 4 personerna?\u00a0 \u00a0Du kan till exempel beskriva svenskar med adjektiv:<\/p>\n<p><em><strong>S<span style=\"color: #008080\">venskar \u00e4r tysta och v\u00e4nliga. Men det \u00e4r sv\u00e5rt att hitta svenska kompisar.<\/span><\/strong><\/em><\/p>\n<p>&nbsp;<\/p>\n<p><span style=\"color: #333399\"><strong>L\u00e4xa till torsdag 7 maj\u00a0\u00a0<\/strong><\/span><\/p>\n<p><strong>\u00d6B<\/strong> Kapitel 14 sidan 178<\/p>\n<p><strong>TB<\/strong> Kapitel 15 sidan 176 och 177 <span style=\"color: #ff6600\"><strong><em>N\u00e5gra tankar om Sverige och svenskarna\u00a0<\/em><\/strong><\/span><\/p>\n<p><span style=\"color: #ff6600\"><span style=\"color: #000000\">Lyssna, l\u00e4s och \u00f6vers\u00e4tt nya ord!<\/span><\/span><\/p>\n<p>&nbsp;<\/p>\n<p>&nbsp;<\/p>\n<p><span style=\"color: #333399\"><strong>L\u00e4xa till onsdag 6 maj\u00a0<\/strong><\/span><\/p>\n<p><strong>\u00d6B<\/strong> Kapitel 14 sidan 182 och 183<\/p>\n<p><strong>TB<\/strong> Kapitel 14 sidan 168 + 169\u00a0<span style=\"color: #ff6600\"><strong> P\u00e5 middag<\/strong> <\/span>A och B<\/p>\n<p>Vi forts\u00e4tter med <span style=\"color: #808000\"><strong><em>Brians \u00e4ventyr<\/em><\/strong><\/span> imorgon !\u00a0 Och svarar p\u00e5 resten av fr\u00e5gorna.<\/p>\n<p>&nbsp;<\/p>\n<p>&nbsp;<\/p>\n<p><span style=\"color: #333399\"><strong>L\u00e4xa till tisdag 5 maj\u00a0<\/strong><\/span><\/p>\n<p><strong>\u00d6B<\/strong>\u00a0 <span style=\"color: #333399\"><strong><span style=\"color: #ff9900\">Relativa bisatser med <em>som<\/em> och <\/span><em><span style=\"color: #ff9900\">d\u00e4r\u00a0<\/span><\/em><\/strong><\/span> sidan 176 -177 <strong>\u00a0 Bara A!<\/strong><\/p>\n<p><strong>TB<\/strong>\u00a0 Vi har texten om Sara och Brian\u00a0 (eftersom vi inte hade tid idag). Vi pratade mycket om vad vi gjorde i helgen.<br \/>\nS\u00e5 ni kan l\u00e4sa och lyssna p\u00e5 den en g\u00e5ng till!<\/p>\n<p>klicka p\u00e5 l\u00e4nken<\/p>\n<p><a href=\"http:\/\/blogg.folkuniversitetet.nu\/rogbev\/files\/2026\/05\/Anteckning-4-maj-2026-2-1.pdf\">Hade ni en trevlig helg? Ber\u00e4tta vad ni gjorde? <\/a><\/p>\n<p>&nbsp;<\/p>\n<p><span style=\"color: #333399\"><strong>L\u00e4xa till m\u00e5ndag 4 maj<\/strong><\/span><\/p>\n<p><strong>\u00d6B<\/strong>\u00a0 sidan 170 \u00d6vning 4\u00a0 OCH sidan 175+176 A+B <strong>Ordf\u00f6ljd: direkt och indirekt tal.<\/strong><\/p>\n<p><strong>TB<\/strong> Kapitel 14 sidan 162-166. Ni ska l\u00e4sa en historia om Sara och Brian.\u00a0 \u00a0Det \u00e4r en historia i 3 delar. S\u00e5 ni lyssnar och l\u00e4ser f\u00f6ljande sidor:<\/p>\n<p><strong>Del I\u00a0<\/strong> \u00a0 sidan 162\u00a0 \u00a0<span style=\"color: #ff6600\"><strong><em>En inbjudan<\/em><\/strong><\/span><\/p>\n<p><strong>Del II<\/strong>\u00a0 sidan 164 och 165\u00a0 \u00a0 <span style=\"color: #ff6600\"><strong><em>P\u00e5 landet<\/em><\/strong><\/span> och\u00a0 <em><span style=\"color: #ff6600\"><strong>Brian tr\u00e4ffar Kurt-Allan och Berit\u00a0<\/strong><\/span><\/em><\/p>\n<p><strong>Del III\u00a0<\/strong> sidan 166\u00a0 <span style=\"color: #ff6600\"><em><strong>Dagen forts\u00e4tter<\/strong><\/em><\/span><\/p>\n<p><strong><span style=\"color: #ff0000\">SKIPPA GRAMMATIKEN !<\/span><\/strong><\/p>\n<h1><span style=\"color: #99cc00\"><strong>\u00a0 \u00a0 \u00a0 \u00a0 \u00a0 \u00a0 \u00a0 \u00a0 \u00a0 \u00a0 \u00a0 \u00a0 \u00a0 \u00a0 \u00a0 \u00a0 TREVLIG HELG\/VALBORG<\/strong><\/span><\/h1>\n<p>&nbsp;<\/p>\n<p>&nbsp;<\/p>\n<p><span style=\"color: #333399\"><strong>L\u00e4xa till torsdag 30 april\u00a0<\/strong><\/span><\/p>\n<p><strong>\u00d6B<\/strong>\u00a0 sidan 171+172<\/p>\n<p><strong>TB<\/strong> Kapitel 14 sidan 160<span style=\"color: #ff6600\"><strong><em>\u00a0 Dr\u00f6mmen om ett fritidshus\u00a0<\/em> <\/strong><\/span>\u00a0 <span style=\"color: #ff6600\"><span style=\"color: #000000\"> Lyssna, l\u00e4s och \u00f6vers\u00e4tt nya ord!<\/span><\/span><\/p>\n<p>&nbsp;<\/p>\n<p><span style=\"color: #333399\"><strong>L\u00e4xa till tisdag 28 april\u00a0\u00a0<\/strong><\/span><\/p>\n<p>&nbsp;<\/p>\n<p>Vi fokuserade p\u00e5 att tala idag i klassen, eftersom vi var bara 6 personer.\u00a0 S\u00e5 vi g\u00f6r texten om <span style=\"color: #ff6600\"><em><strong>Fadime, rymdfysiker<\/strong><\/em><\/span>\u00a0 imorgon!<\/p>\n<p><strong>Och<\/strong> l\u00e4xa i \u00d6B\u00a0 sidan 160 \u00d6vning <strong>7<\/strong> och efter det sidan 161 och 162 <strong>A+B<\/strong><\/p>\n<p>&nbsp;<\/p>\n<p><span style=\"color: #333399\"><strong>L\u00e4xa till m\u00e5ndag 27 april\u00a0\u00a0<\/strong><\/span><\/p>\n<p><strong>\u00d6B<\/strong>\u00a0 sidan 151+152 <strong>A+B+C\u00a0 \u00a0<\/strong><\/p>\n<p><strong>TB\u00a0<\/strong> Kapitel13\u00a0 L\u00e4s f\u00f6rst vad de 4 barnen s\u00e4ger p\u00e5 sidan 147.<span style=\"color: #333399\"><strong>\u00a0 Reflektera sedan runt<\/strong><\/span>:\u00a0 Vad ville DU bli n\u00e4r du var barn?\u00a0 \u00a0 Skriv kort och ber\u00e4tta i klassen.<\/p>\n<p>Och efter det ska du l\u00e4sa om <span style=\"color: #ff6600\"><em><strong>Fadime, rymdfysiker<\/strong><\/em><\/span> p\u00e5 sidan 150.<\/p>\n<h1><span style=\"color: #99cc00\"><strong>\u00a0 \u00a0 \u00a0 \u00a0 \u00a0 \u00a0 \u00a0 \u00a0 \u00a0 \u00a0 \u00a0 \u00a0 \u00a0 \u00a0 \u00a0 \u00a0 \u00a0 TREVLIG HELG<\/strong><\/span><\/h1>\n<p>&nbsp;<\/p>\n<p><span style=\"color: #333399\"><strong>L\u00e4xa till fredag 24\u00a0 april\u00a0\u00a0<\/strong><\/span><\/p>\n<p><strong>\u00d6B<\/strong>\u00a0 sidan 149-150\u00a0 och efter det sidan 153 <span style=\"color: #99cc00\"><strong>Nationalitetsadjektiv<\/strong> <\/span>A +B.\u00a0 Se sidan 137 i Textboken!<\/p>\n<p><strong>TB\u00a0<\/strong> Kapitel12 sidan 139 och 140\u00a0 <span style=\"color: #ff6600\"><strong><em>Traditionella svenska r\u00e5varor\u00a0 \u00a0\u00a0<\/em><\/strong>\u00a0<span style=\"color: #000000\"> Lyssna, l\u00e4s och \u00f6vers\u00e4tt nya ord!<\/span><\/span><\/p>\n<p>&nbsp;<\/p>\n<p><span style=\"color: #333399\"><strong>L\u00e4xa till torsdag 23 april\u00a0\u00a0<\/strong><\/span><\/p>\n<p><strong>\u00d6B<\/strong>\u00a0 sidan 139 &#8211; 141<\/p>\n<p><strong>TB\u00a0<\/strong> Kapitel12 sidan 135+136\u00a0<span style=\"color: #ff6600\"><strong><em> Vad gillar du f\u00f6r mat?\u00a0\u00a0<\/em><\/strong><\/span><\/p>\n<p>&nbsp;<\/p>\n<p><span style=\"color: #333399\"><strong>L\u00e4xa till onsdag 22 april\u00a0<\/strong><\/span><\/p>\n<p><strong>\u00d6B<\/strong> (\u00d6vningsboken) sidan 137 <strong>B<\/strong> och <strong>C\u00a0 <\/strong>och efter det sidan 143 Prepositioner<\/p>\n<p><strong>TB<\/strong>\u00a0 (Textboken) sidan 125\u00a0 L\u00e4s Annas profil (p\u00e5 en dejtingsida) och de 4 svar som hon har f\u00e5tt fr\u00e5n fyra olika\u00a0 fantastiska m\u00e4n! <span style=\"color: #ff6600\"><b><i>\u00a0<\/i><\/b><\/span><\/p>\n<p>&nbsp;<\/p>\n<p><span style=\"color: #333399\"><strong>L\u00e4xa till tisdag 21 april<\/strong><\/span><\/p>\n<p><strong>\u00d6B<\/strong> (\u00d6vningsboken) sidan 135 <strong>Konjunktioner\u00a0<\/strong><\/p>\n<p><strong>TB<\/strong>\u00a0 (Textboken) sidan<\/p>\n","protected":false},"excerpt":{"rendered":"<p>\u00a0 \u00a0 \u00a0 \u00a0 \u00a0 \u00a0 \u00a0 \u00a0 \u00a0 \u00a0 \u00a0 \u00a0 \u00a0 \u00a0 \u00a0 \u00a0 \u00a0 \u00a0 \u00a0 V\u00c4LKOMMEN\u00a0 Klassrum\u00a0 \u00a0 \u00a0 537 Kursbok \u00a0\u00a0 \u00a0 \u00a0Rivstart\u00a0 A1 A2\u00a0\u00a0Textbok och \u00d6vningsbok\u00a0 \u00a0 \u00a0Vi g\u00f6r kapitel 11-17 (18) p\u00e5 kursen Kontakt\u00a0 \u00a0 \u00a0 \u00a0 eva.rogby@folkuniversitetet.se \u00a0 \u00a0 \u00a0 \u00a0 \u00a0 \u00a0 \u00a0 \u00a0 \u00a0 \u00a0 [&hellip;]<\/p>\n","protected":false},"author":191,"featured_media":0,"parent":0,"menu_order":0,"comment_status":"closed","ping_status":"closed","template":"","meta":{"footnotes":""},"class_list":["post-8995","page","type-page","status-publish","hentry","post-preview"],"_links":{"self":[{"href":"https:\/\/blogg.folkuniversitetet.nu\/rogbev\/wp-json\/wp\/v2\/pages\/8995","targetHints":{"allow":["GET"]}}],"collection":[{"href":"https:\/\/blogg.folkuniversitetet.nu\/rogbev\/wp-json\/wp\/v2\/pages"}],"about":[{"href":"https:\/\/blogg.folkuniversitetet.nu\/rogbev\/wp-json\/wp\/v2\/types\/page"}],"author":[{"embeddable":true,"href":"https:\/\/blogg.folkuniversitetet.nu\/rogbev\/wp-json\/wp\/v2\/users\/191"}],"replies":[{"embeddable":true,"href":"https:\/\/blogg.folkuniversitetet.nu\/rogbev\/wp-json\/wp\/v2\/comments?post=8995"}],"version-history":[{"count":31,"href":"https:\/\/blogg.folkuniversitetet.nu\/rogbev\/wp-json\/wp\/v2\/pages\/8995\/revisions"}],"predecessor-version":[{"id":9041,"href":"https:\/\/blogg.folkuniversitetet.nu\/rogbev\/wp-json\/wp\/v2\/pages\/8995\/revisions\/9041"}],"wp:attachment":[{"href":"https:\/\/blogg.folkuniversitetet.nu\/rogbev\/wp-json\/wp\/v2\/media?parent=8995"}],"curies":[{"name":"wp","href":"https:\/\/api.w.org\/{rel}","templated":true}]}}