{"id":7549,"date":"2024-09-24T13:45:20","date_gmt":"2024-09-24T13:45:20","guid":{"rendered":"https:\/\/blogg.folkuniversitetet.nu\/rogbev\/?page_id=7549"},"modified":"2026-01-16T08:55:22","modified_gmt":"2026-01-16T08:55:22","slug":"sprakcafeer-hosten-2024","status":"publish","type":"page","link":"https:\/\/blogg.folkuniversitetet.nu\/rogbev\/sprakcafeer-hosten-2024\/","title":{"rendered":"Spr\u00e5kcaf\u00e9er vintern och v\u00e5ren 2026"},"content":{"rendered":"<p>&nbsp;<\/p>\n<p><span style=\"color: #993366\"><strong><span style=\"text-decoration: underline\">Nedan hittar du en l\u00e4nk till gruppen Internationella Bekantskapers meetup grupp i Stockholm.\u00a0 D\u00e4r hittar du information om aktuella spr\u00e5kkaf\u00e9er ( dessutom om de som \u00e4r \u00e4ndrade\/inst\u00e4llda )<\/span><\/strong><\/span><\/p>\n<p><a href=\"https:\/\/www.meetup.com\/prata-svenska\/?fbclid=IwY2xjawJLoGBleHRuA2FlbQIxMAABHYxozrXN0y1TJ0xR2RCtj9wUVzg4575sZRmyYzeQWcCLaTxBxAi8KOcRYw_aem_IY5VTNOfiscAVKseR6rHIQ\">https:\/\/www.meetup.com\/prata-svenska\/?fbclid=IwY2xjawJLoGBleHRuA2FlbQIxMAABHYxozrXN0y1TJ0xR2RCtj9wUVzg4575sZRmyYzeQWcCLaTxBxAi8KOcRYw_aem_IY5VTNOfiscAVKseR6rHIQ<\/a><\/p>\n<p>&nbsp;<\/p>\n<p><span style=\"color: #333399\"><strong>Bra spr\u00e5kcaf\u00e9 p\u00e5 Kulturhuset Sergels torg varje tisdag\u00a0 klockan 17.30\u00a0<\/strong><\/span><\/p>\n<p><a href=\"https:\/\/kulturhusetstadsteatern.se\/bibliotek\/trana-svenska-i-sprakcafeet\">https:\/\/kulturhusetstadsteatern.se\/bibliotek\/trana-svenska-i<\/a><\/p>\n<p>&nbsp;<\/p>\n<p><span style=\"color: #333399\"><strong>Superbra spr\u00e5kcaf\u00e9 p\u00e5 Medelhavsmuseet varje fredag klockan 15.00\u00a0<\/strong><\/span><\/p>\n<p><a href=\"https:\/\/www.medelhavsmuseet.se\/kalendarium\/\">https:\/\/www.medelhavsmuseet.se\/kalendarium\/<\/a><\/p>\n<p>&nbsp;<\/p>\n<p><span style=\"color: #333399\"><strong>Det finns ocks\u00e5 ett bra spr\u00e5kcaf\u00e9 p\u00e5 Historiska museet varje onsdag klockan 18.00<\/strong><\/span><\/p>\n<p><a href=\"https:\/\/historiska.se\/kalendarium\/\">https:\/\/historiska.se\/kalendarium\/<\/a><\/p>\n","protected":false},"excerpt":{"rendered":"<p>&nbsp; Nedan hittar du en l\u00e4nk till gruppen Internationella Bekantskapers meetup grupp i Stockholm.\u00a0 D\u00e4r hittar du information om aktuella spr\u00e5kkaf\u00e9er ( dessutom om de som \u00e4r \u00e4ndrade\/inst\u00e4llda ) https:\/\/www.meetup.com\/prata-svenska\/?fbclid=IwY2xjawJLoGBleHRuA2FlbQIxMAABHYxozrXN0y1TJ0xR2RCtj9wUVzg4575sZRmyYzeQWcCLaTxBxAi8KOcRYw_aem_IY5VTNOfiscAVKseR6rHIQ &nbsp; Bra spr\u00e5kcaf\u00e9 p\u00e5 Kulturhuset Sergels torg varje tisdag\u00a0 klockan 17.30\u00a0 https:\/\/kulturhusetstadsteatern.se\/bibliotek\/trana-svenska-i &nbsp; Superbra spr\u00e5kcaf\u00e9 p\u00e5 Medelhavsmuseet varje fredag klockan 15.00\u00a0 https:\/\/www.medelhavsmuseet.se\/kalendarium\/ &nbsp; Det finns [&hellip;]<\/p>\n","protected":false},"author":191,"featured_media":0,"parent":0,"menu_order":0,"comment_status":"closed","ping_status":"closed","template":"","meta":{"footnotes":""},"class_list":["post-7549","page","type-page","status-publish","hentry","post-preview"],"_links":{"self":[{"href":"https:\/\/blogg.folkuniversitetet.nu\/rogbev\/wp-json\/wp\/v2\/pages\/7549","targetHints":{"allow":["GET"]}}],"collection":[{"href":"https:\/\/blogg.folkuniversitetet.nu\/rogbev\/wp-json\/wp\/v2\/pages"}],"about":[{"href":"https:\/\/blogg.folkuniversitetet.nu\/rogbev\/wp-json\/wp\/v2\/types\/page"}],"author":[{"embeddable":true,"href":"https:\/\/blogg.folkuniversitetet.nu\/rogbev\/wp-json\/wp\/v2\/users\/191"}],"replies":[{"embeddable":true,"href":"https:\/\/blogg.folkuniversitetet.nu\/rogbev\/wp-json\/wp\/v2\/comments?post=7549"}],"version-history":[{"count":16,"href":"https:\/\/blogg.folkuniversitetet.nu\/rogbev\/wp-json\/wp\/v2\/pages\/7549\/revisions"}],"predecessor-version":[{"id":8798,"href":"https:\/\/blogg.folkuniversitetet.nu\/rogbev\/wp-json\/wp\/v2\/pages\/7549\/revisions\/8798"}],"wp:attachment":[{"href":"https:\/\/blogg.folkuniversitetet.nu\/rogbev\/wp-json\/wp\/v2\/media?parent=7549"}],"curies":[{"name":"wp","href":"https:\/\/api.w.org\/{rel}","templated":true}]}}