{"id":1292,"date":"2018-09-11T15:21:08","date_gmt":"2018-09-11T15:21:08","guid":{"rendered":"http:\/\/blogg.folkuniversitetet.nu\/rogbev\/?page_id=1292"},"modified":"2020-05-04T10:31:04","modified_gmt":"2020-05-04T10:31:04","slug":"lankar-till-lexikon-och-annat","status":"publish","type":"page","link":"https:\/\/blogg.folkuniversitetet.nu\/rogbev\/lankar-till-lexikon-och-annat\/","title":{"rendered":"L\u00e4nkar till lexikon"},"content":{"rendered":"<p>&nbsp;<\/p>\n<p><span style=\"color: #008000\"><span style=\"color: #339966\"><strong>Lexin<\/strong><\/span>\u00a0<\/span>\u00e4r ett mycket bra lexikon om man vill f\u00e5 svenska ord f\u00f6rklarade p\u00e5 svenska. Det har en enkel struktur och design och \u00e4ven uttal, b\u00f6jning och korta kontexter som visar hur orden anv\u00e4nds.\u00a0 Lexin har ocks\u00e5 \u00f6vers\u00e4ttning fr\u00e5n och till svenska p\u00e5 ett antal spr\u00e5k.\u00a0<strong> MEN det finns tyv\u00e4rr inte fr\u00e5n engelska till svenska!\u00a0<\/strong><\/p>\n<p><a href=\"https:\/\/lexin.nada.kth.se\/lexin\/\">https:\/\/lexin.nada.kth.se\/lexin\/<\/a><\/p>\n<p>P\u00e5 h\u00f6gre niv\u00e5er (fr\u00e5n B2 och upp) kan man anv\u00e4nda Svenska Akademiens ordb\u00f6cker som nu finns online.\u00a0 Det finns tre lexikon parallellt , SAOL, SO och SAOB.\u00a0 I f\u00f6rsta hand anv\u00e4nder du SAOL och SO f\u00f6r att ta reda p\u00e5 ords betydelser, grammatisk information och uttal. SAOB \u00e4r en etymologisk ordbok.<\/p>\n<p><a href=\"https:\/\/svenska.se\/tre\/?sok=sk%C3%B6n&amp;pz=1\">https:\/\/svenska.se\/tre\/?sok=sk%C3%B6n&amp;pz=1<\/a><\/p>\n<p>&nbsp;<\/p>\n<p><span style=\"color: #000080\"><strong>F\u00d6R<\/strong> <\/span><span style=\"color: #0000ff\">er som vill \u00f6vers\u00e4tta fr\u00e5n engelska till svenska \u00e4r\u00a0 lexikonet <strong>babla\u00a0 <\/strong>ganska bra.<\/span> <span style=\"color: #000000\">Det finns tyv\u00e4rr inte n\u00e5got superbra!\u00a0\u00a0<\/span>Se l\u00e4nk nedan<\/p>\n<p><a href=\"https:\/\/sv.bab.la\/lexikon\/svensk-engelsk\/\">https:\/\/sv.bab.la\/lexikon\/svensk-engelsk\/<\/a><\/p>\n<p>P\u00e5<span style=\"color: #008000\"><strong> Sveriges radio P1<\/strong> <\/span>hittar du program som passar alla intressen och smaker. G\u00e5 antingen igenom listan med alla program som \u00e4r sorterade efter namn i alfabetisk ordning eller skriv det omr\u00e5de som intresserar dig i s\u00f6krutan.\u00a0 Hoppas du hittar n\u00e5got som passar\u00a0 just dig!<\/p>\n<p><a href=\"https:\/\/sverigesradio.se\/p1\">https:\/\/sverigesradio.se\/p1<\/a><\/p>\n<p>P\u00e5 <span style=\"color: #339966\"><strong>SVTplay k<\/strong><\/span>an du titta p\u00e5 nyheter p\u00e5 l\u00e4tt svenska. Det finns naturligtvis en m\u00e4ngd andra program som visats p\u00e5 SVT som du kan se i play! N\u00e4stan alla program har funktionen att man kan l\u00e4gga till undertext, vilket \u00e4r suver\u00e4nt bra.<\/p>\n<p><a href=\"https:\/\/www.svtplay.se\/nyheter-pa-latt-svenska\">https:\/\/www.svtplay.se\/nyheter-pa-latt-svenska<\/a><\/p>\n<p>&nbsp;<\/p>\n<p>&nbsp;<\/p>\n","protected":false},"excerpt":{"rendered":"<p>&nbsp; Lexin\u00a0\u00e4r ett mycket bra lexikon om man vill f\u00e5 svenska ord f\u00f6rklarade p\u00e5 svenska. Det har en enkel struktur och design och \u00e4ven uttal, b\u00f6jning och korta kontexter som visar hur orden anv\u00e4nds.\u00a0 Lexin har ocks\u00e5 \u00f6vers\u00e4ttning fr\u00e5n och till svenska p\u00e5 ett antal spr\u00e5k.\u00a0 MEN det finns tyv\u00e4rr inte fr\u00e5n engelska till svenska!\u00a0 [&hellip;]<\/p>\n","protected":false},"author":191,"featured_media":0,"parent":0,"menu_order":0,"comment_status":"closed","ping_status":"closed","template":"","meta":{"footnotes":""},"class_list":["post-1292","page","type-page","status-publish","hentry","post-preview"],"_links":{"self":[{"href":"https:\/\/blogg.folkuniversitetet.nu\/rogbev\/wp-json\/wp\/v2\/pages\/1292","targetHints":{"allow":["GET"]}}],"collection":[{"href":"https:\/\/blogg.folkuniversitetet.nu\/rogbev\/wp-json\/wp\/v2\/pages"}],"about":[{"href":"https:\/\/blogg.folkuniversitetet.nu\/rogbev\/wp-json\/wp\/v2\/types\/page"}],"author":[{"embeddable":true,"href":"https:\/\/blogg.folkuniversitetet.nu\/rogbev\/wp-json\/wp\/v2\/users\/191"}],"replies":[{"embeddable":true,"href":"https:\/\/blogg.folkuniversitetet.nu\/rogbev\/wp-json\/wp\/v2\/comments?post=1292"}],"version-history":[{"count":42,"href":"https:\/\/blogg.folkuniversitetet.nu\/rogbev\/wp-json\/wp\/v2\/pages\/1292\/revisions"}],"predecessor-version":[{"id":2054,"href":"https:\/\/blogg.folkuniversitetet.nu\/rogbev\/wp-json\/wp\/v2\/pages\/1292\/revisions\/2054"}],"wp:attachment":[{"href":"https:\/\/blogg.folkuniversitetet.nu\/rogbev\/wp-json\/wp\/v2\/media?parent=1292"}],"curies":[{"name":"wp","href":"https:\/\/api.w.org\/{rel}","templated":true}]}}