{"id":473,"date":"2020-04-25T13:29:36","date_gmt":"2020-04-25T11:29:36","guid":{"rendered":"http:\/\/blogg.folkuniversitetet.nu\/reboer\/?page_id=473"},"modified":"2020-04-30T17:04:19","modified_gmt":"2020-04-30T15:04:19","slug":"alfabetet","status":"publish","type":"page","link":"https:\/\/blogg.folkuniversitetet.nu\/reboer\/?page_id=473","title":{"rendered":"ALFABETET"},"content":{"rendered":"\n\t<p>Aa\u00a0 (a)<\/p>\n<p>B b (be)<\/p>\n<p>C c (ce)<\/p>\n<p>D d (de)<\/p>\n<p>E e (e)<\/p>\n<p>F f (efe)<\/p>\n<p>G g (ge)<\/p>\n<p>H h\u00a0 (hache)<\/p>\n<p>I i\u00a0 (i) (latina)<\/p>\n<p>&nbsp;<\/p>\n\t<p>J j\u00a0 (jota)<\/p>\n<p>K k (ca)<\/p>\n<p>L l (ele)\u00a0\u00a0\u00a0\u00a0\u00a0\u00a0\u00a0\u00a0\u00a0 LL ll (elle &#8211; doble ele)<\/p>\n<p>M m (eme)<\/p>\n<p>N n (ene)<\/p>\n<p><strong>\u00d1 \u00f1 (e\u00f1e) <\/strong><\/p>\n<p>O o (o)<\/p>\n<p>P p (pe)<\/p>\n<p>Q q (cu)<\/p>\n\t<p>R r (ere)<\/p>\n<p>S s (ese)<\/p>\n<p>T t (te)<\/p>\n<p>U u (u)<\/p>\n<p>V v (uve) be peque\u00f1a<\/p>\n<p>W w (uve doble) doble ve, ve doble.<\/p>\n<p>X x (equis)<\/p>\n<p>Y\u00a0 y (ye) ( i griega)<\/p>\n<p>Z z (zeta)<\/p>\n","protected":false},"excerpt":{"rendered":"","protected":false},"author":785,"featured_media":0,"parent":0,"menu_order":0,"comment_status":"closed","ping_status":"closed","template":"","meta":{"footnotes":""},"class_list":["post-473","page","type-page","status-publish","hentry","post-preview"],"_links":{"self":[{"href":"https:\/\/blogg.folkuniversitetet.nu\/reboer\/index.php?rest_route=\/wp\/v2\/pages\/473","targetHints":{"allow":["GET"]}}],"collection":[{"href":"https:\/\/blogg.folkuniversitetet.nu\/reboer\/index.php?rest_route=\/wp\/v2\/pages"}],"about":[{"href":"https:\/\/blogg.folkuniversitetet.nu\/reboer\/index.php?rest_route=\/wp\/v2\/types\/page"}],"author":[{"embeddable":true,"href":"https:\/\/blogg.folkuniversitetet.nu\/reboer\/index.php?rest_route=\/wp\/v2\/users\/785"}],"replies":[{"embeddable":true,"href":"https:\/\/blogg.folkuniversitetet.nu\/reboer\/index.php?rest_route=%2Fwp%2Fv2%2Fcomments&post=473"}],"version-history":[{"count":5,"href":"https:\/\/blogg.folkuniversitetet.nu\/reboer\/index.php?rest_route=\/wp\/v2\/pages\/473\/revisions"}],"predecessor-version":[{"id":486,"href":"https:\/\/blogg.folkuniversitetet.nu\/reboer\/index.php?rest_route=\/wp\/v2\/pages\/473\/revisions\/486"}],"wp:attachment":[{"href":"https:\/\/blogg.folkuniversitetet.nu\/reboer\/index.php?rest_route=%2Fwp%2Fv2%2Fmedia&parent=473"}],"curies":[{"name":"wp","href":"https:\/\/api.w.org\/{rel}","templated":true}]}}