{"id":171,"date":"2019-10-11T15:40:58","date_gmt":"2019-10-11T13:40:58","guid":{"rendered":"http:\/\/blogg.folkuniversitetet.nu\/reboer\/?page_id=171"},"modified":"2019-11-27T01:56:34","modified_gmt":"2019-11-26T23:56:34","slug":"a1-del-1-tips","status":"publish","type":"page","link":"https:\/\/blogg.folkuniversitetet.nu\/reboer\/?page_id=171","title":{"rendered":"A1 del 1 tips"},"content":{"rendered":"<p>Clase 1<\/p>\n<p><iframe loading=\"lazy\" title=\"Saludos y despedidas en espa\u00f1ol\" width=\"676\" height=\"380\" src=\"https:\/\/www.youtube.com\/embed\/m6MqMC7HSII?feature=oembed\" frameborder=\"0\" allow=\"accelerometer; autoplay; encrypted-media; gyroscope; picture-in-picture\" allowfullscreen><\/iframe><\/p>\n<h5><span style=\"color: #ff00ff\">Clase 2, 3.<\/span><\/h5>\n<p><iframe loading=\"lazy\" title=\"Adivina los n\u00fameros del 1 al 100 - Aprende a escribir y leer los n\u00fameros del 1 al 100- Recopilaci\u00f3n\" width=\"676\" height=\"380\" src=\"https:\/\/www.youtube.com\/embed\/ThCH0IZ-cd4?feature=oembed\" frameborder=\"0\" allow=\"accelerometer; autoplay; encrypted-media; gyroscope; picture-in-picture\" allowfullscreen><\/iframe><\/p>\n<p><a href=\"https:\/\/aprenderespanol.org\/ejercicios\/gramatica\/articulos\/determinados-1\">Obest\u00e4md- Best\u00e4md artikel singular och plural.<\/a><\/p>\n<h4><span style=\"color: #0000ff\"><strong>Clase 4<\/strong> <\/span><\/h4>\n<p><iframe loading=\"lazy\" title=\"Regelbundna spanska verb i presens\" width=\"676\" height=\"507\" src=\"https:\/\/www.youtube.com\/embed\/elpiHntDwgk?feature=oembed\" frameborder=\"0\" allow=\"accelerometer; autoplay; encrypted-media; gyroscope; picture-in-picture\" allowfullscreen><\/iframe><\/p>\n<h4>Clase 5- 6 y 7.<\/h4>\n<p><iframe loading=\"lazy\" title=\"Manu Chao - Me Gustas Tu\" width=\"676\" height=\"380\" src=\"https:\/\/www.youtube.com\/embed\/rs6Y4kZ8qtw?feature=oembed\" frameborder=\"0\" allow=\"accelerometer; autoplay; encrypted-media; gyroscope; picture-in-picture\" allowfullscreen><\/iframe><\/p>\n<h4><span style=\"color: #ff0000\">LA FAMILIA<\/span><\/h4>\n<p><iframe loading=\"lazy\" title=\"Spanish Lesson 26 - FAMILY MEMBERS in Spanish Vocabulary Los miembros de la familia en espa\u00f1ol\" width=\"676\" height=\"380\" src=\"https:\/\/www.youtube.com\/embed\/fxv4apmgb_I?feature=oembed\" frameborder=\"0\" allow=\"accelerometer; autoplay; encrypted-media; gyroscope; picture-in-picture\" allowfullscreen><\/iframe><\/p>\n<h5><span style=\"color: #ff6600\">Los Colores.<\/span><\/h5>\n<p><iframe loading=\"lazy\" title=\"Aprender sueco parte 3 | Colores\" width=\"676\" height=\"380\" src=\"https:\/\/www.youtube.com\/embed\/7kb8inW-SZU?feature=oembed\" frameborder=\"0\" allow=\"accelerometer; autoplay; encrypted-media; gyroscope; picture-in-picture\" allowfullscreen><\/iframe><\/p>\n<h4><span style=\"color: #ff00ff\">El Adjetivo<\/span><\/h4>\n<p><iframe loading=\"lazy\" title=\"Spanska adjektiv\" width=\"676\" height=\"507\" src=\"https:\/\/www.youtube.com\/embed\/Ss-3H6slgQE?feature=oembed\" frameborder=\"0\" allow=\"accelerometer; autoplay; encrypted-media; gyroscope; picture-in-picture\" allowfullscreen><\/iframe><\/p>\n<h5>Ejercicios<\/h5>\n<p><a href=\"https:\/\/aprenderespanol.org\/ejercicios\/gramatica\/adjetivos-1\/index.html\">https:\/\/aprenderespanol.org\/ejercicios\/gramatica\/adjetivos-1\/index.html<\/a><\/p>\n<h5><span style=\"color: #00ff00\">Clase 8<\/span><\/h5>\n<p><iframe loading=\"lazy\" title=\"Las Estaciones del A\u00f1o para Ni\u00f1os (Videos Educativos para Ni\u00f1os)\" width=\"676\" height=\"380\" src=\"https:\/\/www.youtube.com\/embed\/RRLMBbt778A?feature=oembed\" frameborder=\"0\" allow=\"accelerometer; autoplay; encrypted-media; gyroscope; picture-in-picture\" allowfullscreen><\/iframe><\/p>\n<h4><span style=\"color: #cc99ff\">Los Planetas.<\/span><\/h4>\n<p><iframe loading=\"lazy\" title=\"El sistema solar | Canciones infantiles | Aprende los planetas\" width=\"676\" height=\"380\" src=\"https:\/\/www.youtube.com\/embed\/On1DEzCDWPs?feature=oembed\" frameborder=\"0\" allow=\"accelerometer; autoplay; encrypted-media; gyroscope; picture-in-picture\" allowfullscreen><\/iframe><\/p>\n","protected":false},"excerpt":{"rendered":"<p>Clase 1 Clase 2, 3. Obest\u00e4md- Best\u00e4md artikel singular och plural. Clase 4 Clase 5- 6 y 7. LA FAMILIA Los Colores. El Adjetivo Ejercicios https:\/\/aprenderespanol.org\/ejercicios\/gramatica\/adjetivos-1\/index.html Clase 8 Los Planetas.<\/p>\n","protected":false},"author":785,"featured_media":0,"parent":0,"menu_order":0,"comment_status":"closed","ping_status":"closed","template":"","meta":{"footnotes":""},"class_list":["post-171","page","type-page","status-publish","hentry","post-preview"],"_links":{"self":[{"href":"https:\/\/blogg.folkuniversitetet.nu\/reboer\/index.php?rest_route=\/wp\/v2\/pages\/171","targetHints":{"allow":["GET"]}}],"collection":[{"href":"https:\/\/blogg.folkuniversitetet.nu\/reboer\/index.php?rest_route=\/wp\/v2\/pages"}],"about":[{"href":"https:\/\/blogg.folkuniversitetet.nu\/reboer\/index.php?rest_route=\/wp\/v2\/types\/page"}],"author":[{"embeddable":true,"href":"https:\/\/blogg.folkuniversitetet.nu\/reboer\/index.php?rest_route=\/wp\/v2\/users\/785"}],"replies":[{"embeddable":true,"href":"https:\/\/blogg.folkuniversitetet.nu\/reboer\/index.php?rest_route=%2Fwp%2Fv2%2Fcomments&post=171"}],"version-history":[{"count":16,"href":"https:\/\/blogg.folkuniversitetet.nu\/reboer\/index.php?rest_route=\/wp\/v2\/pages\/171\/revisions"}],"predecessor-version":[{"id":262,"href":"https:\/\/blogg.folkuniversitetet.nu\/reboer\/index.php?rest_route=\/wp\/v2\/pages\/171\/revisions\/262"}],"wp:attachment":[{"href":"https:\/\/blogg.folkuniversitetet.nu\/reboer\/index.php?rest_route=%2Fwp%2Fv2%2Fmedia&parent=171"}],"curies":[{"name":"wp","href":"https:\/\/api.w.org\/{rel}","templated":true}]}}