{"id":123,"date":"2020-03-22T22:54:10","date_gmt":"2020-03-22T20:54:10","guid":{"rendered":"http:\/\/blogg.folkuniversitetet.nu\/reboer\/?page_id=123"},"modified":"2020-04-23T13:39:11","modified_gmt":"2020-04-23T11:39:11","slug":"clase-10","status":"publish","type":"page","link":"https:\/\/blogg.folkuniversitetet.nu\/reboer\/?page_id=123","title":{"rendered":"Clase 10"},"content":{"rendered":"\n\t<p>?\u00a0 <strong>\u00a1Hola a todos!\u00a0<\/strong><\/p>\n<p>I onsdags b\u00f6rjade vi med att tr\u00e4na p\u00e5 placering av pronomen 1a-2a-3a former och bj\u00f6s i femininum\/maskulinum och singular\/plurar. Sedan b\u00f6rjade med &#8221;Unidad 5a El tiempo libre&#8221;.<\/p>\n<ul>\n<li>Svara och lyssna p\u00e5\u00a0 fr\u00e5gan: extramaterial ( ampassade \u00f6vningar) och &#8221;Tiempo libre s.103-105<\/li>\n<li>Ordningstal- uttricka sig och utveckla ordf\u00f6rr\u00e5det<\/li>\n<li>Comentarios 106-107 Perfekt particip.<\/li>\n<li>As\u00ed se dice: 108.<\/li>\n<\/ul>\n","protected":false},"excerpt":{"rendered":"","protected":false},"author":785,"featured_media":0,"parent":0,"menu_order":0,"comment_status":"closed","ping_status":"closed","template":"","meta":{"footnotes":""},"class_list":["post-123","page","type-page","status-publish","hentry","post-preview"],"_links":{"self":[{"href":"https:\/\/blogg.folkuniversitetet.nu\/reboer\/index.php?rest_route=\/wp\/v2\/pages\/123","targetHints":{"allow":["GET"]}}],"collection":[{"href":"https:\/\/blogg.folkuniversitetet.nu\/reboer\/index.php?rest_route=\/wp\/v2\/pages"}],"about":[{"href":"https:\/\/blogg.folkuniversitetet.nu\/reboer\/index.php?rest_route=\/wp\/v2\/types\/page"}],"author":[{"embeddable":true,"href":"https:\/\/blogg.folkuniversitetet.nu\/reboer\/index.php?rest_route=\/wp\/v2\/users\/785"}],"replies":[{"embeddable":true,"href":"https:\/\/blogg.folkuniversitetet.nu\/reboer\/index.php?rest_route=%2Fwp%2Fv2%2Fcomments&post=123"}],"version-history":[{"count":8,"href":"https:\/\/blogg.folkuniversitetet.nu\/reboer\/index.php?rest_route=\/wp\/v2\/pages\/123\/revisions"}],"predecessor-version":[{"id":444,"href":"https:\/\/blogg.folkuniversitetet.nu\/reboer\/index.php?rest_route=\/wp\/v2\/pages\/123\/revisions\/444"}],"wp:attachment":[{"href":"https:\/\/blogg.folkuniversitetet.nu\/reboer\/index.php?rest_route=%2Fwp%2Fv2%2Fmedia&parent=123"}],"curies":[{"name":"wp","href":"https:\/\/api.w.org\/{rel}","templated":true}]}}