{"id":119,"date":"2020-04-10T22:52:49","date_gmt":"2020-04-10T20:52:49","guid":{"rendered":"http:\/\/blogg.folkuniversitetet.nu\/reboer\/?page_id=119"},"modified":"2020-04-17T16:34:26","modified_gmt":"2020-04-17T14:34:26","slug":"clase-8","status":"publish","type":"page","link":"https:\/\/blogg.folkuniversitetet.nu\/reboer\/?page_id=119","title":{"rendered":"Clase 8"},"content":{"rendered":"<h3 style=\"text-align: center\">\u00a0 \u00a0?<span style=\"color: #0000ff\"><strong>\u00a0<\/strong> \u00a1Hola a todos!<\/span>\u00a0<\/h3>\r\n<h5>I onsdags b\u00f6rjade med att r\u00e4tta \u00f6vningar 6 och 9 ; &#8221;El turismo en cifras&#8221; s.75 och &#8221;Un poco de Barcelona&#8221; s. 76. Sedan har vi b\u00f6rjat med &#8221;Unidad 4: Valentina de Costa Rica&#8221;.\u00a0<\/h5>\r\n<ul>\r\n<li>\r\n<h5>Tr\u00e4nade p\u00e5 uttal.\u00a0<\/h5>\r\n<\/li>\r\n<li>\r\n<h5>Lyssnade och tr\u00e4nade p\u00e5 l\u00e4sf\u00f6rst\u00e5else.<\/h5>\r\n<\/li>\r\n<li>\r\n<h5>Att L\u00e4ra sig nya ord: vokabul\u00e4r.<\/h5>\r\n<\/li>\r\n<li>\r\n<h5>Arbetade med unidad 4b\u00a0<\/h5>\r\n<\/li>\r\n<li>\r\n<h5>Comentarios\u00a0<\/h5>\r\n<\/li>\r\n<\/ul>\r\n<h5 style=\"text-align: center\">\u00a0 <span style=\"color: #ff0000\">TAREA<\/span><\/h5>\r\n<ul>\r\n<li>\r\n<h5>Svara och l\u00f6s uppgifter\/fr\u00e5gor Ejercicios 86-87.\u00a0<\/h5>\r\n<\/li>\r\n<li>\r\n<h5>L\u00e4s och hitta nya ord och ta med dig de fr\u00e5gor som du har\u00a0 s\u00e5 ska vi g\u00e5 genom detta gemensamt. Kom ih\u00e5g att ta del I mini grammatik -Caminando 1.<\/h5>\r\n<\/li>\r\n<li>\r\n<h5>L\u00e4s &#8221;D\u00edas de trabajo&#8221;.<\/h5>\r\n<\/li>\r\n<li>\r\n<h5>Tr\u00e4na p\u00e5 glosor och uttrycker.<\/h5>\r\n<\/li>\r\n<\/ul>\r\n<h5>\u00a0<\/h5>\r\n<p>&nbsp;<\/p>\r\n<p>&nbsp;<\/p>\r\n<p>&nbsp;<\/p>\r\n","protected":false},"excerpt":{"rendered":"<p>\u00a0 \u00a0?\u00a0 \u00a1Hola a todos!\u00a0 I onsdags b\u00f6rjade med att r\u00e4tta \u00f6vningar 6 och 9 ; &#8221;El turismo en cifras&#8221; s.75 och &#8221;Un poco de Barcelona&#8221; s. 76. Sedan har vi b\u00f6rjat med &#8221;Unidad 4: Valentina de Costa Rica&#8221;.\u00a0 Tr\u00e4nade p\u00e5 uttal.\u00a0 Lyssnade och tr\u00e4nade p\u00e5 l\u00e4sf\u00f6rst\u00e5else. Att L\u00e4ra sig nya ord: vokabul\u00e4r. Arbetade med [&hellip;]<\/p>\n","protected":false},"author":785,"featured_media":0,"parent":0,"menu_order":0,"comment_status":"closed","ping_status":"closed","template":"","meta":{"footnotes":""},"class_list":["post-119","page","type-page","status-publish","hentry","post-preview"],"_links":{"self":[{"href":"https:\/\/blogg.folkuniversitetet.nu\/reboer\/index.php?rest_route=\/wp\/v2\/pages\/119","targetHints":{"allow":["GET"]}}],"collection":[{"href":"https:\/\/blogg.folkuniversitetet.nu\/reboer\/index.php?rest_route=\/wp\/v2\/pages"}],"about":[{"href":"https:\/\/blogg.folkuniversitetet.nu\/reboer\/index.php?rest_route=\/wp\/v2\/types\/page"}],"author":[{"embeddable":true,"href":"https:\/\/blogg.folkuniversitetet.nu\/reboer\/index.php?rest_route=\/wp\/v2\/users\/785"}],"replies":[{"embeddable":true,"href":"https:\/\/blogg.folkuniversitetet.nu\/reboer\/index.php?rest_route=%2Fwp%2Fv2%2Fcomments&post=119"}],"version-history":[{"count":4,"href":"https:\/\/blogg.folkuniversitetet.nu\/reboer\/index.php?rest_route=\/wp\/v2\/pages\/119\/revisions"}],"predecessor-version":[{"id":432,"href":"https:\/\/blogg.folkuniversitetet.nu\/reboer\/index.php?rest_route=\/wp\/v2\/pages\/119\/revisions\/432"}],"wp:attachment":[{"href":"https:\/\/blogg.folkuniversitetet.nu\/reboer\/index.php?rest_route=%2Fwp%2Fv2%2Fmedia&parent=119"}],"curies":[{"name":"wp","href":"https:\/\/api.w.org\/{rel}","templated":true}]}}