{"id":113,"date":"2020-02-20T22:01:32","date_gmt":"2020-02-20T20:01:32","guid":{"rendered":"http:\/\/blogg.folkuniversitetet.nu\/reboer\/?page_id=113"},"modified":"2020-03-25T00:45:42","modified_gmt":"2020-03-24T22:45:42","slug":"clase-5","status":"publish","type":"page","link":"https:\/\/blogg.folkuniversitetet.nu\/reboer\/?page_id=113","title":{"rendered":"Clase 5"},"content":{"rendered":"\r\n<h4><strong>\u00a1Hola a todos!<\/strong><\/h4>\r\n<h4>I onsdags upprepade vi lektionerna sidor 57 till 59. Sedan arbetade vi med &#8221;Ejercicio 6 p\u00e1gina 65&#8221; och spelade tillsammans p\u00e5 \u00f6vning 11 &#8221;La tarea final&#8221;.<\/h4>\r\n<ul>\r\n<li>\r\n<h4>V\u00e4deruttryck<\/h4>\r\n<\/li>\r\n<li>\r\n<h4>Ordlista- fr\u00e5gor<\/h4>\r\n<\/li>\r\n<li>\r\n<h4>As\u00ed se dice s. 62<\/h4>\r\n<\/li>\r\n<li>\r\n<h4>Uttryck med hacer- tener p\u00e1g: 222.<\/h4>\r\n<\/li>\r\n<\/ul>\r\n<h4><strong>Tarea:<\/strong><\/h4>\r\n<ul>\r\n<li>\r\n<h4>L\u00e4s (p\u00e1ginas 68 y 69) och repetera v\u00e4deruttryck (As\u00ed se dice p\u00e1gina 73), verb (IR) minigrammatik (p\u00e1gina 221)<\/h4>\r\n<\/li>\r\n<\/ul>\r\n","protected":false},"excerpt":{"rendered":"","protected":false},"author":785,"featured_media":0,"parent":0,"menu_order":0,"comment_status":"closed","ping_status":"closed","template":"","meta":{"footnotes":""},"class_list":["post-113","page","type-page","status-publish","hentry","post-preview"],"_links":{"self":[{"href":"https:\/\/blogg.folkuniversitetet.nu\/reboer\/index.php?rest_route=\/wp\/v2\/pages\/113","targetHints":{"allow":["GET"]}}],"collection":[{"href":"https:\/\/blogg.folkuniversitetet.nu\/reboer\/index.php?rest_route=\/wp\/v2\/pages"}],"about":[{"href":"https:\/\/blogg.folkuniversitetet.nu\/reboer\/index.php?rest_route=\/wp\/v2\/types\/page"}],"author":[{"embeddable":true,"href":"https:\/\/blogg.folkuniversitetet.nu\/reboer\/index.php?rest_route=\/wp\/v2\/users\/785"}],"replies":[{"embeddable":true,"href":"https:\/\/blogg.folkuniversitetet.nu\/reboer\/index.php?rest_route=%2Fwp%2Fv2%2Fcomments&post=113"}],"version-history":[{"count":10,"href":"https:\/\/blogg.folkuniversitetet.nu\/reboer\/index.php?rest_route=\/wp\/v2\/pages\/113\/revisions"}],"predecessor-version":[{"id":413,"href":"https:\/\/blogg.folkuniversitetet.nu\/reboer\/index.php?rest_route=\/wp\/v2\/pages\/113\/revisions\/413"}],"wp:attachment":[{"href":"https:\/\/blogg.folkuniversitetet.nu\/reboer\/index.php?rest_route=%2Fwp%2Fv2%2Fmedia&parent=113"}],"curies":[{"name":"wp","href":"https:\/\/api.w.org\/{rel}","templated":true}]}}