{"id":111,"date":"2020-02-24T22:49:31","date_gmt":"2020-02-24T20:49:31","guid":{"rendered":"http:\/\/blogg.folkuniversitetet.nu\/reboer\/?page_id=111"},"modified":"2020-03-25T00:25:27","modified_gmt":"2020-03-24T22:25:27","slug":"clase-4","status":"publish","type":"page","link":"https:\/\/blogg.folkuniversitetet.nu\/reboer\/?page_id=111","title":{"rendered":"Clase 4"},"content":{"rendered":"\n\t<h4><strong>\u00a1Hola a todos!<\/strong><\/h4>\n<h4>I onsdags har vi repeterat lektion om &#8221;La hora&#8221; med extramaterial och vi arbetade med olika exempel om meny p\u00e5 restaurang.<\/h4>\n<ul>\n<li>\n<h4>Tr\u00e4nade p\u00e5 uttal av C och CH.<\/h4>\n<\/li>\n<li>\n<h4>As\u00ed se dice\/Fr\u00e5geord<\/h4>\n<\/li>\n<li>\n<h4>Lyssnade p\u00e5 samtalet &#8221;Ejercicio 10&#8221;<\/h4>\n<\/li>\n<li>\n<h4>Gradadverb s.71<\/h4>\n<\/li>\n<\/ul>\n<h4><strong>Tarea<\/strong><\/h4>\n<ul>\n<li>\n<h5>Tr\u00e4na p\u00e5 glosorna i extramaterialet &#8221;los Bares&#8221; och minigrammatik s. 222 &#8211; 219.<\/h5>\n<\/li>\n<li>\n<h5>Vi ska arbeta med (la tarea final) d\u00e4r ni spelar olika roller f\u00f6r att kunna beskriva v\u00e4der, vilken dag och vad klockan \u00e4r och ni kan f\u00f6rb\u00e4ttrade och \u00f6va dialogen.<\/h5>\n<\/li>\n<\/ul>\n","protected":false},"excerpt":{"rendered":"","protected":false},"author":785,"featured_media":0,"parent":0,"menu_order":0,"comment_status":"closed","ping_status":"closed","template":"","meta":{"footnotes":""},"class_list":["post-111","page","type-page","status-publish","hentry","post-preview"],"_links":{"self":[{"href":"https:\/\/blogg.folkuniversitetet.nu\/reboer\/index.php?rest_route=\/wp\/v2\/pages\/111","targetHints":{"allow":["GET"]}}],"collection":[{"href":"https:\/\/blogg.folkuniversitetet.nu\/reboer\/index.php?rest_route=\/wp\/v2\/pages"}],"about":[{"href":"https:\/\/blogg.folkuniversitetet.nu\/reboer\/index.php?rest_route=\/wp\/v2\/types\/page"}],"author":[{"embeddable":true,"href":"https:\/\/blogg.folkuniversitetet.nu\/reboer\/index.php?rest_route=\/wp\/v2\/users\/785"}],"replies":[{"embeddable":true,"href":"https:\/\/blogg.folkuniversitetet.nu\/reboer\/index.php?rest_route=%2Fwp%2Fv2%2Fcomments&post=111"}],"version-history":[{"count":9,"href":"https:\/\/blogg.folkuniversitetet.nu\/reboer\/index.php?rest_route=\/wp\/v2\/pages\/111\/revisions"}],"predecessor-version":[{"id":411,"href":"https:\/\/blogg.folkuniversitetet.nu\/reboer\/index.php?rest_route=\/wp\/v2\/pages\/111\/revisions\/411"}],"wp:attachment":[{"href":"https:\/\/blogg.folkuniversitetet.nu\/reboer\/index.php?rest_route=%2Fwp%2Fv2%2Fmedia&parent=111"}],"curies":[{"name":"wp","href":"https:\/\/api.w.org\/{rel}","templated":true}]}}