{"id":579,"date":"2017-10-11T15:23:48","date_gmt":"2017-10-11T15:23:48","guid":{"rendered":"http:\/\/blogg.folkuniversitetet.nu\/persni\/?page_id=579"},"modified":"2022-08-31T12:24:24","modified_gmt":"2022-08-31T12:24:24","slug":"mandagonsdag-kl-14-45-17-00-rum-338","status":"publish","type":"page","link":"https:\/\/blogg.folkuniversitetet.nu\/persni\/mandagonsdag-kl-14-45-17-00-rum-338\/","title":{"rendered":"Kurs i svenska f\u00f6r ukrainskor kl 15.00 &#8211; 17.15 RUM 639 Tisdag + Torsdag"},"content":{"rendered":"<p>V\u00e4lkommen till v\u00e5r blogg.!<\/p>\n<p>Vi startar med\u00a0 B-boken sidan 40<\/p>\n<p>och i \u00f6vningsboken sidan 35.<\/p>\n<p>&nbsp;<\/p>\n<p>P\u00e5 den h\u00e4r l\u00e4nken kan du logga in till boken Rivstart.<\/p>\n<p><a href=\"https:\/\/login.nok.se\/account\/register\">https:\/\/login.nok.se\/account\/register<\/a><\/p>\n<p><a href=\"http:\/\/blogg.folkuniversitetet.nu\/persni\/files\/2016\/01\/blommor.png\"><img loading=\"lazy\" decoding=\"async\" class=\"alignnone size-full wp-image-130\" src=\"http:\/\/blogg.folkuniversitetet.nu\/persni\/files\/2016\/01\/blommor.png\" alt=\"\" width=\"224\" height=\"225\" srcset=\"https:\/\/blogg.folkuniversitetet.nu\/persni\/files\/2016\/01\/blommor.png 224w, https:\/\/blogg.folkuniversitetet.nu\/persni\/files\/2016\/01\/blommor-150x150.png 150w\" sizes=\"auto, (max-width: 224px) 100vw, 224px\" \/><\/a><\/p>\n<p>I textboken b\u00f6rjar vi p\u00e5 kapitel 13 och pratar position, destination och fr\u00e5n position.<\/p>\n<p>I \u00f6vningsboken b\u00f6rjar vi p\u00e5 ocks\u00e5 p\u00e5 kapitel 13<\/p>\n<p>FILM\u00a0 Pippi L\u00e5ngstrump<\/p>\n<p><a href=\"https:\/\/www.oppetarkiv.se\/video\/3192627\/pippi-langstrump-avsnitt-1-av-13\">https:\/\/www.oppetarkiv.se\/video\/3192627\/pippi-langstrump-avsnitt-1-av-13<\/a><\/p>\n<p>&nbsp;<\/p>\n<p>&nbsp;<\/p>\n<p>Vi ses!!<\/p>\n<p>&nbsp;<\/p>\n<p>H\u00e4lsningar Nils<\/p>\n","protected":false},"excerpt":{"rendered":"<p>V\u00e4lkommen till v\u00e5r blogg.! Vi startar med\u00a0 B-boken sidan 40 och i \u00f6vningsboken sidan 35. &nbsp; P\u00e5 den h\u00e4r l\u00e4nken kan du logga in till boken Rivstart. https:\/\/login.nok.se\/account\/register I textboken b\u00f6rjar vi p\u00e5 kapitel 13 och pratar position, destination och fr\u00e5n position. I \u00f6vningsboken b\u00f6rjar vi p\u00e5 ocks\u00e5 p\u00e5 kapitel 13 FILM\u00a0 Pippi L\u00e5ngstrump https:\/\/www.oppetarkiv.se\/video\/3192627\/pippi-langstrump-avsnitt-1-av-13 &hellip; <a href=\"https:\/\/blogg.folkuniversitetet.nu\/persni\/mandagonsdag-kl-14-45-17-00-rum-338\/\" class=\"more-link\">Forts\u00e4tt l\u00e4sa <span class=\"screen-reader-text\">Kurs i svenska f\u00f6r ukrainskor kl 15.00 &#8211; 17.15 RUM 639 Tisdag + Torsdag<\/span><\/a><\/p>\n","protected":false},"author":348,"featured_media":0,"parent":0,"menu_order":0,"comment_status":"closed","ping_status":"closed","template":"","meta":{"footnotes":""},"class_list":["post-579","page","type-page","status-publish","hentry"],"_links":{"self":[{"href":"https:\/\/blogg.folkuniversitetet.nu\/persni\/wp-json\/wp\/v2\/pages\/579","targetHints":{"allow":["GET"]}}],"collection":[{"href":"https:\/\/blogg.folkuniversitetet.nu\/persni\/wp-json\/wp\/v2\/pages"}],"about":[{"href":"https:\/\/blogg.folkuniversitetet.nu\/persni\/wp-json\/wp\/v2\/types\/page"}],"author":[{"embeddable":true,"href":"https:\/\/blogg.folkuniversitetet.nu\/persni\/wp-json\/wp\/v2\/users\/348"}],"replies":[{"embeddable":true,"href":"https:\/\/blogg.folkuniversitetet.nu\/persni\/wp-json\/wp\/v2\/comments?post=579"}],"version-history":[{"count":75,"href":"https:\/\/blogg.folkuniversitetet.nu\/persni\/wp-json\/wp\/v2\/pages\/579\/revisions"}],"predecessor-version":[{"id":1092,"href":"https:\/\/blogg.folkuniversitetet.nu\/persni\/wp-json\/wp\/v2\/pages\/579\/revisions\/1092"}],"wp:attachment":[{"href":"https:\/\/blogg.folkuniversitetet.nu\/persni\/wp-json\/wp\/v2\/media?parent=579"}],"curies":[{"name":"wp","href":"https:\/\/api.w.org\/{rel}","templated":true}]}}