{"id":42,"date":"2026-02-02T14:24:02","date_gmt":"2026-02-02T13:24:02","guid":{"rendered":"https:\/\/blogg.folkuniversitetet.nu\/ohlsje\/?page_id=42"},"modified":"2026-02-05T16:41:16","modified_gmt":"2026-02-05T15:41:16","slug":"vem-ar-jenny","status":"publish","type":"page","link":"https:\/\/blogg.folkuniversitetet.nu\/ohlsje\/vem-ar-jenny\/","title":{"rendered":"Vem \u00e4r Jenny?"},"content":{"rendered":"<p><a href=\"http:\/\/blogg.folkuniversitetet.nu\/ohlsje\/files\/2026\/02\/65027365669__0B71D3ED-A55C-460F-8BE9-4CE9FECB81B9-rotated.jpg\"><img loading=\"lazy\" decoding=\"async\" class=\"wp-image-80 alignleft\" src=\"http:\/\/blogg.folkuniversitetet.nu\/ohlsje\/files\/2026\/02\/65027365669__0B71D3ED-A55C-460F-8BE9-4CE9FECB81B9-225x300.jpg\" alt=\"\" width=\"194\" height=\"259\" srcset=\"https:\/\/blogg.folkuniversitetet.nu\/ohlsje\/files\/2026\/02\/65027365669__0B71D3ED-A55C-460F-8BE9-4CE9FECB81B9-225x300.jpg 225w, https:\/\/blogg.folkuniversitetet.nu\/ohlsje\/files\/2026\/02\/65027365669__0B71D3ED-A55C-460F-8BE9-4CE9FECB81B9-rotated.jpg 481w\" sizes=\"auto, (max-width: 194px) 100vw, 194px\" \/><\/a><\/p>\n<p><strong>Jag heter Jenny Ohlson Akre.\u00a0<\/strong><\/p>\n<p><strong>F\u00f6rutom att arbeta som l\u00e4rare i svenska p\u00e5 Folkuniversitetet arbetar jag som s\u00e5ngpedagog.<\/strong><\/p>\n<p><strong>Jag gillar att springa och att vara ute i naturen.<\/strong><\/p>\n","protected":false},"excerpt":{"rendered":"<p>Jag heter Jenny Ohlson Akre.\u00a0 F\u00f6rutom att arbeta som l\u00e4rare i svenska p\u00e5 Folkuniversitetet arbetar jag som s\u00e5ngpedagog. Jag gillar att springa och att vara ute i naturen.<\/p>\n","protected":false},"author":107,"featured_media":0,"parent":0,"menu_order":0,"comment_status":"closed","ping_status":"closed","template":"","meta":{"footnotes":""},"class_list":["post-42","page","type-page","status-publish","hentry","post-preview"],"_links":{"self":[{"href":"https:\/\/blogg.folkuniversitetet.nu\/ohlsje\/wp-json\/wp\/v2\/pages\/42","targetHints":{"allow":["GET"]}}],"collection":[{"href":"https:\/\/blogg.folkuniversitetet.nu\/ohlsje\/wp-json\/wp\/v2\/pages"}],"about":[{"href":"https:\/\/blogg.folkuniversitetet.nu\/ohlsje\/wp-json\/wp\/v2\/types\/page"}],"author":[{"embeddable":true,"href":"https:\/\/blogg.folkuniversitetet.nu\/ohlsje\/wp-json\/wp\/v2\/users\/107"}],"replies":[{"embeddable":true,"href":"https:\/\/blogg.folkuniversitetet.nu\/ohlsje\/wp-json\/wp\/v2\/comments?post=42"}],"version-history":[{"count":4,"href":"https:\/\/blogg.folkuniversitetet.nu\/ohlsje\/wp-json\/wp\/v2\/pages\/42\/revisions"}],"predecessor-version":[{"id":85,"href":"https:\/\/blogg.folkuniversitetet.nu\/ohlsje\/wp-json\/wp\/v2\/pages\/42\/revisions\/85"}],"wp:attachment":[{"href":"https:\/\/blogg.folkuniversitetet.nu\/ohlsje\/wp-json\/wp\/v2\/media?parent=42"}],"curies":[{"name":"wp","href":"https:\/\/api.w.org\/{rel}","templated":true}]}}