{"id":13,"date":"2023-08-01T11:07:37","date_gmt":"2023-08-01T09:07:37","guid":{"rendered":"https:\/\/blogg.folkuniversitetet.nu\/nylean\/?page_id=13"},"modified":"2026-01-16T19:56:14","modified_gmt":"2026-01-16T18:56:14","slug":"vem-ar-annika","status":"publish","type":"page","link":"https:\/\/blogg.folkuniversitetet.nu\/nylean\/vem-ar-annika\/","title":{"rendered":"Vem \u00e4r Annika?"},"content":{"rendered":"<p><a href=\"http:\/\/blogg.folkuniversitetet.nu\/nylean\/files\/2023\/08\/annika-granada-2.jpg\"><img loading=\"lazy\" decoding=\"async\" class=\"alignnone size-medium wp-image-65\" src=\"http:\/\/blogg.folkuniversitetet.nu\/nylean\/files\/2023\/08\/annika-granada-2-173x300.jpg\" alt=\"\" width=\"173\" height=\"300\" srcset=\"https:\/\/blogg.folkuniversitetet.nu\/nylean\/files\/2023\/08\/annika-granada-2-173x300.jpg 173w, https:\/\/blogg.folkuniversitetet.nu\/nylean\/files\/2023\/08\/annika-granada-2.jpg 260w\" sizes=\"auto, (max-width: 173px) 100vw, 173px\" \/><\/a><\/p>\n<p>Jo, Annika \u00e4r din l\u00e4rare i svenska fr\u00e5n Norrland men med m\u00e5nga fl\u00e4tade r\u00f6tter fr\u00e5n G\u00f6teborg och Stockholm, Madrid och Buenos Aires. Sedan m\u00e5nga \u00e5r bor jag i Stockholm med min man och med barnen som nu har egna familjer, jobb, studier och liv. Jag \u00e4r glad att vi bor i samma stad och kan tr\u00e4ffas ofta, speciellt nu n\u00e4r Sofias och Matteos dotter Rossana \u00e4r f\u00f6dd och familjen blir st\u00f6rre.<\/p>\n<p>Det ska bli intressant och sp\u00e4nnande att l\u00e4ra k\u00e4nna er i kursen och att bidra till er utveckling i svenska spr\u00e5ket.<\/p>\n<p>Vi ses!<\/p>\n<p>Annika<\/p>\n","protected":false},"excerpt":{"rendered":"<p>Jo, Annika \u00e4r din l\u00e4rare i svenska fr\u00e5n Norrland men med m\u00e5nga fl\u00e4tade r\u00f6tter fr\u00e5n G\u00f6teborg och Stockholm, Madrid och Buenos Aires. Sedan m\u00e5nga \u00e5r bor jag i Stockholm med min man och med barnen som nu har egna familjer, jobb, studier och liv. Jag \u00e4r glad att vi bor i samma stad och kan [&hellip;]<\/p>\n","protected":false},"author":107,"featured_media":0,"parent":0,"menu_order":0,"comment_status":"closed","ping_status":"closed","template":"","meta":{"footnotes":""},"class_list":["post-13","page","type-page","status-publish","hentry","post-preview"],"_links":{"self":[{"href":"https:\/\/blogg.folkuniversitetet.nu\/nylean\/wp-json\/wp\/v2\/pages\/13","targetHints":{"allow":["GET"]}}],"collection":[{"href":"https:\/\/blogg.folkuniversitetet.nu\/nylean\/wp-json\/wp\/v2\/pages"}],"about":[{"href":"https:\/\/blogg.folkuniversitetet.nu\/nylean\/wp-json\/wp\/v2\/types\/page"}],"author":[{"embeddable":true,"href":"https:\/\/blogg.folkuniversitetet.nu\/nylean\/wp-json\/wp\/v2\/users\/107"}],"replies":[{"embeddable":true,"href":"https:\/\/blogg.folkuniversitetet.nu\/nylean\/wp-json\/wp\/v2\/comments?post=13"}],"version-history":[{"count":11,"href":"https:\/\/blogg.folkuniversitetet.nu\/nylean\/wp-json\/wp\/v2\/pages\/13\/revisions"}],"predecessor-version":[{"id":473,"href":"https:\/\/blogg.folkuniversitetet.nu\/nylean\/wp-json\/wp\/v2\/pages\/13\/revisions\/473"}],"wp:attachment":[{"href":"https:\/\/blogg.folkuniversitetet.nu\/nylean\/wp-json\/wp\/v2\/media?parent=13"}],"curies":[{"name":"wp","href":"https:\/\/api.w.org\/{rel}","templated":true}]}}