{"id":8997,"date":"2026-01-30T14:42:50","date_gmt":"2026-01-30T13:42:50","guid":{"rendered":"https:\/\/blogg.folkuniversitetet.nu\/nordca\/?page_id=8997"},"modified":"2026-03-27T15:24:16","modified_gmt":"2026-03-27T14:24:16","slug":"a1-del-2-start-30-januari","status":"publish","type":"page","link":"https:\/\/blogg.folkuniversitetet.nu\/nordca\/a1-del-2-start-30-januari\/","title":{"rendered":"A1 del 2, start 30 januari"},"content":{"rendered":"<p>Hej! P\u00e5 den h\u00e4r kursen pratar vi mycket svenska, l\u00e4ser texter och skriver lite. Har du fr\u00e5gor? D\u00e5 kan du mejla till carolina.nordwall@folkuniversitetet.se<\/p>\n<p><strong>Lektion 27 mars<\/strong><\/p>\n<p><a href=\"http:\/\/blogg.folkuniversitetet.nu\/nordca\/files\/2026\/03\/A1-del-2-27-mars-2026.pdf\">A1 del 2 27 mars 2026<\/a><\/p>\n<p>L\u00e4xor:<\/p>\n<ul>\n<li>TB s. 107, 108, 117<\/li>\n<li>\u00d6B s. 120, 122, 123<\/li>\n<\/ul>\n<p><strong>Lektion 20 mars<\/strong><\/p>\n<p><a href=\"http:\/\/blogg.folkuniversitetet.nu\/nordca\/files\/2026\/03\/A1-del-2-20-mars-2026.pdf\">A1 del 2 20 mars 2026<\/a><\/p>\n<p>L\u00e4xor:<\/p>\n<ul>\n<li>TB s. 101-102<\/li>\n<li>\u00d6B s. 108-110<\/li>\n<\/ul>\n<p><strong>Lektion 13 mars<\/strong><\/p>\n<p><a href=\"http:\/\/blogg.folkuniversitetet.nu\/nordca\/files\/2026\/03\/A1-del-2-13-mars-2026.pdf\">A1 del 2 13 mars 2026<\/a><\/p>\n<p>L\u00e4xor:<\/p>\n<ul>\n<li>TB s. 98<\/li>\n<li>\u00d6B s. 168-169, 171<\/li>\n<\/ul>\n<p><strong>Lektion 6 mars<\/strong><\/p>\n<p><a href=\"http:\/\/blogg.folkuniversitetet.nu\/nordca\/files\/2026\/03\/A1-del-2-6-mars-2026.pdf\">A1 del 2 6 mars 2026<\/a><\/p>\n<p>L\u00e4xor:<\/p>\n<ul>\n<li>TB s. 91-92, 96-97<\/li>\n<li>\u00d6B s. 102-103<\/li>\n<\/ul>\n<p><strong>Lektion 27 februari<\/strong><\/p>\n<p><a href=\"http:\/\/blogg.folkuniversitetet.nu\/nordca\/files\/2026\/02\/A1-del-2-27-oktober-2026.pdf\">A1 del 2 27 februari 2026<\/a><\/p>\n<p>L\u00e4xor:<\/p>\n<ul>\n<li>TB s. 88<\/li>\n<li>\u00d6B s. 96-99<\/li>\n<\/ul>\n<p><strong>Lektion 20 februari<\/strong><\/p>\n<p><a href=\"http:\/\/blogg.folkuniversitetet.nu\/nordca\/files\/2026\/02\/A1-del-2-20-februari-2026.pdf\">A1 del 2 20 februari 2026<\/a><\/p>\n<p>L\u00e4xor:<\/p>\n<ul>\n<li>TB s. 80-83 (l\u00e4s, kombinera, lyssna, studera nya ord)<\/li>\n<li>\u00d6B s. 48, 86-93<\/li>\n<\/ul>\n<p><strong>Lektion 30 januari<\/strong><\/p>\n<p><a href=\"http:\/\/blogg.folkuniversitetet.nu\/nordca\/files\/2026\/01\/A1-del-2-30-januari-2026.pdf\">A1 del 2 30 januari 2026<\/a><\/p>\n<p>L\u00e4xor:<\/p>\n<ul>\n<li>TB s. 66, 68 (l\u00e4s texterna, lyssna p\u00e5 ljudfilerna och studera nya ord)<\/li>\n<li>\u00d6B s. 65-66<\/li>\n<\/ul>\n<p>&nbsp;<\/p>\n","protected":false},"excerpt":{"rendered":"<p>Hej! P\u00e5 den h\u00e4r kursen pratar vi mycket svenska, l\u00e4ser texter och skriver lite. Har du fr\u00e5gor? D\u00e5 kan du mejla till carolina.nordwall@folkuniversitetet.se Lektion 27 mars A1 del 2 27 mars 2026 L\u00e4xor: TB s. 107, 108, 117 \u00d6B s. 120, 122, 123 Lektion 20 mars A1 del 2 20 mars 2026 L\u00e4xor: TB s. &hellip; <a href=\"https:\/\/blogg.folkuniversitetet.nu\/nordca\/a1-del-2-start-30-januari\/\" class=\"more-link\">Forts\u00e4tt l\u00e4sa <span class=\"screen-reader-text\">A1 del 2, start 30 januari<\/span> <span class=\"meta-nav\">&rarr;<\/span><\/a><\/p>\n","protected":false},"author":608,"featured_media":0,"parent":0,"menu_order":0,"comment_status":"closed","ping_status":"closed","template":"","meta":{"footnotes":""},"class_list":["post-8997","page","type-page","status-publish","hentry"],"_links":{"self":[{"href":"https:\/\/blogg.folkuniversitetet.nu\/nordca\/wp-json\/wp\/v2\/pages\/8997","targetHints":{"allow":["GET"]}}],"collection":[{"href":"https:\/\/blogg.folkuniversitetet.nu\/nordca\/wp-json\/wp\/v2\/pages"}],"about":[{"href":"https:\/\/blogg.folkuniversitetet.nu\/nordca\/wp-json\/wp\/v2\/types\/page"}],"author":[{"embeddable":true,"href":"https:\/\/blogg.folkuniversitetet.nu\/nordca\/wp-json\/wp\/v2\/users\/608"}],"replies":[{"embeddable":true,"href":"https:\/\/blogg.folkuniversitetet.nu\/nordca\/wp-json\/wp\/v2\/comments?post=8997"}],"version-history":[{"count":11,"href":"https:\/\/blogg.folkuniversitetet.nu\/nordca\/wp-json\/wp\/v2\/pages\/8997\/revisions"}],"predecessor-version":[{"id":9115,"href":"https:\/\/blogg.folkuniversitetet.nu\/nordca\/wp-json\/wp\/v2\/pages\/8997\/revisions\/9115"}],"wp:attachment":[{"href":"https:\/\/blogg.folkuniversitetet.nu\/nordca\/wp-json\/wp\/v2\/media?parent=8997"}],"curies":[{"name":"wp","href":"https:\/\/api.w.org\/{rel}","templated":true}]}}