{"id":10,"date":"2023-09-29T12:54:05","date_gmt":"2023-09-29T11:54:05","guid":{"rendered":"https:\/\/blogg.folkuniversitetet.nu\/nikona\/?page_id=10"},"modified":"2025-01-20T15:09:46","modified_gmt":"2025-01-20T14:09:46","slug":"lankar","status":"publish","type":"page","link":"https:\/\/blogg.folkuniversitetet.nu\/nikona\/lankar\/","title":{"rendered":"L\u00e4nkar"},"content":{"rendered":"<p><a href=\"https:\/\/www.svtplay.se\/nyheter-pa-latt-svenska\">Nyheter p\u00e5 l\u00e4tt svenska p\u00e5 SVT Play<\/a><\/p>\n<p><a href=\"https:\/\/www.so-rummet.se\/kategorier\/allemansratten\">Allemansr\u00e4tten p\u00e5 l\u00e4tt svenska<\/a><\/p>\n","protected":false},"excerpt":{"rendered":"<p>Nyheter p\u00e5 l\u00e4tt svenska p\u00e5 SVT Play Allemansr\u00e4tten p\u00e5 l\u00e4tt svenska<\/p>\n","protected":false},"author":912,"featured_media":0,"parent":0,"menu_order":0,"comment_status":"closed","ping_status":"closed","template":"","meta":{"footnotes":""},"class_list":["post-10","page","type-page","status-publish","hentry","post-preview"],"_links":{"self":[{"href":"https:\/\/blogg.folkuniversitetet.nu\/nikona\/wp-json\/wp\/v2\/pages\/10","targetHints":{"allow":["GET"]}}],"collection":[{"href":"https:\/\/blogg.folkuniversitetet.nu\/nikona\/wp-json\/wp\/v2\/pages"}],"about":[{"href":"https:\/\/blogg.folkuniversitetet.nu\/nikona\/wp-json\/wp\/v2\/types\/page"}],"author":[{"embeddable":true,"href":"https:\/\/blogg.folkuniversitetet.nu\/nikona\/wp-json\/wp\/v2\/users\/912"}],"replies":[{"embeddable":true,"href":"https:\/\/blogg.folkuniversitetet.nu\/nikona\/wp-json\/wp\/v2\/comments?post=10"}],"version-history":[{"count":5,"href":"https:\/\/blogg.folkuniversitetet.nu\/nikona\/wp-json\/wp\/v2\/pages\/10\/revisions"}],"predecessor-version":[{"id":44,"href":"https:\/\/blogg.folkuniversitetet.nu\/nikona\/wp-json\/wp\/v2\/pages\/10\/revisions\/44"}],"wp:attachment":[{"href":"https:\/\/blogg.folkuniversitetet.nu\/nikona\/wp-json\/wp\/v2\/media?parent=10"}],"curies":[{"name":"wp","href":"https:\/\/api.w.org\/{rel}","templated":true}]}}