{"id":701,"date":"2024-02-20T18:51:02","date_gmt":"2024-02-20T17:51:02","guid":{"rendered":"https:\/\/blogg.folkuniversitetet.nu\/minapi\/?page_id=701"},"modified":"2024-02-20T18:52:37","modified_gmt":"2024-02-20T17:52:37","slug":"c2","status":"publish","type":"page","link":"https:\/\/blogg.folkuniversitetet.nu\/minapi\/c2\/","title":{"rendered":"C2"},"content":{"rendered":"<div class=\"post-header\">\n<h1 class=\"post-title entry-title\"><\/h1>\n<\/div>\n<div class=\"post-content entry-content\">\n<p>Till dig som anm\u00e4lt dig till kurs C2<\/p>\n<h4><strong>Hj\u00e4rtligt v\u00e4lkommen till kursen i svenska!<\/strong><\/h4>\n<p>Kursen startar p\u00e5 tisdag den 20 februari, 19.30. Folkuniversitetet har skickat en l\u00e4nk till dig f\u00f6r inloggning p\u00e5 Zoom och du hittar den \u00e4ven h\u00e4r nedan.<\/p>\n<div>\n<div class=\"post-header\">\n<div>\n<p>Join Zoom Meeting<\/p>\n<\/div>\n<div>\n<p><a id=\"LPlnk317740\" href=\"https:\/\/folkuniversitetet-se.zoom.us\/j\/68253790773?pwd=NDFMemZTZndGOERka09JR1VXWHc4UT09\" target=\"_blank\" rel=\"noopener noreferrer\" data-auth=\"NotApplicable\" data-linkindex=\"0\">https:\/\/folkuniversitetet-se.zoom.us\/j\/68253790773?pwd=NDFMemZTZndGOERka09JR1VXWHc4UT09<\/a><\/p>\n<\/div>\n<div>\n<p aria-hidden=\"true\">Meeting ID: 682 5379 0773<\/p>\n<\/div>\n<div>\n<p>Passcode: 357223<\/p>\n<\/div>\n<\/div>\n<div class=\"post-content entry-content\">\n<p>Vi kommer gemensamt att diskutera vilket material vi ska anv\u00e4nda under kursens g\u00e5ng. Under L\u00e4nkar hittar du \u00e4ven sidor som du kan ha nytta av f\u00f6r egen del.<\/p>\n<p>P\u00e5 denna blogg kommer jag att l\u00e4gga in notiser efter varje kurstr\u00e4ff d\u00e4r jag kortfattat beskriver vad vi har arbetat med och vad ni har i l\u00e4xa till n\u00e4sta g\u00e5ng.\u00a0 Det kan vara bra f\u00f6r dig som har missat n\u00e5gon kurstr\u00e4ff d\u00e5 du l\u00e4tt kan hitta viktig information h\u00e4r. Du som deltagare kommer inte kunna\u00a0 skriva inl\u00e4gg p\u00e5 denna sida utan om du beh\u00f6ver kontakta mig kan du g\u00f6ra det p\u00e5 denna adress: pia.minati@folkuniversitetet.se<\/p>\n<p>Jag ser fram emot att tr\u00e4ffa dig och \u00f6nskar dig lycka till med dina studier!<\/p>\n<p>Pia Minati<\/p>\n<p>Leg. l\u00e4rare i svenska och svenska som andraspr\u00e5k<\/p>\n<p>https:\/\/blogg.folkuniversitetet.nu\/minapi\/<\/p>\n<\/div>\n<\/div>\n<\/div>\n","protected":false},"excerpt":{"rendered":"<p>Till dig som anm\u00e4lt dig till kurs C2 Hj\u00e4rtligt v\u00e4lkommen till kursen i svenska! Kursen startar p\u00e5 tisdag den 20 februari, 19.30. Folkuniversitetet har skickat en l\u00e4nk till dig f\u00f6r inloggning p\u00e5 Zoom och du hittar den \u00e4ven h\u00e4r nedan. Join Zoom Meeting https:\/\/folkuniversitetet-se.zoom.us\/j\/68253790773?pwd=NDFMemZTZndGOERka09JR1VXWHc4UT09 Meeting ID: 682 5379 0773 Passcode: 357223 Vi kommer gemensamt att [&hellip;]<\/p>\n","protected":false},"author":918,"featured_media":0,"parent":0,"menu_order":0,"comment_status":"closed","ping_status":"closed","template":"","meta":{"footnotes":""},"class_list":["post-701","page","type-page","status-publish","hentry","post-preview"],"_links":{"self":[{"href":"https:\/\/blogg.folkuniversitetet.nu\/minapi\/wp-json\/wp\/v2\/pages\/701","targetHints":{"allow":["GET"]}}],"collection":[{"href":"https:\/\/blogg.folkuniversitetet.nu\/minapi\/wp-json\/wp\/v2\/pages"}],"about":[{"href":"https:\/\/blogg.folkuniversitetet.nu\/minapi\/wp-json\/wp\/v2\/types\/page"}],"author":[{"embeddable":true,"href":"https:\/\/blogg.folkuniversitetet.nu\/minapi\/wp-json\/wp\/v2\/users\/918"}],"replies":[{"embeddable":true,"href":"https:\/\/blogg.folkuniversitetet.nu\/minapi\/wp-json\/wp\/v2\/comments?post=701"}],"version-history":[{"count":2,"href":"https:\/\/blogg.folkuniversitetet.nu\/minapi\/wp-json\/wp\/v2\/pages\/701\/revisions"}],"predecessor-version":[{"id":704,"href":"https:\/\/blogg.folkuniversitetet.nu\/minapi\/wp-json\/wp\/v2\/pages\/701\/revisions\/704"}],"wp:attachment":[{"href":"https:\/\/blogg.folkuniversitetet.nu\/minapi\/wp-json\/wp\/v2\/media?parent=701"}],"curies":[{"name":"wp","href":"https:\/\/api.w.org\/{rel}","templated":true}]}}