{"id":1220,"date":"2024-05-29T12:30:53","date_gmt":"2024-05-29T11:30:53","guid":{"rendered":"https:\/\/blogg.folkuniversitetet.nu\/minapi\/?page_id=1220"},"modified":"2026-01-22T19:32:28","modified_gmt":"2026-01-22T18:32:28","slug":"kurstraff-1-15-2","status":"publish","type":"page","link":"https:\/\/blogg.folkuniversitetet.nu\/minapi\/kurstraff-1-15-2\/","title":{"rendered":"Kurstr\u00e4ff 1- 15"},"content":{"rendered":"<p><strong>Kurstr\u00e4ff 1\u00a0<\/strong><\/p>\n<p>Presentation. Introduktion av kursen. Samtal om kursinneh\u00e5ll. Genomg\u00e5ng subjunktioner. Gruppuppgift. \u00d6vning i extramaterialet.<\/p>\n<p><strong>L\u00e4xa till torsdag:<\/strong> Textboken sid 12 &#8211; 13 , \u00f6vningsboken sid\u00a0 6-7 .<\/p>\n<hr \/>\n<p><strong>Kurstr\u00e4ff 2<\/strong><\/p>\n<p>Genomg\u00e5ng av serien Hitta hem. Genomg\u00e5ng av l\u00e4xan. H\u00f6gl\u00e4sning, uttal och betoning.\u00a0 Genomg\u00e5ng av nya ord.<\/p>\n<p><strong>L\u00e4xa till m\u00e5ndag 29 dec;\u00a0<\/strong> Textboken sid 14, 4\u00a0 + 15 + 16 fokus + D + 17 + 18 +19<br \/>\n\u00d6vningsboken sid 8 &#8211; 11<\/p>\n<p>Avsnitt 2 + 3 i serien Hitta hem, se nedan.<\/p>\n<p><a href=\"https:\/\/urplay.se\/serie\/217851-hitta-hem\">Hitta hem | dramaserie p\u00e5 svenska f\u00f6r nyanl\u00e4nda. | UR Play<\/a><\/p>\n<hr \/>\n<p><strong>Kurstr\u00e4ff 3<\/strong><\/p>\n<p>Samtal om julen, det b\u00e4sta och det s\u00e4msta. Grupp\u00f6vning. Genomg\u00e5ng meningar med adverb. Ljudfil, sporter. Vi hann inte g\u00e5 igenom hela l\u00e4xan. Vi forts\u00e4tter imorgon med \u00f6vningsboken sid\u00a0 8 &#8211; 13 samt g\u00e5r igenom manus + fr\u00e5gor till Hitta hem.<\/p>\n<p><strong>L\u00e4xa till tisdag:<\/strong> Textboken sid 24- 25 samt \u00f6vningsboken sid 14 &#8211; 15,<\/p>\n<hr \/>\n<p><strong>Kurstr\u00e4ff 4<\/strong><\/p>\n<p>Vi gick igenom adjektiv, adverb, tidprepositioner och ordbildning. L\u00e4ste manus till avsnitt 3 + fr\u00e5gor.<\/p>\n<p><strong>L\u00e4xa till m\u00e5ndag:<\/strong> Repetition av sid 14 &#8211; 15 i \u00f6vningsboken.<br \/>\nAvsnitt 4 av Hitta hem + manus + fr\u00e5gor.<br \/>\nSkriv 2-3 meningar p\u00e5 alla dialoger 1 &#8211; 4 i textboken sid 24 &#8211; 25.<\/p>\n<hr \/>\n<p><strong>Kurstr\u00e4ff 5<\/strong><\/p>\n<p>Samtal om ny\u00e5ret i par. Genomg\u00e5ng av l\u00e4xan i textboken samt \u00f6vningsboken. Genomg\u00e5ng av partikelverb. H\u00f6gl\u00e4sning av programmanus avsnitt 3 och fr\u00e5gor.<\/p>\n<p><strong>L\u00e4xa till onsdag<\/strong>: Textboken sid 22-23 samt \u00f6vningsboken sid 16 &#8211; 17. Till m\u00e5ndag n\u00e4sta vecka: Avsnitt 4 av Hitta hem som repetition + manus + fr\u00e5gor.<\/p>\n<hr \/>\n<p><strong>Kurstr\u00e4ff 6<\/strong><\/p>\n<p>Samtal om v\u00e4nner. Fr\u00e5gor och svar. H\u00f6gl\u00e4sning, uttal och betoning. Genomg\u00e5ng av l\u00e4xan i \u00f6vningsboken.<\/p>\n<p><strong>L\u00e4xa till torsdag:<\/strong>\u00a0 sid 26 A &#8211; 27 B\u00a0 +\u00a0 sid 28 den gula rutan + \u00f6vning E\u00a0 + sid 29 F. \u00d6vningsboken sid 18.<\/p>\n<hr \/>\n<p><strong>Kurstr\u00e4ff 7<\/strong><\/p>\n<p>Genomg\u00e5ng av l\u00e4xan i textboken och \u00f6vningsboken. \u00d6vningar i extramaterialet.<\/p>\n<p>L\u00e4xa till m\u00e5ndag: Textboken sid 30 &#8211; 33. V\u00e4lj en av de tre texterna. \u00d6vningsboken sid 19 &#8211; 21.<\/p>\n<p>Fj\u00e4rde avsnittet av Hitta hem, Utbildingsradion + manus samt fr\u00e5gor.<\/p>\n<hr \/>\n<p><strong>Kurstr\u00e4ff 8<\/strong><\/p>\n<p>Samtal. H\u00f6gl\u00e4sning , ordf\u00f6rklaringar, uttal och betoning. Genomg\u00e5ng av huvudsats och bisats. Genomg\u00e5ng av fj\u00e4rde avsnittet av <em>Hitta hem,\u00a0<\/em>UR.<\/p>\n<p><strong>L\u00e4xa till tisdag:<\/strong> Textboken sid 30 -31, Signe och Ernest Thieltextboken sid 30 &#8211; 31, Skriv 4 fr\u00e5gor till texten + \u00f6vningsboken sid 29.<\/p>\n<p><strong>Till m\u00e5ndag:<\/strong> Femte avnittet av Hitta hem.<\/p>\n<p><a href=\"https:\/\/urplay.se\/program\/217854-hitta-hem-martinas-hemlighet\">Hitta hem: Martinas hemlighet | UR Play<\/a><\/p>\n<hr \/>\n<p><strong>Kurstr\u00e4ff 9<\/strong><\/p>\n<p>Samtal om dagens aktiviteter. Genomg\u00e5ng av l\u00e4xan i textboken. Genomg\u00e5ng av vokalerna \u00e5,\u00e4,\u00f6. Ljudfil + \u00f6vning.<\/p>\n<p><strong>L\u00e4xa till onsdag:<\/strong> Textboken sid 37 B. \u00d6vningsboken sid 27 &#8211; 29.<\/p>\n<hr \/>\n<p><strong>Kurstr\u00e4ff 10<\/strong><\/p>\n<p>Samtal om p\u00e5st\u00e5enden om pengar. Genomg\u00e5ng av huvudsats och bisats. Exempelmeningar.<\/p>\n<p><strong>L\u00e4xa till torsdag: \u00d6vningsboken sid 30 &#8211; 32.<\/strong><\/p>\n<p>&nbsp;<\/p>\n<hr \/>\n<p><strong>Kurstr\u00e4ff 11<\/strong><\/p>\n<p>Vi arbetade\u00a0 i grupp, individuellt och gemensamt med sidorna 38 &#8211; 37 i \u00f6vningsboken. Genomg\u00e5ng av l\u00e4xan.<\/p>\n<p><strong>L\u00e4xa till m\u00e5ndag: Textboken sid 44 A &#8211; 45 ej B + C\u00a0 + F.\u00a0 \u00d6vningsboken sid 33 &#8211; 35.\u00a0<\/strong><\/p>\n<p>Femte avsnittet av Hitta hem.<\/p>\n<p>https:\/\/urplay.se\/program\/217854-hitta-hem-martinas-hemlighet<\/p>\n<hr \/>\n<p><strong>Kurstr\u00e4ff 12<\/strong><\/p>\n<p>Samtal om lycka. Genomg\u00e5ng av l\u00e4xan, Genomg\u00e5ng av adjektiv + substantiv. Genom g\u00e5ng av avsnittet Martinas hemlighet ur Hitta hem.<\/p>\n<p>L\u00e4xa till tisdag: Textboken sid 46 &#8211; 47. \u00d6vningsboken sid 42- 43<\/p>\n<hr \/>\n<p><strong>Kurstr\u00e4ff 13<\/strong><\/p>\n<p>H\u00f6gl\u00e4sning. Gruppuppgift.\u00a0Genomg\u00e5ng\u00a0 adjektiv &#8211; substantiv + \u00f6vning. \u00d6vning i extramaterialet adjektiv + substantiv samt ordkunskap.<\/p>\n<p><strong>L\u00e4xa till onsdag:<\/strong>\u00a0Textboken sid 40 &#8211; 41 + \u00f6vningsboken sid 44 &#8211; 45.<\/p>\n<hr \/>\n<p><strong>Kurstr\u00e4ff 14<\/strong>Genomg\u00e5ng av l\u00e4xan i \u00f6vningsboken samt forts\u00e4ttning gemensamt t o m sid 46. Lkudfil uttal p\u00e5 sid 50.<\/p>\n<p><strong>L\u00e4xa till torsdag:<\/strong>\u00a0Skriv en text om &#8221;Vad dr\u00f6mmer du om?&#8221; + \u00f6vningsboken sid 46 &#8211; 48.<\/p>\n<hr \/>\n<p><strong>Kurstr\u00e4ff 15<\/strong><\/p>\n<p>Deltagarna l\u00e4ste upp vad de hade skrivit. Genomg\u00e5ng av l\u00e4xan i \u00f6vningsboken. Gruppuppgift. \u00d6vning i extramaterialet.<\/p>\n<p>Avslutning.<\/p>\n<p>&nbsp;<\/p>\n","protected":false},"excerpt":{"rendered":"<p>Kurstr\u00e4ff 1\u00a0 Presentation. Introduktion av kursen. Samtal om kursinneh\u00e5ll. Genomg\u00e5ng subjunktioner. Gruppuppgift. \u00d6vning i extramaterialet. L\u00e4xa till torsdag: Textboken sid 12 &#8211; 13 , \u00f6vningsboken sid\u00a0 6-7 . Kurstr\u00e4ff 2 Genomg\u00e5ng av serien Hitta hem. Genomg\u00e5ng av l\u00e4xan. H\u00f6gl\u00e4sning, uttal och betoning.\u00a0 Genomg\u00e5ng av nya ord. L\u00e4xa till m\u00e5ndag 29 dec;\u00a0 Textboken sid 14, 4\u00a0 [&hellip;]<\/p>\n","protected":false},"author":918,"featured_media":0,"parent":0,"menu_order":0,"comment_status":"closed","ping_status":"closed","template":"","meta":{"footnotes":""},"class_list":["post-1220","page","type-page","status-publish","hentry","post-preview"],"_links":{"self":[{"href":"https:\/\/blogg.folkuniversitetet.nu\/minapi\/wp-json\/wp\/v2\/pages\/1220","targetHints":{"allow":["GET"]}}],"collection":[{"href":"https:\/\/blogg.folkuniversitetet.nu\/minapi\/wp-json\/wp\/v2\/pages"}],"about":[{"href":"https:\/\/blogg.folkuniversitetet.nu\/minapi\/wp-json\/wp\/v2\/types\/page"}],"author":[{"embeddable":true,"href":"https:\/\/blogg.folkuniversitetet.nu\/minapi\/wp-json\/wp\/v2\/users\/918"}],"replies":[{"embeddable":true,"href":"https:\/\/blogg.folkuniversitetet.nu\/minapi\/wp-json\/wp\/v2\/comments?post=1220"}],"version-history":[{"count":111,"href":"https:\/\/blogg.folkuniversitetet.nu\/minapi\/wp-json\/wp\/v2\/pages\/1220\/revisions"}],"predecessor-version":[{"id":1847,"href":"https:\/\/blogg.folkuniversitetet.nu\/minapi\/wp-json\/wp\/v2\/pages\/1220\/revisions\/1847"}],"wp:attachment":[{"href":"https:\/\/blogg.folkuniversitetet.nu\/minapi\/wp-json\/wp\/v2\/media?parent=1220"}],"curies":[{"name":"wp","href":"https:\/\/api.w.org\/{rel}","templated":true}]}}