{"id":238,"date":"2025-04-15T15:13:15","date_gmt":"2025-04-15T14:13:15","guid":{"rendered":"https:\/\/blogg.folkuniversitetet.nu\/mikami\/?page_id=238"},"modified":"2025-08-15T13:52:22","modified_gmt":"2025-08-15T12:52:22","slug":"lyssna","status":"publish","type":"page","link":"https:\/\/blogg.folkuniversitetet.nu\/mikami\/lyssna\/","title":{"rendered":"Lyssna"},"content":{"rendered":"<p>Att lyssna p\u00e5 musik \u00e4r ett j\u00e4ttebra s\u00e4tt att l\u00e4ra sig spr\u00e5k. Om du har spotify kan du titta p\u00e5 texten samtidigt som du lyssnar.<\/p>\n<p>H\u00e4r \u00e4r en spellista med l\u00e5tar p\u00e5 svenska:<\/p>\n<p><iframe title=\"Spotify Embed: Bada i svenska!\" style=\"border-radius: 12px\" width=\"100%\" height=\"352\" frameborder=\"0\" allowfullscreen allow=\"autoplay; clipboard-write; encrypted-media; fullscreen; picture-in-picture\" loading=\"lazy\" src=\"https:\/\/open.spotify.com\/embed\/playlist\/5kkNA9EyhSdQodXCXS1kys?si=A8bc9hdkQv222CcRgMAkSw&#038;utm_source=oembed\"><\/iframe><\/p>\n<p>Vill du \u00f6va uttal? D\u00e5 kan du lyssna p\u00e5 den h\u00e4r listan. L\u00e4s texten samtidigt och \u00f6va p\u00e5 ljuden:<\/p>\n<p><iframe title=\"Spotify Embed: Svenska A - Klart och tydligt\" style=\"border-radius: 12px\" width=\"100%\" height=\"352\" frameborder=\"0\" allowfullscreen allow=\"autoplay; clipboard-write; encrypted-media; fullscreen; picture-in-picture\" loading=\"lazy\" src=\"https:\/\/open.spotify.com\/embed\/playlist\/2KLmyUDvEEl6fpokPdTdK2?si=6kT84vxfRbGJD5seWCODSw&#038;utm_source=oembed\"><\/iframe><\/p>\n","protected":false},"excerpt":{"rendered":"<p>Att lyssna p\u00e5 musik \u00e4r ett j\u00e4ttebra s\u00e4tt att l\u00e4ra sig spr\u00e5k. Om du har spotify kan du titta p\u00e5 texten samtidigt som du lyssnar. H\u00e4r \u00e4r en spellista med&#8230;<\/p>\n<div class=\"more-link-wrapper\"><a class=\"more-link\" href=\"https:\/\/blogg.folkuniversitetet.nu\/mikami\/lyssna\/\">L\u00e4s mer<span class=\"screen-reader-text\">Lyssna<\/span><\/a><\/div>\n","protected":false},"author":964,"featured_media":0,"parent":0,"menu_order":0,"comment_status":"closed","ping_status":"closed","template":"","meta":{"footnotes":""},"class_list":["post-238","page","type-page","status-publish","hentry","excerpt"],"_links":{"self":[{"href":"https:\/\/blogg.folkuniversitetet.nu\/mikami\/wp-json\/wp\/v2\/pages\/238","targetHints":{"allow":["GET"]}}],"collection":[{"href":"https:\/\/blogg.folkuniversitetet.nu\/mikami\/wp-json\/wp\/v2\/pages"}],"about":[{"href":"https:\/\/blogg.folkuniversitetet.nu\/mikami\/wp-json\/wp\/v2\/types\/page"}],"author":[{"embeddable":true,"href":"https:\/\/blogg.folkuniversitetet.nu\/mikami\/wp-json\/wp\/v2\/users\/964"}],"replies":[{"embeddable":true,"href":"https:\/\/blogg.folkuniversitetet.nu\/mikami\/wp-json\/wp\/v2\/comments?post=238"}],"version-history":[{"count":3,"href":"https:\/\/blogg.folkuniversitetet.nu\/mikami\/wp-json\/wp\/v2\/pages\/238\/revisions"}],"predecessor-version":[{"id":370,"href":"https:\/\/blogg.folkuniversitetet.nu\/mikami\/wp-json\/wp\/v2\/pages\/238\/revisions\/370"}],"wp:attachment":[{"href":"https:\/\/blogg.folkuniversitetet.nu\/mikami\/wp-json\/wp\/v2\/media?parent=238"}],"curies":[{"name":"wp","href":"https:\/\/api.w.org\/{rel}","templated":true}]}}