{"id":14,"date":"2019-10-01T16:26:34","date_gmt":"2019-10-01T14:26:34","guid":{"rendered":"http:\/\/blogg.folkuniversitetet.nu\/lustkr\/?page_id=14"},"modified":"2020-03-05T10:50:29","modified_gmt":"2020-03-05T09:50:29","slug":"lite-om-mig","status":"publish","type":"page","link":"https:\/\/blogg.folkuniversitetet.nu\/lustkr\/lite-om-mig\/","title":{"rendered":"Lite om mig"},"content":{"rendered":"<p>Jag heter Kraisri och \u00e4r l\u00e4rare i thail\u00e4ndska p\u00e5 Folkuniversitetet. Jag \u00e4r ocks\u00e5 modersm\u00e5lsl\u00e4rare sedan fem \u00e5r tillbaka. Jag \u00e4r intresserad av hj\u00e4rnan och hur spr\u00e5kinl\u00e4rning fungerar. P\u00e5 fritiden tycker jag om att dansa och jag \u00e4lskar att laga mat!<\/p>\n<p><a href=\"http:\/\/blogg.folkuniversitetet.nu\/lustkr\/files\/2019\/10\/pad-thai-4034040_640.jpg\"><img loading=\"lazy\" decoding=\"async\" class=\"alignnone size-medium wp-image-15\" src=\"http:\/\/blogg.folkuniversitetet.nu\/lustkr\/files\/2019\/10\/pad-thai-4034040_640-300x200.jpg\" alt=\"\" width=\"300\" height=\"200\" srcset=\"https:\/\/blogg.folkuniversitetet.nu\/lustkr\/files\/2019\/10\/pad-thai-4034040_640-300x200.jpg 300w, https:\/\/blogg.folkuniversitetet.nu\/lustkr\/files\/2019\/10\/pad-thai-4034040_640.jpg 640w\" sizes=\"auto, (max-width: 300px) 100vw, 300px\" \/><\/a><\/p>\n<p>Du kan kontakta mig p\u00e5 kraisri.lustig@folkuniversitetet.se<\/p>\n","protected":false},"excerpt":{"rendered":"<p>Jag heter Kraisri och \u00e4r l\u00e4rare i thail\u00e4ndska p\u00e5 Folkuniversitetet. Jag \u00e4r ocks\u00e5 modersm\u00e5lsl\u00e4rare sedan fem \u00e5r tillbaka. Jag \u00e4r intresserad av hj\u00e4rnan och hur spr\u00e5kinl\u00e4rning fungerar. P\u00e5 fritiden tycker jag om att dansa och jag \u00e4lskar att laga mat! Du kan kontakta mig p\u00e5 kraisri.lustig@folkuniversitetet.se<\/p>\n","protected":false},"author":789,"featured_media":0,"parent":0,"menu_order":0,"comment_status":"closed","ping_status":"closed","template":"","meta":{"footnotes":""},"class_list":["post-14","page","type-page","status-publish","hentry"],"_links":{"self":[{"href":"https:\/\/blogg.folkuniversitetet.nu\/lustkr\/wp-json\/wp\/v2\/pages\/14","targetHints":{"allow":["GET"]}}],"collection":[{"href":"https:\/\/blogg.folkuniversitetet.nu\/lustkr\/wp-json\/wp\/v2\/pages"}],"about":[{"href":"https:\/\/blogg.folkuniversitetet.nu\/lustkr\/wp-json\/wp\/v2\/types\/page"}],"author":[{"embeddable":true,"href":"https:\/\/blogg.folkuniversitetet.nu\/lustkr\/wp-json\/wp\/v2\/users\/789"}],"replies":[{"embeddable":true,"href":"https:\/\/blogg.folkuniversitetet.nu\/lustkr\/wp-json\/wp\/v2\/comments?post=14"}],"version-history":[{"count":3,"href":"https:\/\/blogg.folkuniversitetet.nu\/lustkr\/wp-json\/wp\/v2\/pages\/14\/revisions"}],"predecessor-version":[{"id":222,"href":"https:\/\/blogg.folkuniversitetet.nu\/lustkr\/wp-json\/wp\/v2\/pages\/14\/revisions\/222"}],"wp:attachment":[{"href":"https:\/\/blogg.folkuniversitetet.nu\/lustkr\/wp-json\/wp\/v2\/media?parent=14"}],"curies":[{"name":"wp","href":"https:\/\/api.w.org\/{rel}","templated":true}]}}