{"id":3856,"date":"2026-04-08T15:08:54","date_gmt":"2026-04-08T13:08:54","guid":{"rendered":"https:\/\/blogg.folkuniversitetet.nu\/lerust\/?page_id=3856"},"modified":"2026-04-08T15:08:54","modified_gmt":"2026-04-08T13:08:54","slug":"franska-b1-b2-konversation-och-grammatik-10","status":"publish","type":"page","link":"https:\/\/blogg.folkuniversitetet.nu\/lerust\/franska-b1-b2-konversation-och-grammatik-10\/","title":{"rendered":"Franska B1 B2 Konversation och grammatik #10"},"content":{"rendered":"<p>Pr\u00e9sentez votre musique pr\u00e9f\u00e9r\u00e9e en cours\u00a0 !<\/p>\n<p>Envoyez-moi les liens au pr\u00e9alable afin que je puisse les partager le jour J \ud83d\ude42<\/p>\n","protected":false},"excerpt":{"rendered":"<p>Pr\u00e9sentez votre musique pr\u00e9f\u00e9r\u00e9e en cours\u00a0 ! Envoyez-moi les liens au pr\u00e9alable afin que je puisse les partager le jour J \ud83d\ude42<\/p>\n","protected":false},"author":885,"featured_media":0,"parent":0,"menu_order":0,"comment_status":"closed","ping_status":"closed","template":"","meta":{"footnotes":""},"class_list":["post-3856","page","type-page","status-publish","hentry","post-preview"],"_links":{"self":[{"href":"https:\/\/blogg.folkuniversitetet.nu\/lerust\/wp-json\/wp\/v2\/pages\/3856","targetHints":{"allow":["GET"]}}],"collection":[{"href":"https:\/\/blogg.folkuniversitetet.nu\/lerust\/wp-json\/wp\/v2\/pages"}],"about":[{"href":"https:\/\/blogg.folkuniversitetet.nu\/lerust\/wp-json\/wp\/v2\/types\/page"}],"author":[{"embeddable":true,"href":"https:\/\/blogg.folkuniversitetet.nu\/lerust\/wp-json\/wp\/v2\/users\/885"}],"replies":[{"embeddable":true,"href":"https:\/\/blogg.folkuniversitetet.nu\/lerust\/wp-json\/wp\/v2\/comments?post=3856"}],"version-history":[{"count":1,"href":"https:\/\/blogg.folkuniversitetet.nu\/lerust\/wp-json\/wp\/v2\/pages\/3856\/revisions"}],"predecessor-version":[{"id":3858,"href":"https:\/\/blogg.folkuniversitetet.nu\/lerust\/wp-json\/wp\/v2\/pages\/3856\/revisions\/3858"}],"wp:attachment":[{"href":"https:\/\/blogg.folkuniversitetet.nu\/lerust\/wp-json\/wp\/v2\/media?parent=3856"}],"curies":[{"name":"wp","href":"https:\/\/api.w.org\/{rel}","templated":true}]}}