{"id":3280,"date":"2025-10-01T19:33:15","date_gmt":"2025-10-01T17:33:15","guid":{"rendered":"https:\/\/blogg.folkuniversitetet.nu\/lerust\/?page_id=3280"},"modified":"2025-10-01T19:33:15","modified_gmt":"2025-10-01T17:33:15","slug":"franska-a2-b1-konversation-och-grammatik-borjar-17-september-3","status":"publish","type":"page","link":"https:\/\/blogg.folkuniversitetet.nu\/lerust\/franska-a2-b1-konversation-och-grammatik-borjar-17-september-3\/","title":{"rendered":"Franska A2\/B1 Konversation och grammatik -b\u00f6rjar 17 september #3"},"content":{"rendered":"<p><strong>Vocabulaire de conversation en colocation:<\/strong><\/p>\n<p>S&#8217;appr\u00e9cier les uns les autres<\/p>\n<p>Bien s&#8217;entendre<\/p>\n<p>Entre-eux Entre-elles<\/p>\n<p>c&#8217;est le bordel\u00a0! Je suis bord\u00e9lique<\/p>\n<p>Je suis carr\u00e9-carr\u00e9<\/p>\n<p>Je suis pas maniaque mais il faut un minimum de propret\u00e9<\/p>\n<p>c&#8217;est interdit de se doucher apr\u00e8s minuit.<\/p>\n<p>Pas beaucoup de bruit le matin, pas avant 10.00\u00a0: je suis en marmotte.<\/p>\n<p>\u00catre l\u00e8ve-tard<\/p>\n<p>\u00catre l\u00e8ve-t\u00f4t<\/p>\n<p>Je suis allergique aux chiens.<\/p>\n<p>\u00catre \u00e0 cheval sur la propret\u00e9<\/p>\n<p>Il faut un roulement pour les t\u00e2ches m\u00e9nag\u00e8res.<\/p>\n<p>C&#8217;est sombre<\/p>\n<p>Tu abuses\u00a0!<\/p>\n<p>J&#8217;en ai marre\u00a0! J&#8217;en ai ras-le-bol\u00a0!<\/p>\n<p>Le courant passe.<\/p>\n<p>La devise islandaise est la couronne islandaise<\/p>\n<p>je te pr\u00e9viens\u00a0: on n&#8217;est pas les meilleures colocs.<\/p>\n<p>Il y a une caution.<\/p>\n<p>On fait aller<\/p>\n<p>Un sujet-bateau<\/p>\n","protected":false},"excerpt":{"rendered":"<p>Vocabulaire de conversation en colocation: S&#8217;appr\u00e9cier les uns les autres Bien s&#8217;entendre Entre-eux Entre-elles c&#8217;est le bordel\u00a0! Je suis bord\u00e9lique Je suis carr\u00e9-carr\u00e9 Je suis pas maniaque mais il faut un minimum de propret\u00e9 c&#8217;est interdit de se doucher apr\u00e8s minuit. Pas beaucoup de bruit le matin, pas avant 10.00\u00a0: je suis en marmotte. \u00catre [&hellip;]<\/p>\n","protected":false},"author":885,"featured_media":0,"parent":0,"menu_order":0,"comment_status":"closed","ping_status":"closed","template":"","meta":{"footnotes":""},"class_list":["post-3280","page","type-page","status-publish","hentry","post-preview"],"_links":{"self":[{"href":"https:\/\/blogg.folkuniversitetet.nu\/lerust\/wp-json\/wp\/v2\/pages\/3280","targetHints":{"allow":["GET"]}}],"collection":[{"href":"https:\/\/blogg.folkuniversitetet.nu\/lerust\/wp-json\/wp\/v2\/pages"}],"about":[{"href":"https:\/\/blogg.folkuniversitetet.nu\/lerust\/wp-json\/wp\/v2\/types\/page"}],"author":[{"embeddable":true,"href":"https:\/\/blogg.folkuniversitetet.nu\/lerust\/wp-json\/wp\/v2\/users\/885"}],"replies":[{"embeddable":true,"href":"https:\/\/blogg.folkuniversitetet.nu\/lerust\/wp-json\/wp\/v2\/comments?post=3280"}],"version-history":[{"count":1,"href":"https:\/\/blogg.folkuniversitetet.nu\/lerust\/wp-json\/wp\/v2\/pages\/3280\/revisions"}],"predecessor-version":[{"id":3282,"href":"https:\/\/blogg.folkuniversitetet.nu\/lerust\/wp-json\/wp\/v2\/pages\/3280\/revisions\/3282"}],"wp:attachment":[{"href":"https:\/\/blogg.folkuniversitetet.nu\/lerust\/wp-json\/wp\/v2\/media?parent=3280"}],"curies":[{"name":"wp","href":"https:\/\/api.w.org\/{rel}","templated":true}]}}