{"id":2738,"date":"2025-03-12T11:01:54","date_gmt":"2025-03-12T10:01:54","guid":{"rendered":"https:\/\/blogg.folkuniversitetet.nu\/lerust\/?page_id=2738"},"modified":"2025-03-12T11:03:49","modified_gmt":"2025-03-12T10:03:49","slug":"cours-de-conversation-b1-19-00-20-30-debute-le-4-fevrier-2025-6","status":"publish","type":"page","link":"https:\/\/blogg.folkuniversitetet.nu\/lerust\/cours-de-conversation-b1-19-00-20-30-debute-le-4-fevrier-2025-6\/","title":{"rendered":"Cours de conversation B1 19.00-20.30 \u2013 d\u00e9bute le 4 f\u00e9vrier 2025 #6"},"content":{"rendered":"<p>Vocabulaire:<\/p>\n<pre class=\"western\">la mairie\r\n\r\nun t\u00e9moignage\r\n\r\nfaire du bricolage\r\n\r\npour me reposer\r\n\r\nelle a f\u00eat\u00e9 ses 60 ans\r\n\r\nen famille\r\n\r\nen petit comit\u00e9\r\n\r\n\r\nl'avez-vous vu?\r\n\r\non suit un policier\r\n\r\nun peu corrompu\r\n\r\nne pas faire comme on le devrait\r\n\r\nne pas suivre les r\u00e8gles\r\n\r\nun tir \u00e0 blanc\r\n\r\ntomber dans un pi\u00e8ge\r\n\r\nune arme \u00e0 feu\r\n\r\nune fin ouverte\r\n\r\nqu'est-ce que je ferais \u00e0 leur place?\r\n\r\nce n'est pas manich\u00e9en\r\nl'in\u00e9galit\u00e9 des chances\r\nla justice et sa repr\u00e9sentation\r\n\r\nplus r\u00e9aliste\r\n\r\nles rebondissements\r\n\r\nil b\u00e9gaie\r\nil doit de l'argent\r\n\r\nun timide maladif\r\npour nous rendre heureux\r\nils s'entendent tr\u00e8s bien\r\nil est le seul qui la comprend\r\n\r\n--------------------------------------------------------------------------\r\n<em>Parler de vin:<\/em><\/pre>\n<h5 class=\"style-scope ytd-watch-metadata\">Savoir parler du vin quand on n\u2019y conna\u00eet rien : 10 expressions \u00e0 conna\u00eetre absolument<\/h5>\n<h5 class=\"style-scope ytd-watch-metadata\">https:\/\/www.youtube.com\/watch?v=Te1rFXCYRT0<\/h5>\n<p>&nbsp;<\/p>\n<p><iframe loading=\"lazy\" title=\"What The Fuck France - Le Vin\" width=\"676\" height=\"380\" src=\"https:\/\/www.youtube.com\/embed\/M0NbzJwYMzY?feature=oembed\" frameborder=\"0\" allow=\"accelerometer; autoplay; clipboard-write; encrypted-media; gyroscope; picture-in-picture; web-share\" referrerpolicy=\"strict-origin-when-cross-origin\" allowfullscreen><\/iframe><\/p>\n","protected":false},"excerpt":{"rendered":"<p>Vocabulaire: la mairie un t\u00e9moignage faire du bricolage pour me reposer elle a f\u00eat\u00e9 ses 60 ans en famille en petit comit\u00e9 l&#8217;avez-vous vu? on suit un policier un peu corrompu ne pas faire comme on le devrait ne pas suivre les r\u00e8gles un tir \u00e0 blanc tomber dans un pi\u00e8ge une arme \u00e0 feu [&hellip;]<\/p>\n","protected":false},"author":885,"featured_media":0,"parent":0,"menu_order":0,"comment_status":"closed","ping_status":"closed","template":"","meta":{"footnotes":""},"class_list":["post-2738","page","type-page","status-publish","hentry","post-preview"],"_links":{"self":[{"href":"https:\/\/blogg.folkuniversitetet.nu\/lerust\/wp-json\/wp\/v2\/pages\/2738","targetHints":{"allow":["GET"]}}],"collection":[{"href":"https:\/\/blogg.folkuniversitetet.nu\/lerust\/wp-json\/wp\/v2\/pages"}],"about":[{"href":"https:\/\/blogg.folkuniversitetet.nu\/lerust\/wp-json\/wp\/v2\/types\/page"}],"author":[{"embeddable":true,"href":"https:\/\/blogg.folkuniversitetet.nu\/lerust\/wp-json\/wp\/v2\/users\/885"}],"replies":[{"embeddable":true,"href":"https:\/\/blogg.folkuniversitetet.nu\/lerust\/wp-json\/wp\/v2\/comments?post=2738"}],"version-history":[{"count":2,"href":"https:\/\/blogg.folkuniversitetet.nu\/lerust\/wp-json\/wp\/v2\/pages\/2738\/revisions"}],"predecessor-version":[{"id":2741,"href":"https:\/\/blogg.folkuniversitetet.nu\/lerust\/wp-json\/wp\/v2\/pages\/2738\/revisions\/2741"}],"wp:attachment":[{"href":"https:\/\/blogg.folkuniversitetet.nu\/lerust\/wp-json\/wp\/v2\/media?parent=2738"}],"curies":[{"name":"wp","href":"https:\/\/api.w.org\/{rel}","templated":true}]}}