{"id":42,"date":"2025-09-26T09:24:40","date_gmt":"2025-09-26T08:24:40","guid":{"rendered":"https:\/\/blogg.folkuniversitetet.nu\/lageeb\/?page_id=42"},"modified":"2025-09-30T20:56:54","modified_gmt":"2025-09-30T19:56:54","slug":"vem-ar-ebba","status":"publish","type":"page","link":"https:\/\/blogg.folkuniversitetet.nu\/lageeb\/vem-ar-ebba\/","title":{"rendered":"Vem \u00e4r Ebba?"},"content":{"rendered":"<p>Hej!<\/p>\n<p>Mitt namn \u00e4r Ebba och jag kommer fr\u00e5n ursprungligen fr\u00e5n Link\u00f6ping. Sedan \u00e5tta \u00e5r tillbaka bor i norra Spanien, i en stad som heter Oviedo. Jag bor h\u00e4r tillsammans med min man \u00d3scar, v\u00e5r son Nils och v\u00e5r hund Copo.<\/p>\n<p>Jag \u00e4r legitimerad gymnasiel\u00e4rare och undervisar spanska, engelska och svenska som andraspr\u00e5k. Jag arbetar helt p\u00e5 distans och undervisar b\u00e5de ungdomar och vuxna. Jag trivs j\u00e4ttebra med mitt jobb och \u00e4lskar att jobba med olika spr\u00e5k samt \u00e5ldersgrupper.<\/p>\n<p>P\u00e5 fritiden umg\u00e5s jag med min familj och v\u00e4nner. Jag tycker ocks\u00e5 om att vara ute i naturen och att antingen kl\u00e4ttra eller springa.<\/p>\n<p>Nu vet du lite mer om mig och jag ser fram emot att tr\u00e4ffa dig p\u00e5 kursen!<\/p>\n<p><a href=\"http:\/\/blogg.folkuniversitetet.nu\/lageeb\/files\/2025\/09\/d143f80b-bac4-4d3e-a09b-558cac6c6733.jpg\"><img loading=\"lazy\" decoding=\"async\" class=\"aligncenter wp-image-46 size-large\" src=\"http:\/\/blogg.folkuniversitetet.nu\/lageeb\/files\/2025\/09\/d143f80b-bac4-4d3e-a09b-558cac6c6733-768x1024.jpg\" alt=\"\" width=\"676\" height=\"901\" srcset=\"https:\/\/blogg.folkuniversitetet.nu\/lageeb\/files\/2025\/09\/d143f80b-bac4-4d3e-a09b-558cac6c6733-768x1024.jpg 768w, https:\/\/blogg.folkuniversitetet.nu\/lageeb\/files\/2025\/09\/d143f80b-bac4-4d3e-a09b-558cac6c6733-225x300.jpg 225w, https:\/\/blogg.folkuniversitetet.nu\/lageeb\/files\/2025\/09\/d143f80b-bac4-4d3e-a09b-558cac6c6733-1152x1536.jpg 1152w, https:\/\/blogg.folkuniversitetet.nu\/lageeb\/files\/2025\/09\/d143f80b-bac4-4d3e-a09b-558cac6c6733-676x901.jpg 676w, https:\/\/blogg.folkuniversitetet.nu\/lageeb\/files\/2025\/09\/d143f80b-bac4-4d3e-a09b-558cac6c6733.jpg 1536w\" sizes=\"auto, (max-width: 676px) 100vw, 676px\" \/><\/a><\/p>\n","protected":false},"excerpt":{"rendered":"<p>Hej! Mitt namn \u00e4r Ebba och jag kommer fr\u00e5n ursprungligen fr\u00e5n Link\u00f6ping. Sedan \u00e5tta \u00e5r tillbaka bor i norra Spanien, i en stad som heter Oviedo. Jag bor h\u00e4r tillsammans med min man \u00d3scar, v\u00e5r son Nils och v\u00e5r hund Copo. Jag \u00e4r legitimerad gymnasiel\u00e4rare och undervisar spanska, engelska och svenska som andraspr\u00e5k. Jag arbetar [&hellip;]<\/p>\n","protected":false},"author":975,"featured_media":0,"parent":0,"menu_order":0,"comment_status":"closed","ping_status":"closed","template":"","meta":{"footnotes":""},"class_list":["post-42","page","type-page","status-publish","hentry","post-preview"],"_links":{"self":[{"href":"https:\/\/blogg.folkuniversitetet.nu\/lageeb\/wp-json\/wp\/v2\/pages\/42","targetHints":{"allow":["GET"]}}],"collection":[{"href":"https:\/\/blogg.folkuniversitetet.nu\/lageeb\/wp-json\/wp\/v2\/pages"}],"about":[{"href":"https:\/\/blogg.folkuniversitetet.nu\/lageeb\/wp-json\/wp\/v2\/types\/page"}],"author":[{"embeddable":true,"href":"https:\/\/blogg.folkuniversitetet.nu\/lageeb\/wp-json\/wp\/v2\/users\/975"}],"replies":[{"embeddable":true,"href":"https:\/\/blogg.folkuniversitetet.nu\/lageeb\/wp-json\/wp\/v2\/comments?post=42"}],"version-history":[{"count":6,"href":"https:\/\/blogg.folkuniversitetet.nu\/lageeb\/wp-json\/wp\/v2\/pages\/42\/revisions"}],"predecessor-version":[{"id":94,"href":"https:\/\/blogg.folkuniversitetet.nu\/lageeb\/wp-json\/wp\/v2\/pages\/42\/revisions\/94"}],"wp:attachment":[{"href":"https:\/\/blogg.folkuniversitetet.nu\/lageeb\/wp-json\/wp\/v2\/media?parent=42"}],"curies":[{"name":"wp","href":"https:\/\/api.w.org\/{rel}","templated":true}]}}