{"id":69,"date":"2026-02-17T01:37:35","date_gmt":"2026-02-17T00:37:35","guid":{"rendered":"https:\/\/blogg.folkuniversitetet.nu\/katata\/?page_id=69"},"modified":"2026-02-17T15:06:02","modified_gmt":"2026-02-17T14:06:02","slug":"japanska-a2-del-4-16-feb","status":"publish","type":"page","link":"https:\/\/blogg.folkuniversitetet.nu\/katata\/japanska-a2-del-4-16-feb\/","title":{"rendered":"Japanska A2 del 4 16 Feb"},"content":{"rendered":"<div class=\"page\" title=\"Page 25\">\n<div class=\"section\">\n<div class=\"layoutArea\">\n<div class=\"column\">\n<p>Repetition lektion 17<\/p>\n<p><strong>Kanji<\/strong><\/p>\n<p>\u66dc \u30e8\u30a6<\/p>\n<p>\u6599 \u30ea\u30e7\u30a6<\/p>\n<p>\u7406 \u3053\u3068\u308f\u308a\u3001\u30ea<\/p>\n<p>\u6559 \u6559(\u304a\u3057)\u3048\u308b\u3001\u30ad\u30e7\u30a6<\/p>\n<p>\u7fd2 \u7fd2(\u306a\u3089)\u3046\u3001\u30b7\u30e5\u30a6<\/p>\n<p>\u8a00 \u8a00(\u3044)\u3046\u3001\u3053\u3068\u3001\u30b1\u3099\u30f3\u3001\u30b3\u3099\u30f3<\/p>\n<p>\u53e3 \u304f\u3061\u3001\u30b3\u30a6<\/p>\n<p>&nbsp;<\/p>\n<p><strong>Grammatik<\/strong>&#8230;volitional form, partikel \uff0b \u306e<\/p>\n<p>Speaking task \u4eca\u5e74\u306e\u62b1\u8ca0\u306b\u3064\u3044\u3066\u8a71\u3057\u3066\u307f\u3088\u3046<\/p>\n<p>&nbsp;<\/p>\n<p><strong>L\u00e4xa<\/strong><\/p>\n<p>\u30fbRepetera nya ord, kanji och fraser<br \/>\n\u30fbArbetsblad<\/p>\n<p>\u2192O\u0308va mer bo\u0308jningssa\u0308tt och so\u0308ka verbets betydelser Jag rekommenderar att anva\u0308nda Jisho.org!<\/p>\n<\/div>\n<\/div>\n<p><a href=\"http:\/\/blogg.folkuniversitetet.nu\/katata\/files\/2026\/02\/A2-del4-dag2-1.pdf\">A2 del4 dag2<\/a><\/p>\n<\/div>\n<\/div>\n<p>H\u00e4r \u00e4r youtube l\u00e4nken om setsuben!<\/p>\n<p><iframe loading=\"lazy\" title=\"\u3010JLPT  N3\u30112\u6708\u306e\u65e5\u672c\u6587\u5316\uff5c\u7bc0\u5206\u30fb\u6075\u65b9\u5dfb\u30fb\u30d0\u30ec\u30f3\u30bf\u30a4\u30f3 #71\" width=\"676\" height=\"380\" src=\"https:\/\/www.youtube.com\/embed\/zS-Jzzwm1RQ?feature=oembed\" frameborder=\"0\" allow=\"accelerometer; autoplay; clipboard-write; encrypted-media; gyroscope; picture-in-picture; web-share\" referrerpolicy=\"strict-origin-when-cross-origin\" allowfullscreen><\/iframe><\/p>\n","protected":false},"excerpt":{"rendered":"<p>Repetition lektion 17 Kanji \u66dc \u30e8\u30a6 \u6599 \u30ea\u30e7\u30a6 \u7406 \u3053\u3068\u308f\u308a\u3001\u30ea \u6559 \u6559(\u304a\u3057)\u3048\u308b\u3001\u30ad\u30e7\u30a6 \u7fd2 \u7fd2(\u306a\u3089)\u3046\u3001\u30b7\u30e5\u30a6 \u8a00 \u8a00(\u3044)\u3046\u3001\u3053\u3068\u3001\u30b1\u3099\u30f3\u3001\u30b3\u3099\u30f3 \u53e3 \u304f\u3061\u3001\u30b3\u30a6 &nbsp; Grammatik&#8230;volitional form, partikel \uff0b \u306e Speaking task \u4eca\u5e74\u306e\u62b1\u8ca0\u306b\u3064\u3044\u3066\u8a71\u3057\u3066\u307f\u3088\u3046 &nbsp; L\u00e4xa \u30fbRepetera nya ord, kanji och fraser \u30fbArbetsblad \u2192O\u0308va mer bo\u0308jningssa\u0308tt och so\u0308ka verbets betydelser Jag rekommenderar att anva\u0308nda Jisho.org! A2 del4 dag2 H\u00e4r \u00e4r youtube l\u00e4nken [&hellip;]<\/p>\n","protected":false},"author":985,"featured_media":0,"parent":0,"menu_order":0,"comment_status":"closed","ping_status":"closed","template":"","meta":{"footnotes":""},"class_list":["post-69","page","type-page","status-publish","hentry","post-preview"],"_links":{"self":[{"href":"https:\/\/blogg.folkuniversitetet.nu\/katata\/wp-json\/wp\/v2\/pages\/69","targetHints":{"allow":["GET"]}}],"collection":[{"href":"https:\/\/blogg.folkuniversitetet.nu\/katata\/wp-json\/wp\/v2\/pages"}],"about":[{"href":"https:\/\/blogg.folkuniversitetet.nu\/katata\/wp-json\/wp\/v2\/types\/page"}],"author":[{"embeddable":true,"href":"https:\/\/blogg.folkuniversitetet.nu\/katata\/wp-json\/wp\/v2\/users\/985"}],"replies":[{"embeddable":true,"href":"https:\/\/blogg.folkuniversitetet.nu\/katata\/wp-json\/wp\/v2\/comments?post=69"}],"version-history":[{"count":8,"href":"https:\/\/blogg.folkuniversitetet.nu\/katata\/wp-json\/wp\/v2\/pages\/69\/revisions"}],"predecessor-version":[{"id":81,"href":"https:\/\/blogg.folkuniversitetet.nu\/katata\/wp-json\/wp\/v2\/pages\/69\/revisions\/81"}],"wp:attachment":[{"href":"https:\/\/blogg.folkuniversitetet.nu\/katata\/wp-json\/wp\/v2\/media?parent=69"}],"curies":[{"name":"wp","href":"https:\/\/api.w.org\/{rel}","templated":true}]}}