{"id":16,"date":"2026-02-11T15:47:37","date_gmt":"2026-02-11T14:47:37","guid":{"rendered":"https:\/\/blogg.folkuniversitetet.nu\/katata\/?page_id=16"},"modified":"2026-02-11T21:56:11","modified_gmt":"2026-02-11T20:56:11","slug":"vem-ar-tae%e3%80%80%e5%a4%9a%e6%81%b5%e3%81%af%e8%aa%b0%ef%bc%9f","status":"publish","type":"page","link":"https:\/\/blogg.folkuniversitetet.nu\/katata\/vem-ar-tae%e3%80%80%e5%a4%9a%e6%81%b5%e3%81%af%e8%aa%b0%ef%bc%9f\/","title":{"rendered":"Vem \u00e4r Tae?\u3000\u591a\u6075\u306f\u8ab0\uff1f"},"content":{"rendered":"<p>Tae heter jag. \u3000\u591a\u6075\u3068\u7533\u3057\u307e\u3059\u3002<\/p>\n<p>H\u00e4r i Sverige uttalas mitt namn ofta som te men det \u00e4r som Ta\u00eb.<\/p>\n<p>&nbsp;<\/p>\n<p>Jag f\u00f6ddes och v\u00e4xte upp i staden som \u00e4r k\u00e4nd f\u00f6r mangan som kallas &#8221;kochikame&#8221; i Tokyo.<\/p>\n<p>Jag l\u00e4ste internationell ekonomi p\u00e5 universitetet i Tokyo och jag gifte mig med min man Joppe.<\/p>\n<p>Min man \u00e4r nederl\u00e4ndsk som f\u00f6ddes i Utrecht och v\u00e4xte upp i Halmstad och vi flyttade tillsammans till Stockholm i slutet av augusti 2024.<\/p>\n<p>Eftersom vi l\u00e4rde oss spr\u00e5k tillsammans och han kan japanska pratar vi p\u00e5 japanska hemma.<\/p>\n<p>&nbsp;<\/p>\n<p>Sedan l\u00e4ste jag svenska p\u00e5 Stockholms universitet och jag avklarade kursen i januari 2026.<\/p>\n<p>Just nu jobbar jag p\u00e5 japanska skolan och l\u00e4ser jag ocks\u00e5 nederl\u00e4ndska.<\/p>\n<p>Jag gillar att resa och uppt\u00e4cka nya saker men eftersom jag har flera familjer att bes\u00f6ka och hinner jag inte att resa till nya l\u00e4nder&#8230;<\/p>\n<p>&nbsp;<\/p>\n<p>Japanska anses vara ett sv\u00e5rt spr\u00e5k men det \u00e4r det inte grammatikm\u00e4ssigt. Kanji kan ju vara en utmaning och det kr\u00e4vs lite tid men det \u00e4r v\u00e4rt det!<\/p>\n<p>Jag hoppas att jag inte bara kan dela spr\u00e5kliga kunskaper utan ocks\u00e5 kulturella kunskaper som skulle hj\u00e4lpa deltagare att f\u00f6rst\u00e5 mitt hemland Japan djupare!<\/p>\n<p>&nbsp;<\/p>\n<p>\u4e00\u7dd2\u306b\u9811\u5f35\u308a\u307e\u3057\u3087\u3046\uff01<\/p>\n<p>&nbsp;<\/p>\n<p>&nbsp;<\/p>\n","protected":false},"excerpt":{"rendered":"<p>Tae heter jag. \u3000\u591a\u6075\u3068\u7533\u3057\u307e\u3059\u3002 H\u00e4r i Sverige uttalas mitt namn ofta som te men det \u00e4r som Ta\u00eb. &nbsp; Jag f\u00f6ddes och v\u00e4xte upp i staden som \u00e4r k\u00e4nd f\u00f6r mangan som kallas &#8221;kochikame&#8221; i Tokyo. Jag l\u00e4ste internationell ekonomi p\u00e5 universitetet i Tokyo och jag gifte mig med min man Joppe. Min man \u00e4r [&hellip;]<\/p>\n","protected":false},"author":985,"featured_media":0,"parent":0,"menu_order":0,"comment_status":"closed","ping_status":"closed","template":"","meta":{"footnotes":""},"class_list":["post-16","page","type-page","status-publish","hentry","post-preview"],"_links":{"self":[{"href":"https:\/\/blogg.folkuniversitetet.nu\/katata\/wp-json\/wp\/v2\/pages\/16","targetHints":{"allow":["GET"]}}],"collection":[{"href":"https:\/\/blogg.folkuniversitetet.nu\/katata\/wp-json\/wp\/v2\/pages"}],"about":[{"href":"https:\/\/blogg.folkuniversitetet.nu\/katata\/wp-json\/wp\/v2\/types\/page"}],"author":[{"embeddable":true,"href":"https:\/\/blogg.folkuniversitetet.nu\/katata\/wp-json\/wp\/v2\/users\/985"}],"replies":[{"embeddable":true,"href":"https:\/\/blogg.folkuniversitetet.nu\/katata\/wp-json\/wp\/v2\/comments?post=16"}],"version-history":[{"count":3,"href":"https:\/\/blogg.folkuniversitetet.nu\/katata\/wp-json\/wp\/v2\/pages\/16\/revisions"}],"predecessor-version":[{"id":53,"href":"https:\/\/blogg.folkuniversitetet.nu\/katata\/wp-json\/wp\/v2\/pages\/16\/revisions\/53"}],"wp:attachment":[{"href":"https:\/\/blogg.folkuniversitetet.nu\/katata\/wp-json\/wp\/v2\/media?parent=16"}],"curies":[{"name":"wp","href":"https:\/\/api.w.org\/{rel}","templated":true}]}}