{"id":986,"date":"2026-04-26T09:34:56","date_gmt":"2026-04-26T08:34:56","guid":{"rendered":"https:\/\/blogg.folkuniversitetet.nu\/karlch\/?page_id=986"},"modified":"2026-04-26T13:40:57","modified_gmt":"2026-04-26T12:40:57","slug":"a1-del-2-26-april","status":"publish","type":"page","link":"https:\/\/blogg.folkuniversitetet.nu\/karlch\/a1-del-2-26-april\/","title":{"rendered":"A1 del 2: 26 april"},"content":{"rendered":"<p>Vi intervjuade varandra, och sedan presenterade ni er f\u00f6r gruppen.<\/p>\n<p>Vi arbetade i kapitel 6, i textboken, s. 64 &#8211; 70.<\/p>\n<p>Vi tittade p\u00e5 possessiva pronomen. Possessiva pronomen m\u00e5ste respektera substantivets genus (en\/ett) och plural.<\/p>\n<p>Jag: min\/mitt\/mina<br \/>\nDu: din\/ditt\/dina<br \/>\nHon: hennes\/hennes\/hennes<br \/>\nHan: hans\/hans\/hans<br \/>\nHen: hens\/hens\/hens<br \/>\nVi: v\u00e5r\/v\u00e5rt\/v\u00e5ra<br \/>\nNi: er\/ert\/era<br \/>\nDe: deras\/deras\/deras<\/p>\n<p>Ex:<br \/>\n<em><strong>Hans<\/strong> mamma heter Linda.<\/em><br \/>\n<em><strong>Mina\u00a0<\/strong>f\u00f6r\u00e4ldrar heter Majken och Ola.<\/em><br \/>\n<em><strong>Deras\u00a0<\/strong>barn heter Nina och Lotta.<\/em><br \/>\n<em><strong>V\u00e5rt<\/strong> hus \u00e4r stort.<\/em><\/p>\n<p>Vi tittade ocks\u00e5 p\u00e5 objektspronomen:<\/p>\n<p>Jag &#8211; mig<br \/>\nDu &#8211; dig<br \/>\nHon &#8211; henne<br \/>\nHan &#8211; honom<br \/>\nHen &#8211; hen<br \/>\nVi &#8211; oss<br \/>\nNi &#8211; er<br \/>\nDe &#8211; dem (samma uttal: &#8221;domm&#8221;)<\/p>\n<p>Ex:<br \/>\n<em>Hon tr\u00e4ffar\u00a0<strong>honom<\/strong>.<\/em><br \/>\n<em>Jag ringer till\u00a0<strong>dig<\/strong>.<\/em><br \/>\n<em>De chattar med\u00a0<strong>oss<\/strong>.<\/em><\/p>\n<p>P\u00e5 slutet av lektionen l\u00e4ste vi texten om Alfred Nobel p\u00e5 sida 70 i textboken. Vi skrev fr\u00e5gor till texten, och tittade p\u00e5 verb.<\/p>\n<p>Vi ses n\u00e4sta vecka! \ud83d\ude01<\/p>\n<p><strong>L\u00e4xa<\/strong>:<br \/>\nTextboken s. 72: \u00f6vning D och E, s. 73 \u00f6vning G<br \/>\n\u00d6vningsboken s. 73 &#8211; 77, och \u00f6vning B p\u00e5 sida 78<\/p>\n","protected":false},"excerpt":{"rendered":"<p>Vi intervjuade varandra, och sedan presenterade ni er f\u00f6r gruppen. Vi arbetade i kapitel 6, i textboken, s. 64 &#8211; 70. Vi tittade p\u00e5 possessiva pronomen. Possessiva pronomen m\u00e5ste respektera substantivets genus (en\/ett) och plural. Jag: min\/mitt\/mina Du: din\/ditt\/dina Hon: hennes\/hennes\/hennes Han: hans\/hans\/hans Hen: hens\/hens\/hens Vi: v\u00e5r\/v\u00e5rt\/v\u00e5ra Ni: er\/ert\/era De: deras\/deras\/deras Ex: Hans mamma heter [&hellip;]<\/p>\n","protected":false},"author":899,"featured_media":0,"parent":0,"menu_order":0,"comment_status":"closed","ping_status":"closed","template":"","meta":{"footnotes":""},"class_list":["post-986","page","type-page","status-publish","hentry","post-preview"],"_links":{"self":[{"href":"https:\/\/blogg.folkuniversitetet.nu\/karlch\/wp-json\/wp\/v2\/pages\/986","targetHints":{"allow":["GET"]}}],"collection":[{"href":"https:\/\/blogg.folkuniversitetet.nu\/karlch\/wp-json\/wp\/v2\/pages"}],"about":[{"href":"https:\/\/blogg.folkuniversitetet.nu\/karlch\/wp-json\/wp\/v2\/types\/page"}],"author":[{"embeddable":true,"href":"https:\/\/blogg.folkuniversitetet.nu\/karlch\/wp-json\/wp\/v2\/users\/899"}],"replies":[{"embeddable":true,"href":"https:\/\/blogg.folkuniversitetet.nu\/karlch\/wp-json\/wp\/v2\/comments?post=986"}],"version-history":[{"count":3,"href":"https:\/\/blogg.folkuniversitetet.nu\/karlch\/wp-json\/wp\/v2\/pages\/986\/revisions"}],"predecessor-version":[{"id":991,"href":"https:\/\/blogg.folkuniversitetet.nu\/karlch\/wp-json\/wp\/v2\/pages\/986\/revisions\/991"}],"wp:attachment":[{"href":"https:\/\/blogg.folkuniversitetet.nu\/karlch\/wp-json\/wp\/v2\/media?parent=986"}],"curies":[{"name":"wp","href":"https:\/\/api.w.org\/{rel}","templated":true}]}}