{"id":965,"date":"2026-04-15T19:24:38","date_gmt":"2026-04-15T18:24:38","guid":{"rendered":"https:\/\/blogg.folkuniversitetet.nu\/karlch\/?page_id=965"},"modified":"2026-04-15T19:24:38","modified_gmt":"2026-04-15T18:24:38","slug":"a2-del-1-15-april","status":"publish","type":"page","link":"https:\/\/blogg.folkuniversitetet.nu\/karlch\/a2-del-1-15-april\/","title":{"rendered":"A2 del 1: 15 april"},"content":{"rendered":"<p>Vi hade en v\u00e4ldigt trevlig kursstart!<\/p>\n<p>Jag gav lite praktisk information om kursen. Fr\u00e5ga mig om du inte var h\u00e4r f\u00f6rsta g\u00e5ngen, s\u00e5 ber\u00e4ttar jag det viktigaste.<\/p>\n<p>Ni intervjuade varandra i par, och sedan presenterade alla sig i helgrupp.<\/p>\n<p>Efter det arbetade vi i boken. I grupper om tre l\u00e4ste ni texten p\u00e5 s. 121 &#8211; 122 i textboken. Varje person l\u00e4ste om ett v\u00e4npar (Noel och Sten, Gunnar och Miriam, eller Erica och Tora). Ni l\u00e4ste individuellt, kontrollerade sv\u00e5ra ord, och skrev nyckelord. Sedan presenterade ni texten f\u00f6r de andra i gruppen.<\/p>\n<p>I samma grupper gjorde ni \u00f6vning A p\u00e5 sida 122 i textboken.<\/p>\n<p>Efter pausen gjorde vi \u00f6vning A och C p\u00e5 sida 123 i textboken, f\u00f6r att sedan l\u00e4sa texten\u00a0<em>Anna, 34 \u00e5r<\/em> p\u00e5 sida 124 i par.<\/p>\n<p>Till sist arbetade vi med adverben\u00a0<em>ocks\u00e5<\/em> och\u00a0<em>inte heller<\/em>.<\/p>\n<p>Exempel:<\/p>\n<p>+ Jag \u00e4lskar att dansa!<br \/>\nRespons:<br \/>\n+ Jag <strong>ocks\u00e5<\/strong>! \/ Jag <strong>med<\/strong>!<br \/>\n&#8211; (Det g\u00f6r) inte jag&#8230;<\/p>\n<p>&#8211; Jag gillar inte dokument\u00e4rer.<br \/>\nRespons:<br \/>\n&#8211; <strong>Inte<\/strong> jag <strong>heller<\/strong>.<br \/>\n+ (Men) det g\u00f6r jag!<\/p>\n<p>Vi gjorde \u00f6vning F p\u00e5 sida 126 i textboken.<\/p>\n<p><strong>L\u00e4xa<\/strong>:<br \/>\nTextboken s. 125: l\u00e4s texterna och kontrollera sv\u00e5ra ord hemma<br \/>\n\u00d6vningsboken s. 134<br \/>\nNi har inte mycket l\u00e4xa denna vecka, s\u00e5 g\u00e5 tillbaka i boken och repetera\/g\u00f6r \u00f6vningar som du har skippat (framf\u00f6rallt i \u00f6vningsboken)<\/p>\n<p>Tack f\u00f6r en trevlig f\u00f6rsta lektion! Vi ses n\u00e4sta vecka! \ud83d\ude00<\/p>\n","protected":false},"excerpt":{"rendered":"<p>Vi hade en v\u00e4ldigt trevlig kursstart! Jag gav lite praktisk information om kursen. Fr\u00e5ga mig om du inte var h\u00e4r f\u00f6rsta g\u00e5ngen, s\u00e5 ber\u00e4ttar jag det viktigaste. Ni intervjuade varandra i par, och sedan presenterade alla sig i helgrupp. Efter det arbetade vi i boken. I grupper om tre l\u00e4ste ni texten p\u00e5 s. 121 [&hellip;]<\/p>\n","protected":false},"author":899,"featured_media":0,"parent":0,"menu_order":0,"comment_status":"closed","ping_status":"closed","template":"","meta":{"footnotes":""},"class_list":["post-965","page","type-page","status-publish","hentry","post-preview"],"_links":{"self":[{"href":"https:\/\/blogg.folkuniversitetet.nu\/karlch\/wp-json\/wp\/v2\/pages\/965","targetHints":{"allow":["GET"]}}],"collection":[{"href":"https:\/\/blogg.folkuniversitetet.nu\/karlch\/wp-json\/wp\/v2\/pages"}],"about":[{"href":"https:\/\/blogg.folkuniversitetet.nu\/karlch\/wp-json\/wp\/v2\/types\/page"}],"author":[{"embeddable":true,"href":"https:\/\/blogg.folkuniversitetet.nu\/karlch\/wp-json\/wp\/v2\/users\/899"}],"replies":[{"embeddable":true,"href":"https:\/\/blogg.folkuniversitetet.nu\/karlch\/wp-json\/wp\/v2\/comments?post=965"}],"version-history":[{"count":1,"href":"https:\/\/blogg.folkuniversitetet.nu\/karlch\/wp-json\/wp\/v2\/pages\/965\/revisions"}],"predecessor-version":[{"id":966,"href":"https:\/\/blogg.folkuniversitetet.nu\/karlch\/wp-json\/wp\/v2\/pages\/965\/revisions\/966"}],"wp:attachment":[{"href":"https:\/\/blogg.folkuniversitetet.nu\/karlch\/wp-json\/wp\/v2\/media?parent=965"}],"curies":[{"name":"wp","href":"https:\/\/api.w.org\/{rel}","templated":true}]}}