{"id":645,"date":"2026-03-19T20:09:10","date_gmt":"2026-03-19T19:09:10","guid":{"rendered":"https:\/\/blogg.folkuniversitetet.nu\/karlch\/?page_id=645"},"modified":"2026-03-19T20:09:10","modified_gmt":"2026-03-19T19:09:10","slug":"a1-del-2-19-mars","status":"publish","type":"page","link":"https:\/\/blogg.folkuniversitetet.nu\/karlch\/a1-del-2-19-mars\/","title":{"rendered":"A1 del 2: 19 mars"},"content":{"rendered":"<p>Vi arbetade i textboken s. 93 &#8211; 97.<\/p>\n<p>&nbsp;<\/p>\n<p>Vi arbetade mest med att anv\u00e4nda ordningstal (f\u00f6rsta, andra, tredje, etc.) och att prata om v\u00e4dret.<\/p>\n<p>&nbsp;<\/p>\n<p><strong>L\u00e4xa:<\/strong><\/p>\n<p>Textboken s. 98<\/p>\n<p>\u00d6vningsboken s. 105 &#8211; 109<\/p>\n","protected":false},"excerpt":{"rendered":"<p>Vi arbetade i textboken s. 93 &#8211; 97. &nbsp; Vi arbetade mest med att anv\u00e4nda ordningstal (f\u00f6rsta, andra, tredje, etc.) och att prata om v\u00e4dret. &nbsp; L\u00e4xa: Textboken s. 98 \u00d6vningsboken s. 105 &#8211; 109<\/p>\n","protected":false},"author":899,"featured_media":0,"parent":0,"menu_order":0,"comment_status":"closed","ping_status":"closed","template":"","meta":{"footnotes":""},"class_list":["post-645","page","type-page","status-publish","hentry","post-preview"],"_links":{"self":[{"href":"https:\/\/blogg.folkuniversitetet.nu\/karlch\/wp-json\/wp\/v2\/pages\/645","targetHints":{"allow":["GET"]}}],"collection":[{"href":"https:\/\/blogg.folkuniversitetet.nu\/karlch\/wp-json\/wp\/v2\/pages"}],"about":[{"href":"https:\/\/blogg.folkuniversitetet.nu\/karlch\/wp-json\/wp\/v2\/types\/page"}],"author":[{"embeddable":true,"href":"https:\/\/blogg.folkuniversitetet.nu\/karlch\/wp-json\/wp\/v2\/users\/899"}],"replies":[{"embeddable":true,"href":"https:\/\/blogg.folkuniversitetet.nu\/karlch\/wp-json\/wp\/v2\/comments?post=645"}],"version-history":[{"count":1,"href":"https:\/\/blogg.folkuniversitetet.nu\/karlch\/wp-json\/wp\/v2\/pages\/645\/revisions"}],"predecessor-version":[{"id":647,"href":"https:\/\/blogg.folkuniversitetet.nu\/karlch\/wp-json\/wp\/v2\/pages\/645\/revisions\/647"}],"wp:attachment":[{"href":"https:\/\/blogg.folkuniversitetet.nu\/karlch\/wp-json\/wp\/v2\/media?parent=645"}],"curies":[{"name":"wp","href":"https:\/\/api.w.org\/{rel}","templated":true}]}}