{"id":569,"date":"2026-02-08T13:20:19","date_gmt":"2026-02-08T12:20:19","guid":{"rendered":"https:\/\/blogg.folkuniversitetet.nu\/karlch\/?page_id=569"},"modified":"2026-02-08T13:20:19","modified_gmt":"2026-02-08T12:20:19","slug":"a1-del-1-8-feb","status":"publish","type":"page","link":"https:\/\/blogg.folkuniversitetet.nu\/karlch\/a1-del-1-8-feb\/","title":{"rendered":"A1 del 1: 8 feb"},"content":{"rendered":"<p>Hej!<br \/>\nTack f\u00f6r en trevlig f\u00f6rsta lektion!<\/p>\n<p>Vi arbetar i textboken. Vi startar p\u00e5 sida 8 och slutar p\u00e5 sida 13.<\/p>\n<p><strong>L\u00e4xa:<\/strong><\/p>\n<p>\u00d6vningsboken s. 6-9<\/p>\n<p>Textboken: l\u00e4s sida 14<\/p>\n","protected":false},"excerpt":{"rendered":"<p>Hej! Tack f\u00f6r en trevlig f\u00f6rsta lektion! Vi arbetar i textboken. Vi startar p\u00e5 sida 8 och slutar p\u00e5 sida 13. L\u00e4xa: \u00d6vningsboken s. 6-9 Textboken: l\u00e4s sida 14<\/p>\n","protected":false},"author":899,"featured_media":0,"parent":0,"menu_order":0,"comment_status":"closed","ping_status":"closed","template":"","meta":{"footnotes":""},"class_list":["post-569","page","type-page","status-publish","hentry","post-preview"],"_links":{"self":[{"href":"https:\/\/blogg.folkuniversitetet.nu\/karlch\/wp-json\/wp\/v2\/pages\/569","targetHints":{"allow":["GET"]}}],"collection":[{"href":"https:\/\/blogg.folkuniversitetet.nu\/karlch\/wp-json\/wp\/v2\/pages"}],"about":[{"href":"https:\/\/blogg.folkuniversitetet.nu\/karlch\/wp-json\/wp\/v2\/types\/page"}],"author":[{"embeddable":true,"href":"https:\/\/blogg.folkuniversitetet.nu\/karlch\/wp-json\/wp\/v2\/users\/899"}],"replies":[{"embeddable":true,"href":"https:\/\/blogg.folkuniversitetet.nu\/karlch\/wp-json\/wp\/v2\/comments?post=569"}],"version-history":[{"count":1,"href":"https:\/\/blogg.folkuniversitetet.nu\/karlch\/wp-json\/wp\/v2\/pages\/569\/revisions"}],"predecessor-version":[{"id":571,"href":"https:\/\/blogg.folkuniversitetet.nu\/karlch\/wp-json\/wp\/v2\/pages\/569\/revisions\/571"}],"wp:attachment":[{"href":"https:\/\/blogg.folkuniversitetet.nu\/karlch\/wp-json\/wp\/v2\/media?parent=569"}],"curies":[{"name":"wp","href":"https:\/\/api.w.org\/{rel}","templated":true}]}}